{"id":121,"date":"2020-03-11T11:49:09","date_gmt":"2020-03-11T11:49:09","guid":{"rendered":"https:\/\/blogs.uef.fi\/oppimisanalytiikanriskiarvio\/?page_id=121"},"modified":"2023-09-18T14:31:52","modified_gmt":"2023-09-18T11:31:52","slug":"potentiaalisten-riskien-tunnistaminen","status":"publish","type":"page","link":"https:\/\/blogs.uef.fi\/oppimisanalytiikanriskiarvio\/potentiaalisten-riskien-tunnistaminen\/","title":{"rendered":"2. Potentiaalisten riskien tunnistaminen"},"content":{"rendered":"\n<h1 class=\"wp-block-heading\">Henkil\u00f6tietojen k\u00e4sittelyn mahdolliset riskit oppimisanalytiikan k\u00e4yt\u00f6ss\u00e4<\/h1>\n\n\n\n<p>Tunnista ensin oppimisanalytiikan k\u00e4ytt\u00f6tapauksen potentiaaliset riskit vastaamalla osioiden kysymyksiiin kyll\u00e4 \/ ei.<\/p>\n\n\n\n<p>Potentiaalista riski\u00e4 kasvattava vaihtoehto on joka kohdassa j\u00e4lkimm\u00e4inen vaihtoehto. Riskin kasvaminen edellytt\u00e4\u00e4 tarkemman kuvauksen\/selvityksen laatimista ja sen pohtimista, mill\u00e4 toimenpiteill\u00e4 riski\u00e4 voidaan pienent\u00e4\u00e4.<\/p>\n\n\n\n<p>Arvioitavat osiot (arviointilinkki aukeaa uuteen ikkunaan klikkaamalla osiota):<\/p>\n\n\n\n<p><a href=\"https:\/\/blogs.uef.fi\/oppimisanalytiikanriskiarvio\/potentiaalisten-riskien-tunnistaminen\/i-kasittelyn-luonne\/\" target=\"_blank\" rel=\"noopener noreferrer\">I K\u00e4sittelyn luonne<\/a><\/p>\n\n\n\n<p><a href=\"https:\/\/blogs.uef.fi\/oppimisanalytiikanriskiarvio\/potentiaalisten-riskien-tunnistaminen\/ii-kasittelyn-laajuus\/\" target=\"_blank\" rel=\"noopener noreferrer\">II K\u00e4sittelyn laajuus<\/a><\/p>\n\n\n\n<p><a href=\"https:\/\/blogs.uef.fi\/oppimisanalytiikanriskiarvio\/potentiaalisten-riskien-tunnistaminen\/iii-kasittelyn-asiayhteys\/\" target=\"_blank\" rel=\"noopener noreferrer\">III K\u00e4sittelyn asiayhteys<\/a><\/p>\n\n\n\n<p><a href=\"https:\/\/blogs.uef.fi\/oppimisanalytiikanriskiarvio\/potentiaalisten-riskien-tunnistaminen\/v-kasittelyn-tarkoitukset\/\" target=\"_blank\" rel=\"noopener noreferrer\">IV K\u00e4sittelyn tarkoitukset<\/a><\/p>\n","protected":false},"excerpt":{"rendered":"<p>Henkil\u00f6tietojen k\u00e4sittelyn mahdolliset riskit oppimisanalytiikan k\u00e4yt\u00f6ss\u00e4 Tunnista ensin oppimisanalytiikan k\u00e4ytt\u00f6tapauksen potentiaaliset riskit vastaamalla osioiden kysymyksiiin kyll\u00e4 \/ ei. Potentiaalista riski\u00e4 kasvattava vaihtoehto on joka kohdassa j\u00e4lkimm\u00e4inen vaihtoehto. Riskin kasvaminen edellytt\u00e4\u00e4 tarkemman kuvauksen\/selvityksen laatimista ja sen pohtimista, mill\u00e4 toimenpiteill\u00e4 riski\u00e4 voidaan pienent\u00e4\u00e4. Arvioitavat osiot (arviointilinkki aukeaa uuteen ikkunaan klikkaamalla osiota): I K\u00e4sittelyn luonne II K\u00e4sittelyn laajuus [&hellip;]<\/p>\n","protected":false},"author":341,"featured_media":0,"parent":0,"menu_order":2,"comment_status":"closed","ping_status":"closed","template":"","meta":{"_acf_changed":false,"footnotes":""},"class_list":["post-121","page","type-page","status-publish","hentry"],"acf":[],"yoast_head":"<!-- This site is optimized with the Yoast SEO plugin v27.1.1 - https:\/\/yoast.com\/product\/yoast-seo-wordpress\/ -->\n<title>2. Potentiaalisten riskien tunnistaminen - Oppimisanalytiikan riskiarvioty\u00f6kalu<\/title>\n<meta name=\"robots\" content=\"index, follow, max-snippet:-1, max-image-preview:large, max-video-preview:-1\" \/>\n<link rel=\"canonical\" href=\"https:\/\/blogs.uef.fi\/oppimisanalytiikanriskiarvio\/potentiaalisten-riskien-tunnistaminen\/\" \/>\n<meta property=\"og:locale\" content=\"fi_FI\" \/>\n<meta property=\"og:type\" content=\"article\" \/>\n<meta property=\"og:title\" content=\"2. Potentiaalisten riskien tunnistaminen - Oppimisanalytiikan riskiarvioty\u00f6kalu\" \/>\n<meta property=\"og:description\" content=\"Henkil\u00f6tietojen k\u00e4sittelyn mahdolliset riskit oppimisanalytiikan k\u00e4yt\u00f6ss\u00e4 Tunnista ensin oppimisanalytiikan k\u00e4ytt\u00f6tapauksen potentiaaliset riskit vastaamalla osioiden kysymyksiiin kyll\u00e4 \/ ei. Potentiaalista riski\u00e4 kasvattava vaihtoehto on joka kohdassa j\u00e4lkimm\u00e4inen vaihtoehto. Riskin kasvaminen edellytt\u00e4\u00e4 tarkemman kuvauksen\/selvityksen laatimista ja sen pohtimista, mill\u00e4 toimenpiteill\u00e4 riski\u00e4 voidaan pienent\u00e4\u00e4. Arvioitavat osiot (arviointilinkki aukeaa uuteen ikkunaan klikkaamalla osiota): I K\u00e4sittelyn luonne II K\u00e4sittelyn laajuus [&hellip;]\" \/>\n<meta property=\"og:url\" content=\"https:\/\/blogs.uef.fi\/oppimisanalytiikanriskiarvio\/potentiaalisten-riskien-tunnistaminen\/\" \/>\n<meta property=\"og:site_name\" content=\"Oppimisanalytiikan riskiarvioty\u00f6kalu\" \/>\n<meta property=\"article:modified_time\" content=\"2023-09-18T11:31:52+00:00\" \/>\n<meta name=\"twitter:card\" content=\"summary_large_image\" \/>\n<meta name=\"twitter:label1\" content=\"Arvioitu lukuaika\" \/>\n\t<meta name=\"twitter:data1\" content=\"1 minuutti\" \/>\n<script type=\"application\/ld+json\" class=\"yoast-schema-graph\">{\"@context\":\"https:\/\/schema.org\",\"@graph\":[{\"@type\":\"WebPage\",\"@id\":\"https:\/\/blogs.uef.fi\/oppimisanalytiikanriskiarvio\/potentiaalisten-riskien-tunnistaminen\/\",\"url\":\"https:\/\/blogs.uef.fi\/oppimisanalytiikanriskiarvio\/potentiaalisten-riskien-tunnistaminen\/\",\"name\":\"2. Potentiaalisten riskien tunnistaminen - Oppimisanalytiikan riskiarvioty\u00f6kalu\",\"isPartOf\":{\"@id\":\"https:\/\/blogs.uef.fi\/oppimisanalytiikanriskiarvio\/#website\"},\"datePublished\":\"2020-03-11T11:49:09+00:00\",\"dateModified\":\"2023-09-18T11:31:52+00:00\",\"breadcrumb\":{\"@id\":\"https:\/\/blogs.uef.fi\/oppimisanalytiikanriskiarvio\/potentiaalisten-riskien-tunnistaminen\/#breadcrumb\"},\"inLanguage\":\"fi\",\"potentialAction\":[{\"@type\":\"ReadAction\",\"target\":[\"https:\/\/blogs.uef.fi\/oppimisanalytiikanriskiarvio\/potentiaalisten-riskien-tunnistaminen\/\"]}]},{\"@type\":\"BreadcrumbList\",\"@id\":\"https:\/\/blogs.uef.fi\/oppimisanalytiikanriskiarvio\/potentiaalisten-riskien-tunnistaminen\/#breadcrumb\",\"itemListElement\":[{\"@type\":\"ListItem\",\"position\":1,\"name\":\"Home\",\"item\":\"https:\/\/blogs.uef.fi\/oppimisanalytiikanriskiarvio\/\"},{\"@type\":\"ListItem\",\"position\":2,\"name\":\"2. Potentiaalisten riskien tunnistaminen\"}]},{\"@type\":\"WebSite\",\"@id\":\"https:\/\/blogs.uef.fi\/oppimisanalytiikanriskiarvio\/#website\",\"url\":\"https:\/\/blogs.uef.fi\/oppimisanalytiikanriskiarvio\/\",\"name\":\"Oppimisanalytiikan riskiarvioty\u00f6kalu\",\"description\":\"\",\"potentialAction\":[{\"@type\":\"SearchAction\",\"target\":{\"@type\":\"EntryPoint\",\"urlTemplate\":\"https:\/\/blogs.uef.fi\/oppimisanalytiikanriskiarvio\/?s={search_term_string}\"},\"query-input\":{\"@type\":\"PropertyValueSpecification\",\"valueRequired\":true,\"valueName\":\"search_term_string\"}}],\"inLanguage\":\"fi\"}]}<\/script>\n<!-- \/ Yoast SEO plugin. -->","yoast_head_json":{"title":"2. Potentiaalisten riskien tunnistaminen - Oppimisanalytiikan riskiarvioty\u00f6kalu","robots":{"index":"index","follow":"follow","max-snippet":"max-snippet:-1","max-image-preview":"max-image-preview:large","max-video-preview":"max-video-preview:-1"},"canonical":"https:\/\/blogs.uef.fi\/oppimisanalytiikanriskiarvio\/potentiaalisten-riskien-tunnistaminen\/","og_locale":"fi_FI","og_type":"article","og_title":"2. Potentiaalisten riskien tunnistaminen - Oppimisanalytiikan riskiarvioty\u00f6kalu","og_description":"Henkil\u00f6tietojen k\u00e4sittelyn mahdolliset riskit oppimisanalytiikan k\u00e4yt\u00f6ss\u00e4 Tunnista ensin oppimisanalytiikan k\u00e4ytt\u00f6tapauksen potentiaaliset riskit vastaamalla osioiden kysymyksiiin kyll\u00e4 \/ ei. Potentiaalista riski\u00e4 kasvattava vaihtoehto on joka kohdassa j\u00e4lkimm\u00e4inen vaihtoehto. Riskin kasvaminen edellytt\u00e4\u00e4 tarkemman kuvauksen\/selvityksen laatimista ja sen pohtimista, mill\u00e4 toimenpiteill\u00e4 riski\u00e4 voidaan pienent\u00e4\u00e4. Arvioitavat osiot (arviointilinkki aukeaa uuteen ikkunaan klikkaamalla osiota): I K\u00e4sittelyn luonne II K\u00e4sittelyn laajuus [&hellip;]","og_url":"https:\/\/blogs.uef.fi\/oppimisanalytiikanriskiarvio\/potentiaalisten-riskien-tunnistaminen\/","og_site_name":"Oppimisanalytiikan riskiarvioty\u00f6kalu","article_modified_time":"2023-09-18T11:31:52+00:00","twitter_card":"summary_large_image","twitter_misc":{"Arvioitu lukuaika":"1 minuutti"},"schema":{"@context":"https:\/\/schema.org","@graph":[{"@type":"WebPage","@id":"https:\/\/blogs.uef.fi\/oppimisanalytiikanriskiarvio\/potentiaalisten-riskien-tunnistaminen\/","url":"https:\/\/blogs.uef.fi\/oppimisanalytiikanriskiarvio\/potentiaalisten-riskien-tunnistaminen\/","name":"2. Potentiaalisten riskien tunnistaminen - Oppimisanalytiikan riskiarvioty\u00f6kalu","isPartOf":{"@id":"https:\/\/blogs.uef.fi\/oppimisanalytiikanriskiarvio\/#website"},"datePublished":"2020-03-11T11:49:09+00:00","dateModified":"2023-09-18T11:31:52+00:00","breadcrumb":{"@id":"https:\/\/blogs.uef.fi\/oppimisanalytiikanriskiarvio\/potentiaalisten-riskien-tunnistaminen\/#breadcrumb"},"inLanguage":"fi","potentialAction":[{"@type":"ReadAction","target":["https:\/\/blogs.uef.fi\/oppimisanalytiikanriskiarvio\/potentiaalisten-riskien-tunnistaminen\/"]}]},{"@type":"BreadcrumbList","@id":"https:\/\/blogs.uef.fi\/oppimisanalytiikanriskiarvio\/potentiaalisten-riskien-tunnistaminen\/#breadcrumb","itemListElement":[{"@type":"ListItem","position":1,"name":"Home","item":"https:\/\/blogs.uef.fi\/oppimisanalytiikanriskiarvio\/"},{"@type":"ListItem","position":2,"name":"2. Potentiaalisten riskien tunnistaminen"}]},{"@type":"WebSite","@id":"https:\/\/blogs.uef.fi\/oppimisanalytiikanriskiarvio\/#website","url":"https:\/\/blogs.uef.fi\/oppimisanalytiikanriskiarvio\/","name":"Oppimisanalytiikan riskiarvioty\u00f6kalu","description":"","potentialAction":[{"@type":"SearchAction","target":{"@type":"EntryPoint","urlTemplate":"https:\/\/blogs.uef.fi\/oppimisanalytiikanriskiarvio\/?s={search_term_string}"},"query-input":{"@type":"PropertyValueSpecification","valueRequired":true,"valueName":"search_term_string"}}],"inLanguage":"fi"}]}},"_links":{"self":[{"href":"https:\/\/blogs.uef.fi\/oppimisanalytiikanriskiarvio\/wp-json\/wp\/v2\/pages\/121","targetHints":{"allow":["GET"]}}],"collection":[{"href":"https:\/\/blogs.uef.fi\/oppimisanalytiikanriskiarvio\/wp-json\/wp\/v2\/pages"}],"about":[{"href":"https:\/\/blogs.uef.fi\/oppimisanalytiikanriskiarvio\/wp-json\/wp\/v2\/types\/page"}],"author":[{"embeddable":true,"href":"https:\/\/blogs.uef.fi\/oppimisanalytiikanriskiarvio\/wp-json\/wp\/v2\/users\/341"}],"replies":[{"embeddable":true,"href":"https:\/\/blogs.uef.fi\/oppimisanalytiikanriskiarvio\/wp-json\/wp\/v2\/comments?post=121"}],"version-history":[{"count":2,"href":"https:\/\/blogs.uef.fi\/oppimisanalytiikanriskiarvio\/wp-json\/wp\/v2\/pages\/121\/revisions"}],"predecessor-version":[{"id":1149,"href":"https:\/\/blogs.uef.fi\/oppimisanalytiikanriskiarvio\/wp-json\/wp\/v2\/pages\/121\/revisions\/1149"}],"wp:attachment":[{"href":"https:\/\/blogs.uef.fi\/oppimisanalytiikanriskiarvio\/wp-json\/wp\/v2\/media?parent=121"}],"curies":[{"name":"wp","href":"https:\/\/api.w.org\/{rel}","templated":true}]}}