{"id":433,"date":"2024-11-06T09:08:11","date_gmt":"2024-11-06T07:08:11","guid":{"rendered":"https:\/\/blogs.uef.fi\/metsatieteet-yritysyhteistyo\/?page_id=433"},"modified":"2025-02-04T10:46:56","modified_gmt":"2025-02-04T08:46:56","slug":"harjoittelut","status":"publish","type":"page","link":"https:\/\/blogs.uef.fi\/metsatieteet-yritysyhteistyo\/harjoittelut\/","title":{"rendered":"Harjoittelut"},"content":{"rendered":"\n<figure class=\"wp-block-image size-large\"><img loading=\"lazy\" decoding=\"async\" width=\"1024\" height=\"639\" src=\"https:\/\/blogs.uef.fi\/metsatieteet-yritysyhteistyo\/wp-content\/uploads\/sites\/226\/2024\/11\/Nayttokuva-2024-11-12-kello-14.11.52-1024x639.png\" alt=\"\" class=\"wp-image-884\" srcset=\"https:\/\/blogs.uef.fi\/metsatieteet-yritysyhteistyo\/wp-content\/uploads\/sites\/226\/2024\/11\/Nayttokuva-2024-11-12-kello-14.11.52-1024x639.png 1024w, https:\/\/blogs.uef.fi\/metsatieteet-yritysyhteistyo\/wp-content\/uploads\/sites\/226\/2024\/11\/Nayttokuva-2024-11-12-kello-14.11.52-300x187.png 300w, https:\/\/blogs.uef.fi\/metsatieteet-yritysyhteistyo\/wp-content\/uploads\/sites\/226\/2024\/11\/Nayttokuva-2024-11-12-kello-14.11.52-768x479.png 768w, https:\/\/blogs.uef.fi\/metsatieteet-yritysyhteistyo\/wp-content\/uploads\/sites\/226\/2024\/11\/Nayttokuva-2024-11-12-kello-14.11.52.png 1478w\" sizes=\"auto, (max-width: 1024px) 100vw, 1024px\" \/><\/figure>\n\n\n\n<h2 class=\"wp-block-heading has-text-align-center\">Osaajia mets\u00e4alalle<\/h2>\n\n\n\n<p class=\"has-text-align-left\">It\u00e4-Suomen yliopiston mets\u00e4tieteiden opiskelijat ovat monipuolisia ja korkeatasoisia osaajia. Heid\u00e4n koulutuksensa kattaa laajan kirjon mets\u00e4talouden ja ekologian eri osa-alueita, ja he ovat motivoituneita tuomaan uusia n\u00e4k\u00f6kulmia ja tuoretta tietoa yritysten k\u00e4ytt\u00f6\u00f6n. Mets\u00e4tieteiss\u00e4 opiskelee my\u00f6s runsaasti kansainv\u00e4lisi\u00e4 opiskelijoita, jotka tuovat mukanaan globaalia n\u00e4k\u00f6kulmaa, kontakteja ja osaamista. <\/p>\n\n\n\n<p class=\"has-text-align-left\">Ty\u00f6nantajan niin halutessa harjoittelija voi <strong>suorittaa my\u00f6s opinn\u00e4ytety\u00f6ns\u00e4 osana harjoittelua.<\/strong> T\u00e4m\u00e4 mahdollistaa sen, ett\u00e4 opiskelija ker\u00e4\u00e4 tarvittavan aineiston harjoittelun aikana, mik\u00e4 tekee prosessista sujuvamman ja hy\u00f6dyllisemm\u00e4n sek\u00e4 opiskelijalle ett\u00e4 yritykselle.<\/p>\n\n\n\n<p class=\"has-text-align-center\"><strong>Jos haluat markkinoida avoinna olevaa ty\u00f6paikkaa tai harjoittelupaikkaa Joensuun mets\u00e4tieteiden opiskelijoille<\/strong> <strong>ota yhteytt\u00e4<\/strong>:<\/p>\n\n\n\n<div class=\"person-card\">\n    \n                    <a href=\"https:\/\/uefconnect.uef.fi\/jaakko.hekkala\/\" class=\"person-card-link hover-scale-down\">\n                            <div class=\"person-card-item\">\n                    <div class=\"person-card-column-left\">\n                                                    <img decoding=\"async\" class=\"person-card-image\" src=\"https:\/\/blogs.uef.fi\/metsatieteet-yritysyhteistyo\/wp-content\/uploads\/sites\/226\/2024\/11\/275a54e5687d74b659cc11cdc7ef9cf4_profile_file.jpg\" alt=\"Jaakko Hakkala\" \/>\n                                            <\/div>\n\n                    <div class=\"person-card-column-right\">\n                                                <p class=\"person-card-name\">Jaakko Hekkala<\/p>\n                        \n                                                <p class=\"person-card-position\">Hankesuunnittelija<\/p>\n                        \n                        \n                                                <p class=\"person-card-text\">jaakko.hekkala@uef.fi \r\n\r\n<\/p>\n                        \n                                                    <div>\n\t\t\t\t\t\t\t<svg xmlns=\"http:\/\/www.w3.org\/2000\/svg\" height=\"25px\" viewBox=\"0 -960 960 960\" width=\"24px\" ><path fill=\"currentColor\" d=\"M200-120q-33 0-56.5-23.5T120-200v-560q0-33 23.5-56.5T200-840h280v80H200v560h560v-280h80v280q0 33-23.5 56.5T760-120H200Zm188-212-56-56 372-372H560v-80h280v280h-80v-144L388-332Z\"\/><\/svg>\t\t\t\t\t\t\t<\/div>\n                                            <\/div>\n                <\/div>\n                            <\/a>\n                            <\/div>\n\n\n\n<p class=\"has-text-align-center\"><\/p>\n\n\n\n<figure class=\"wp-block-image size-full is-resized\"><img loading=\"lazy\" decoding=\"async\" width=\"1024\" height=\"256\" src=\"https:\/\/blogs.uef.fi\/metsatieteet-yritysyhteistyo\/wp-content\/uploads\/sites\/226\/2025\/01\/image-2.png\" alt=\"\" class=\"wp-image-2483\" style=\"width:116px;height:auto\" srcset=\"https:\/\/blogs.uef.fi\/metsatieteet-yritysyhteistyo\/wp-content\/uploads\/sites\/226\/2025\/01\/image-2.png 1024w, https:\/\/blogs.uef.fi\/metsatieteet-yritysyhteistyo\/wp-content\/uploads\/sites\/226\/2025\/01\/image-2-300x75.png 300w, https:\/\/blogs.uef.fi\/metsatieteet-yritysyhteistyo\/wp-content\/uploads\/sites\/226\/2025\/01\/image-2-768x192.png 768w\" sizes=\"auto, (max-width: 1024px) 100vw, 1024px\" \/><\/figure>\n\n\n\n<p class=\"has-text-align-center\"><\/p>\n\n\n\n<h2 class=\"wp-block-heading\">Mets\u00e4opiskelijoiden Osuuskunta: Osuusmets\u00e4<\/h2>\n\n\n\n<p class=\"has-text-align-center\">Organisaatiot, jotka rekrytoivat ensimm\u00e4ist\u00e4 kertaa tai haluavat rekrytoida pienemm\u00e4ll\u00e4 riskill\u00e4, voivat hy\u00f6dynt\u00e4\u00e4 <strong>Mets\u00e4opiskelijoiden Osuuskunnan<\/strong>, Osuusmets\u00e4n, palveluita. Osuusmets\u00e4n kautta yritykset saavat opiskelijaty\u00f6voimaa lyhyisiin ja pitk\u00e4aikaisiin mets\u00e4alan ty\u00f6teht\u00e4viin suoraan laskutuksella. Osuusmets\u00e4 toimii tiiviiss\u00e4 yhteisty\u00f6ss\u00e4 It\u00e4-Suomen yliopiston mets\u00e4tieteiden osaston kanssa.<\/p>\n\n\n\n<div class=\"links-block\">\n\n    \n    <ul class=\"link-list\">\n        \n            \n            <li class=\"link-list-item\">\n                <a href=\"https:\/\/osuusmetsa.fi\/paasivusto\/\" class=\"link-reset link hover-scale-down\">\n                    <svg\n        width=\"43\" height=\"25\"\n        viewBox=\"0 0 43 25\"\n        xmlns=\"http:\/\/www.w3.org\/2000\/svg\">\n    <path\n        d=\"M30.027 0 43 12.5 30.027 25 27 22.083 34.351 15H0v-5h34.351L27 2.917z\"\n        fill=\"currentColor\"\n        fill-rule=\"evenodd\"\/>\n<\/svg>                    <div>Lis\u00e4tietoja ja yhteydenotot<\/div>\n                <\/a>\n                <div class=\"link-info\">\n                                    <\/div>\n            <\/li>\n\n                <\/ul>\n<\/div>\n\n    <div class=\"funders grid\">\n                        <div class=\"funders__item grid__item\">\n                            <div class=\"funders__image\">\n                    <img decoding=\"async\" src=\"https:\/\/blogs.uef.fi\/metsatieteet-yritysyhteistyo\/wp-content\/uploads\/sites\/226\/2024\/11\/OsuusMetsa_logo_150.png\" alt=\"Osuusmets\u00e4\" \/>\n                <\/div>\n                                                <\/div>\n                        \n            <\/div>\n\n\n\n<figure class=\"wp-block-image size-large is-resized\"><img loading=\"lazy\" decoding=\"async\" width=\"1024\" height=\"256\" src=\"https:\/\/blogs.uef.fi\/metsatieteet-yritysyhteistyo\/wp-content\/uploads\/sites\/226\/2024\/11\/3-1024x256.png\" alt=\"\" class=\"wp-image-653\" style=\"width:644px;height:auto\" srcset=\"https:\/\/blogs.uef.fi\/metsatieteet-yritysyhteistyo\/wp-content\/uploads\/sites\/226\/2024\/11\/3-1024x256.png 1024w, https:\/\/blogs.uef.fi\/metsatieteet-yritysyhteistyo\/wp-content\/uploads\/sites\/226\/2024\/11\/3-300x75.png 300w, https:\/\/blogs.uef.fi\/metsatieteet-yritysyhteistyo\/wp-content\/uploads\/sites\/226\/2024\/11\/3-768x192.png 768w, https:\/\/blogs.uef.fi\/metsatieteet-yritysyhteistyo\/wp-content\/uploads\/sites\/226\/2024\/11\/3-1536x384.png 1536w, https:\/\/blogs.uef.fi\/metsatieteet-yritysyhteistyo\/wp-content\/uploads\/sites\/226\/2024\/11\/3.png 1584w\" sizes=\"auto, (max-width: 1024px) 100vw, 1024px\" \/><\/figure>\n\n\n\n<p><\/p>\n","protected":false},"excerpt":{"rendered":"<p>Osaajia mets\u00e4alalle It\u00e4-Suomen yliopiston mets\u00e4tieteiden opiskelijat ovat monipuolisia ja korkeatasoisia osaajia. Heid\u00e4n koulutuksensa kattaa laajan kirjon mets\u00e4talouden ja ekologian eri osa-alueita, ja he ovat motivoituneita tuomaan uusia n\u00e4k\u00f6kulmia ja tuoretta tietoa yritysten k\u00e4ytt\u00f6\u00f6n. Mets\u00e4tieteiss\u00e4 opiskelee my\u00f6s runsaasti kansainv\u00e4lisi\u00e4 opiskelijoita, jotka tuovat mukanaan globaalia n\u00e4k\u00f6kulmaa, kontakteja ja osaamista. Ty\u00f6nantajan niin halutessa harjoittelija voi suorittaa my\u00f6s opinn\u00e4ytety\u00f6ns\u00e4 [&hellip;]<\/p>\n","protected":false},"author":717,"featured_media":0,"parent":0,"menu_order":0,"comment_status":"closed","ping_status":"closed","template":"","meta":{"_acf_changed":false,"footnotes":""},"class_list":["post-433","page","type-page","status-publish","hentry"],"acf":[],"yoast_head":"<!-- This site is optimized with the Yoast SEO plugin v27.1.1 - https:\/\/yoast.com\/product\/yoast-seo-wordpress\/ -->\n<title>Harjoittelut - UEF - Mets\u00e4tieteet yritysyhteisty\u00f6<\/title>\n<meta name=\"robots\" content=\"index, follow, max-snippet:-1, max-image-preview:large, max-video-preview:-1\" \/>\n<link rel=\"canonical\" href=\"https:\/\/blogs.uef.fi\/metsatieteet-yritysyhteistyo\/harjoittelut\/\" \/>\n<meta property=\"og:locale\" content=\"fi_FI\" \/>\n<meta property=\"og:type\" content=\"article\" \/>\n<meta property=\"og:title\" content=\"Harjoittelut - UEF - Mets\u00e4tieteet yritysyhteisty\u00f6\" \/>\n<meta property=\"og:description\" content=\"Osaajia mets\u00e4alalle It\u00e4-Suomen yliopiston mets\u00e4tieteiden opiskelijat ovat monipuolisia ja korkeatasoisia osaajia. Heid\u00e4n koulutuksensa kattaa laajan kirjon mets\u00e4talouden ja ekologian eri osa-alueita, ja he ovat motivoituneita tuomaan uusia n\u00e4k\u00f6kulmia ja tuoretta tietoa yritysten k\u00e4ytt\u00f6\u00f6n. Mets\u00e4tieteiss\u00e4 opiskelee my\u00f6s runsaasti kansainv\u00e4lisi\u00e4 opiskelijoita, jotka tuovat mukanaan globaalia n\u00e4k\u00f6kulmaa, kontakteja ja osaamista. Ty\u00f6nantajan niin halutessa harjoittelija voi suorittaa my\u00f6s opinn\u00e4ytety\u00f6ns\u00e4 [&hellip;]\" \/>\n<meta property=\"og:url\" content=\"https:\/\/blogs.uef.fi\/metsatieteet-yritysyhteistyo\/harjoittelut\/\" \/>\n<meta property=\"og:site_name\" content=\"UEF - Mets\u00e4tieteet yritysyhteisty\u00f6\" \/>\n<meta property=\"article:modified_time\" content=\"2025-02-04T08:46:56+00:00\" \/>\n<meta property=\"og:image\" content=\"https:\/\/blogs.uef.fi\/metsatieteet-yritysyhteistyo\/wp-content\/uploads\/sites\/226\/2024\/11\/Nayttokuva-2024-11-12-kello-14.11.52-1024x639.png\" \/>\n<meta name=\"twitter:card\" content=\"summary_large_image\" \/>\n<meta name=\"twitter:label1\" content=\"Arvioitu lukuaika\" \/>\n\t<meta name=\"twitter:data1\" content=\"2 minuuttia\" \/>\n<script type=\"application\/ld+json\" class=\"yoast-schema-graph\">{\"@context\":\"https:\/\/schema.org\",\"@graph\":[{\"@type\":\"WebPage\",\"@id\":\"https:\/\/blogs.uef.fi\/metsatieteet-yritysyhteistyo\/harjoittelut\/\",\"url\":\"https:\/\/blogs.uef.fi\/metsatieteet-yritysyhteistyo\/harjoittelut\/\",\"name\":\"Harjoittelut - UEF - Mets\u00e4tieteet yritysyhteisty\u00f6\",\"isPartOf\":{\"@id\":\"https:\/\/blogs.uef.fi\/metsatieteet-yritysyhteistyo\/#website\"},\"primaryImageOfPage\":{\"@id\":\"https:\/\/blogs.uef.fi\/metsatieteet-yritysyhteistyo\/harjoittelut\/#primaryimage\"},\"image\":{\"@id\":\"https:\/\/blogs.uef.fi\/metsatieteet-yritysyhteistyo\/harjoittelut\/#primaryimage\"},\"thumbnailUrl\":\"https:\/\/blogs.uef.fi\/metsatieteet-yritysyhteistyo\/wp-content\/uploads\/sites\/226\/2024\/11\/Nayttokuva-2024-11-12-kello-14.11.52-1024x639.png\",\"datePublished\":\"2024-11-06T07:08:11+00:00\",\"dateModified\":\"2025-02-04T08:46:56+00:00\",\"breadcrumb\":{\"@id\":\"https:\/\/blogs.uef.fi\/metsatieteet-yritysyhteistyo\/harjoittelut\/#breadcrumb\"},\"inLanguage\":\"fi\",\"potentialAction\":[{\"@type\":\"ReadAction\",\"target\":[\"https:\/\/blogs.uef.fi\/metsatieteet-yritysyhteistyo\/harjoittelut\/\"]}]},{\"@type\":\"ImageObject\",\"inLanguage\":\"fi\",\"@id\":\"https:\/\/blogs.uef.fi\/metsatieteet-yritysyhteistyo\/harjoittelut\/#primaryimage\",\"url\":\"https:\/\/blogs.uef.fi\/metsatieteet-yritysyhteistyo\/wp-content\/uploads\/sites\/226\/2024\/11\/Nayttokuva-2024-11-12-kello-14.11.52.png\",\"contentUrl\":\"https:\/\/blogs.uef.fi\/metsatieteet-yritysyhteistyo\/wp-content\/uploads\/sites\/226\/2024\/11\/Nayttokuva-2024-11-12-kello-14.11.52.png\",\"width\":1478,\"height\":922},{\"@type\":\"BreadcrumbList\",\"@id\":\"https:\/\/blogs.uef.fi\/metsatieteet-yritysyhteistyo\/harjoittelut\/#breadcrumb\",\"itemListElement\":[{\"@type\":\"ListItem\",\"position\":1,\"name\":\"Home\",\"item\":\"https:\/\/blogs.uef.fi\/metsatieteet-yritysyhteistyo\/\"},{\"@type\":\"ListItem\",\"position\":2,\"name\":\"Harjoittelut\"}]},{\"@type\":\"WebSite\",\"@id\":\"https:\/\/blogs.uef.fi\/metsatieteet-yritysyhteistyo\/#website\",\"url\":\"https:\/\/blogs.uef.fi\/metsatieteet-yritysyhteistyo\/\",\"name\":\"UEF - Mets\u00e4tieteet yritysyhteisty\u00f6\",\"description\":\"\",\"potentialAction\":[{\"@type\":\"SearchAction\",\"target\":{\"@type\":\"EntryPoint\",\"urlTemplate\":\"https:\/\/blogs.uef.fi\/metsatieteet-yritysyhteistyo\/?s={search_term_string}\"},\"query-input\":{\"@type\":\"PropertyValueSpecification\",\"valueRequired\":true,\"valueName\":\"search_term_string\"}}],\"inLanguage\":\"fi\"}]}<\/script>\n<!-- \/ Yoast SEO plugin. -->","yoast_head_json":{"title":"Harjoittelut - UEF - Mets\u00e4tieteet yritysyhteisty\u00f6","robots":{"index":"index","follow":"follow","max-snippet":"max-snippet:-1","max-image-preview":"max-image-preview:large","max-video-preview":"max-video-preview:-1"},"canonical":"https:\/\/blogs.uef.fi\/metsatieteet-yritysyhteistyo\/harjoittelut\/","og_locale":"fi_FI","og_type":"article","og_title":"Harjoittelut - UEF - Mets\u00e4tieteet yritysyhteisty\u00f6","og_description":"Osaajia mets\u00e4alalle It\u00e4-Suomen yliopiston mets\u00e4tieteiden opiskelijat ovat monipuolisia ja korkeatasoisia osaajia. Heid\u00e4n koulutuksensa kattaa laajan kirjon mets\u00e4talouden ja ekologian eri osa-alueita, ja he ovat motivoituneita tuomaan uusia n\u00e4k\u00f6kulmia ja tuoretta tietoa yritysten k\u00e4ytt\u00f6\u00f6n. Mets\u00e4tieteiss\u00e4 opiskelee my\u00f6s runsaasti kansainv\u00e4lisi\u00e4 opiskelijoita, jotka tuovat mukanaan globaalia n\u00e4k\u00f6kulmaa, kontakteja ja osaamista. Ty\u00f6nantajan niin halutessa harjoittelija voi suorittaa my\u00f6s opinn\u00e4ytety\u00f6ns\u00e4 [&hellip;]","og_url":"https:\/\/blogs.uef.fi\/metsatieteet-yritysyhteistyo\/harjoittelut\/","og_site_name":"UEF - Mets\u00e4tieteet yritysyhteisty\u00f6","article_modified_time":"2025-02-04T08:46:56+00:00","og_image":[{"url":"https:\/\/blogs.uef.fi\/metsatieteet-yritysyhteistyo\/wp-content\/uploads\/sites\/226\/2024\/11\/Nayttokuva-2024-11-12-kello-14.11.52-1024x639.png","type":"","width":"","height":""}],"twitter_card":"summary_large_image","twitter_misc":{"Arvioitu lukuaika":"2 minuuttia"},"schema":{"@context":"https:\/\/schema.org","@graph":[{"@type":"WebPage","@id":"https:\/\/blogs.uef.fi\/metsatieteet-yritysyhteistyo\/harjoittelut\/","url":"https:\/\/blogs.uef.fi\/metsatieteet-yritysyhteistyo\/harjoittelut\/","name":"Harjoittelut - UEF - Mets\u00e4tieteet yritysyhteisty\u00f6","isPartOf":{"@id":"https:\/\/blogs.uef.fi\/metsatieteet-yritysyhteistyo\/#website"},"primaryImageOfPage":{"@id":"https:\/\/blogs.uef.fi\/metsatieteet-yritysyhteistyo\/harjoittelut\/#primaryimage"},"image":{"@id":"https:\/\/blogs.uef.fi\/metsatieteet-yritysyhteistyo\/harjoittelut\/#primaryimage"},"thumbnailUrl":"https:\/\/blogs.uef.fi\/metsatieteet-yritysyhteistyo\/wp-content\/uploads\/sites\/226\/2024\/11\/Nayttokuva-2024-11-12-kello-14.11.52-1024x639.png","datePublished":"2024-11-06T07:08:11+00:00","dateModified":"2025-02-04T08:46:56+00:00","breadcrumb":{"@id":"https:\/\/blogs.uef.fi\/metsatieteet-yritysyhteistyo\/harjoittelut\/#breadcrumb"},"inLanguage":"fi","potentialAction":[{"@type":"ReadAction","target":["https:\/\/blogs.uef.fi\/metsatieteet-yritysyhteistyo\/harjoittelut\/"]}]},{"@type":"ImageObject","inLanguage":"fi","@id":"https:\/\/blogs.uef.fi\/metsatieteet-yritysyhteistyo\/harjoittelut\/#primaryimage","url":"https:\/\/blogs.uef.fi\/metsatieteet-yritysyhteistyo\/wp-content\/uploads\/sites\/226\/2024\/11\/Nayttokuva-2024-11-12-kello-14.11.52.png","contentUrl":"https:\/\/blogs.uef.fi\/metsatieteet-yritysyhteistyo\/wp-content\/uploads\/sites\/226\/2024\/11\/Nayttokuva-2024-11-12-kello-14.11.52.png","width":1478,"height":922},{"@type":"BreadcrumbList","@id":"https:\/\/blogs.uef.fi\/metsatieteet-yritysyhteistyo\/harjoittelut\/#breadcrumb","itemListElement":[{"@type":"ListItem","position":1,"name":"Home","item":"https:\/\/blogs.uef.fi\/metsatieteet-yritysyhteistyo\/"},{"@type":"ListItem","position":2,"name":"Harjoittelut"}]},{"@type":"WebSite","@id":"https:\/\/blogs.uef.fi\/metsatieteet-yritysyhteistyo\/#website","url":"https:\/\/blogs.uef.fi\/metsatieteet-yritysyhteistyo\/","name":"UEF - Mets\u00e4tieteet yritysyhteisty\u00f6","description":"","potentialAction":[{"@type":"SearchAction","target":{"@type":"EntryPoint","urlTemplate":"https:\/\/blogs.uef.fi\/metsatieteet-yritysyhteistyo\/?s={search_term_string}"},"query-input":{"@type":"PropertyValueSpecification","valueRequired":true,"valueName":"search_term_string"}}],"inLanguage":"fi"}]}},"_links":{"self":[{"href":"https:\/\/blogs.uef.fi\/metsatieteet-yritysyhteistyo\/wp-json\/wp\/v2\/pages\/433","targetHints":{"allow":["GET"]}}],"collection":[{"href":"https:\/\/blogs.uef.fi\/metsatieteet-yritysyhteistyo\/wp-json\/wp\/v2\/pages"}],"about":[{"href":"https:\/\/blogs.uef.fi\/metsatieteet-yritysyhteistyo\/wp-json\/wp\/v2\/types\/page"}],"author":[{"embeddable":true,"href":"https:\/\/blogs.uef.fi\/metsatieteet-yritysyhteistyo\/wp-json\/wp\/v2\/users\/717"}],"replies":[{"embeddable":true,"href":"https:\/\/blogs.uef.fi\/metsatieteet-yritysyhteistyo\/wp-json\/wp\/v2\/comments?post=433"}],"version-history":[{"count":1,"href":"https:\/\/blogs.uef.fi\/metsatieteet-yritysyhteistyo\/wp-json\/wp\/v2\/pages\/433\/revisions"}],"predecessor-version":[{"id":2661,"href":"https:\/\/blogs.uef.fi\/metsatieteet-yritysyhteistyo\/wp-json\/wp\/v2\/pages\/433\/revisions\/2661"}],"wp:attachment":[{"href":"https:\/\/blogs.uef.fi\/metsatieteet-yritysyhteistyo\/wp-json\/wp\/v2\/media?parent=433"}],"curies":[{"name":"wp","href":"https:\/\/api.w.org\/{rel}","templated":true}]}}