{"id":21,"date":"2017-02-20T14:04:41","date_gmt":"2017-02-20T12:04:41","guid":{"rendered":"https:\/\/blogs.uef.fi\/ktl\/?page_id=21"},"modified":"2017-02-27T07:32:55","modified_gmt":"2017-02-27T05:32:55","slug":"about-the-blog","status":"publish","type":"page","link":"https:\/\/blogs.uef.fi\/ktl\/about-the-blog\/","title":{"rendered":"Tietoa blogista\/About the blog"},"content":{"rendered":"<p>Karjalan tutkimuslaitos on monitieteinen ja kansainv\u00e4linen yksikk\u00f6 aluekehityksen, kulttuurin ja rajojen tutkimuksessa. T\u00e4ss\u00e4 blogissa laitoksen tutkijat kommentoivat ajankohtaisia tapahtumia ja kysymyksi\u00e4 tutkimuksen n\u00e4k\u00f6kulmasta.<\/p>\n<p>Karelian Institute is a multi-disciplinary and international research unit focussing on regional development, cultural studies and borders. In this blog the researchers comment on topical issues and events relating to their research interests.<\/p>\n","protected":false},"excerpt":{"rendered":"<p>Karjalan tutkimuslaitos on monitieteinen ja kansainv\u00e4linen yksikk\u00f6 aluekehityksen, kulttuurin ja rajojen tutkimuksessa. T\u00e4ss\u00e4 blogissa laitoksen tutkijat kommentoivat ajankohtaisia tapahtumia ja kysymyksi\u00e4 tutkimuksen n\u00e4k\u00f6kulmasta. Karelian Institute is a multi-disciplinary and international research unit focussing on regional development, cultural studies and borders. In this blog the researchers comment on topical issues and events relating to their research [&hellip;]<\/p>\n","protected":false},"author":5,"featured_media":0,"parent":0,"menu_order":2,"comment_status":"closed","ping_status":"closed","template":"","meta":{"_acf_changed":false,"footnotes":""},"class_list":["post-21","page","type-page","status-publish","hentry"],"acf":[],"yoast_head":"<!-- This site is optimized with the Yoast SEO plugin v27.3 - https:\/\/yoast.com\/product\/yoast-seo-wordpress\/ -->\n<title>Tietoa blogista\/About the blog - KTL - Karelian Institute<\/title>\n<meta name=\"robots\" content=\"index, follow, max-snippet:-1, max-image-preview:large, max-video-preview:-1\" \/>\n<link rel=\"canonical\" href=\"https:\/\/blogs.uef.fi\/ktl\/about-the-blog\/\" \/>\n<meta property=\"og:locale\" content=\"en_US\" \/>\n<meta property=\"og:type\" content=\"article\" \/>\n<meta property=\"og:title\" content=\"Tietoa blogista\/About the blog - KTL - Karelian Institute\" \/>\n<meta property=\"og:description\" content=\"Karjalan tutkimuslaitos on monitieteinen ja kansainv\u00e4linen yksikk\u00f6 aluekehityksen, kulttuurin ja rajojen tutkimuksessa. T\u00e4ss\u00e4 blogissa laitoksen tutkijat kommentoivat ajankohtaisia tapahtumia ja kysymyksi\u00e4 tutkimuksen n\u00e4k\u00f6kulmasta. Karelian Institute is a multi-disciplinary and international research unit focussing on regional development, cultural studies and borders. In this blog the researchers comment on topical issues and events relating to their research [&hellip;]\" \/>\n<meta property=\"og:url\" content=\"https:\/\/blogs.uef.fi\/ktl\/about-the-blog\/\" \/>\n<meta property=\"og:site_name\" content=\"KTL - Karelian Institute\" \/>\n<meta property=\"article:modified_time\" content=\"2017-02-27T05:32:55+00:00\" \/>\n<meta name=\"twitter:card\" content=\"summary_large_image\" \/>\n<script type=\"application\/ld+json\" class=\"yoast-schema-graph\">{\"@context\":\"https:\\\/\\\/schema.org\",\"@graph\":[{\"@type\":\"WebPage\",\"@id\":\"https:\\\/\\\/blogs.uef.fi\\\/ktl\\\/about-the-blog\\\/\",\"url\":\"https:\\\/\\\/blogs.uef.fi\\\/ktl\\\/about-the-blog\\\/\",\"name\":\"Tietoa blogista\\\/About the blog - KTL - Karelian Institute\",\"isPartOf\":{\"@id\":\"https:\\\/\\\/blogs.uef.fi\\\/ktl\\\/#website\"},\"datePublished\":\"2017-02-20T12:04:41+00:00\",\"dateModified\":\"2017-02-27T05:32:55+00:00\",\"breadcrumb\":{\"@id\":\"https:\\\/\\\/blogs.uef.fi\\\/ktl\\\/about-the-blog\\\/#breadcrumb\"},\"inLanguage\":\"en-US\",\"potentialAction\":[{\"@type\":\"ReadAction\",\"target\":[\"https:\\\/\\\/blogs.uef.fi\\\/ktl\\\/about-the-blog\\\/\"]}]},{\"@type\":\"BreadcrumbList\",\"@id\":\"https:\\\/\\\/blogs.uef.fi\\\/ktl\\\/about-the-blog\\\/#breadcrumb\",\"itemListElement\":[{\"@type\":\"ListItem\",\"position\":1,\"name\":\"Home\",\"item\":\"https:\\\/\\\/blogs.uef.fi\\\/ktl\\\/\"},{\"@type\":\"ListItem\",\"position\":2,\"name\":\"Tietoa blogista\\\/About the blog\"}]},{\"@type\":\"WebSite\",\"@id\":\"https:\\\/\\\/blogs.uef.fi\\\/ktl\\\/#website\",\"url\":\"https:\\\/\\\/blogs.uef.fi\\\/ktl\\\/\",\"name\":\"KTL - Karelian Institute\",\"description\":\"Paikallista ja kansainv\u00e4lista tutkimusta vuodesta 1971 \\\/\\\/ Local and international research since 1971\",\"potentialAction\":[{\"@type\":\"SearchAction\",\"target\":{\"@type\":\"EntryPoint\",\"urlTemplate\":\"https:\\\/\\\/blogs.uef.fi\\\/ktl\\\/?s={search_term_string}\"},\"query-input\":{\"@type\":\"PropertyValueSpecification\",\"valueRequired\":true,\"valueName\":\"search_term_string\"}}],\"inLanguage\":\"en-US\"}]}<\/script>\n<!-- \/ Yoast SEO plugin. -->","yoast_head_json":{"title":"Tietoa blogista\/About the blog - KTL - Karelian Institute","robots":{"index":"index","follow":"follow","max-snippet":"max-snippet:-1","max-image-preview":"max-image-preview:large","max-video-preview":"max-video-preview:-1"},"canonical":"https:\/\/blogs.uef.fi\/ktl\/about-the-blog\/","og_locale":"en_US","og_type":"article","og_title":"Tietoa blogista\/About the blog - KTL - Karelian Institute","og_description":"Karjalan tutkimuslaitos on monitieteinen ja kansainv\u00e4linen yksikk\u00f6 aluekehityksen, kulttuurin ja rajojen tutkimuksessa. T\u00e4ss\u00e4 blogissa laitoksen tutkijat kommentoivat ajankohtaisia tapahtumia ja kysymyksi\u00e4 tutkimuksen n\u00e4k\u00f6kulmasta. Karelian Institute is a multi-disciplinary and international research unit focussing on regional development, cultural studies and borders. In this blog the researchers comment on topical issues and events relating to their research [&hellip;]","og_url":"https:\/\/blogs.uef.fi\/ktl\/about-the-blog\/","og_site_name":"KTL - Karelian Institute","article_modified_time":"2017-02-27T05:32:55+00:00","twitter_card":"summary_large_image","schema":{"@context":"https:\/\/schema.org","@graph":[{"@type":"WebPage","@id":"https:\/\/blogs.uef.fi\/ktl\/about-the-blog\/","url":"https:\/\/blogs.uef.fi\/ktl\/about-the-blog\/","name":"Tietoa blogista\/About the blog - KTL - Karelian Institute","isPartOf":{"@id":"https:\/\/blogs.uef.fi\/ktl\/#website"},"datePublished":"2017-02-20T12:04:41+00:00","dateModified":"2017-02-27T05:32:55+00:00","breadcrumb":{"@id":"https:\/\/blogs.uef.fi\/ktl\/about-the-blog\/#breadcrumb"},"inLanguage":"en-US","potentialAction":[{"@type":"ReadAction","target":["https:\/\/blogs.uef.fi\/ktl\/about-the-blog\/"]}]},{"@type":"BreadcrumbList","@id":"https:\/\/blogs.uef.fi\/ktl\/about-the-blog\/#breadcrumb","itemListElement":[{"@type":"ListItem","position":1,"name":"Home","item":"https:\/\/blogs.uef.fi\/ktl\/"},{"@type":"ListItem","position":2,"name":"Tietoa blogista\/About the blog"}]},{"@type":"WebSite","@id":"https:\/\/blogs.uef.fi\/ktl\/#website","url":"https:\/\/blogs.uef.fi\/ktl\/","name":"KTL - Karelian Institute","description":"Paikallista ja kansainv\u00e4lista tutkimusta vuodesta 1971 \/\/ Local and international research since 1971","potentialAction":[{"@type":"SearchAction","target":{"@type":"EntryPoint","urlTemplate":"https:\/\/blogs.uef.fi\/ktl\/?s={search_term_string}"},"query-input":{"@type":"PropertyValueSpecification","valueRequired":true,"valueName":"search_term_string"}}],"inLanguage":"en-US"}]}},"_links":{"self":[{"href":"https:\/\/blogs.uef.fi\/ktl\/wp-json\/wp\/v2\/pages\/21","targetHints":{"allow":["GET"]}}],"collection":[{"href":"https:\/\/blogs.uef.fi\/ktl\/wp-json\/wp\/v2\/pages"}],"about":[{"href":"https:\/\/blogs.uef.fi\/ktl\/wp-json\/wp\/v2\/types\/page"}],"author":[{"embeddable":true,"href":"https:\/\/blogs.uef.fi\/ktl\/wp-json\/wp\/v2\/users\/5"}],"replies":[{"embeddable":true,"href":"https:\/\/blogs.uef.fi\/ktl\/wp-json\/wp\/v2\/comments?post=21"}],"version-history":[{"count":2,"href":"https:\/\/blogs.uef.fi\/ktl\/wp-json\/wp\/v2\/pages\/21\/revisions"}],"predecessor-version":[{"id":51,"href":"https:\/\/blogs.uef.fi\/ktl\/wp-json\/wp\/v2\/pages\/21\/revisions\/51"}],"wp:attachment":[{"href":"https:\/\/blogs.uef.fi\/ktl\/wp-json\/wp\/v2\/media?parent=21"}],"curies":[{"name":"wp","href":"https:\/\/api.w.org\/{rel}","templated":true}]}}