{"id":353,"date":"2024-10-17T11:42:11","date_gmt":"2024-10-17T09:42:11","guid":{"rendered":"https:\/\/blogs.uef.fi\/kieliviha-sprakhat\/?page_id=353"},"modified":"2025-11-03T01:56:36","modified_gmt":"2025-11-02T23:56:36","slug":"om-bloggen","status":"publish","type":"page","link":"https:\/\/blogs.uef.fi\/kieliviha-sprakhat\/om-bloggen\/?lang=sv","title":{"rendered":"Om bloggen"},"content":{"rendered":"\n<p>Den h\u00e4r bloggen dokumenterar aktiviteter och evenemang inom <a href=\"https:\/\/uefconnect.uef.fi\/en\/language-tensions\/\">projektet Kieliviha\/ Spr\u00e5khat\/ Language Tensions<\/a>. Projektet finansieras av <a href=\"https:\/\/koneensaatio.fi\/\">Konestiftelsen<\/a> och genomf\u00f6rs vid \u00d6stra Finlands universitet.<\/p>\n\n\n\n<p><strong>Projektgrupp:<\/strong><\/p>\n\n\n\n<ul class=\"wp-block-list\">\n<li><a href=\"https:\/\/uefconnect.uef.fi\/en\/tuija.saresma\/\">Tuija Saresma<\/a>, PI, professor<\/li>\n\n\n\n<li><a href=\"https:\/\/uefconnect.uef.fi\/karin.sandell\/\">Karin Sandell<\/a>, postdoktoral forskare, \u00d6stra Finlands universitet och \u00c5bo Akademi<\/li>\n\n\n\n<li>Karin Creutz, postdoktoral forskare, \u00d6stra Finlands universitet och Helsingfors universitet<\/li>\n\n\n\n<li><a href=\"https:\/\/uefconnect.uef.fi\/en\/evgenia.amey\/\">Evgenia Amey<\/a>, postdoktoral forskare, \u00d6stra Finlands universitet<\/li>\n<\/ul>\n\n\n\n<p><\/p>\n\n\n\n<p><strong>Om projektet:<\/strong> Spr\u00e5khat innefattar stigmatiserande och skadligt tal som riktas mot olika spr\u00e5kgrupper. Vi unders\u00f6ker hat som riktas mot svensk- och ryskspr\u00e5kiga i finl\u00e4ndska sociala medier, med fokus p\u00e5 hatets karakt\u00e4rsdrag, plattformar, ut\u00f6vare, m\u00e5l och dess effekter. Vi studerar \u00e4ven hat mot den finskspr\u00e5kiga minoriteten i Sverige och finl\u00e4ndare i Ryssland.<\/p>\n\n\n\n<p>Attityden gentemot spr\u00e5kgrupper blottar samh\u00e4lleliga och gr\u00e4ns\u00f6verskridande konflikter. Spr\u00e5khat \u00e4r en praktik som skapar en uppfattning om \u201coss\u201d som en norm som andra spr\u00e5kgrupper i samh\u00e4llet avviker fr\u00e5n. Makt, tillh\u00f6righet och identifiering samt utanf\u00f6rskap kan granskas genom spr\u00e5khat, exempelvis fr\u00e4mlingsfientlighet och fanatisk nationalism. Vi analyserar spr\u00e5khat i sk\u00e4rningspunkterna mellan maktaxlarna: spr\u00e5ket \u00e4r en intersektionell faktor som definierar social status ut\u00f6ver exempelvis k\u00f6n, etnicitet eller ras, religion, sexuell l\u00e4ggning, utbildning och samh\u00e4llelig position. Vi beaktar dessa i v\u00e5r analys av spr\u00e5khatets (1) textuell-diskursiva, (2) interaktionella och (3) politisk-samh\u00e4lleliga aspekter, vilkas vikt har accentuerats ytterligare under det senaste \u00e5ret.<\/p>\n\n\n\n<p>V\u00e5r tv\u00e4rvetenskapliga forskargrupp best\u00e5r av postdoktorer och en professor som har studerat hatretorik, konflikter, tillh\u00f6righet och utanf\u00f6rskap ur olika perspektiv. Projektet \u00e4r gr\u00e4ns\u00f6verskridande genom att vi unders\u00f6ker olika spr\u00e5kgrupper \u2013 hat mot finlandssvenskar och sverigefinnar, finl\u00e4ndarnas russofobi och rysk hatretorik mot finl\u00e4ndare med olika metoder: kvalitativ textforskning, n\u00e4tnografi, enk\u00e4ter, intervjuer och massdatametod.<\/p>\n","protected":false},"excerpt":{"rendered":"<p>Den h\u00e4r bloggen dokumenterar aktiviteter och evenemang inom projektet Kieliviha\/ Spr\u00e5khat\/ Language Tensions. Projektet finansieras av Konestiftelsen och genomf\u00f6rs vid \u00d6stra Finlands universitet. Projektgrupp: Om projektet: Spr\u00e5khat innefattar stigmatiserande och skadligt tal som riktas mot olika spr\u00e5kgrupper. Vi unders\u00f6ker hat som riktas mot svensk- och ryskspr\u00e5kiga i finl\u00e4ndska sociala medier, med fokus p\u00e5 hatets karakt\u00e4rsdrag, [&hellip;]<\/p>\n","protected":false},"author":712,"featured_media":0,"parent":0,"menu_order":0,"comment_status":"closed","ping_status":"closed","template":"","meta":{"_acf_changed":false,"footnotes":""},"class_list":["post-353","page","type-page","status-publish","hentry"],"acf":[],"yoast_head":"<!-- This site is optimized with the Yoast SEO plugin v27.3 - https:\/\/yoast.com\/product\/yoast-seo-wordpress\/ -->\n<title>Om bloggen - Kieliviha\/ Spr\u00e5khat\/ Language tensions<\/title>\n<meta name=\"robots\" content=\"index, follow, max-snippet:-1, max-image-preview:large, max-video-preview:-1\" \/>\n<link rel=\"canonical\" href=\"https:\/\/blogs.uef.fi\/kieliviha-sprakhat\/om-bloggen\/\" \/>\n<meta property=\"og:locale\" content=\"en_US\" \/>\n<meta property=\"og:type\" content=\"article\" \/>\n<meta property=\"og:title\" content=\"Om bloggen - Kieliviha\/ Spr\u00e5khat\/ Language tensions\" \/>\n<meta property=\"og:description\" content=\"Den h\u00e4r bloggen dokumenterar aktiviteter och evenemang inom projektet Kieliviha\/ Spr\u00e5khat\/ Language Tensions. Projektet finansieras av Konestiftelsen och genomf\u00f6rs vid \u00d6stra Finlands universitet. Projektgrupp: Om projektet: Spr\u00e5khat innefattar stigmatiserande och skadligt tal som riktas mot olika spr\u00e5kgrupper. Vi unders\u00f6ker hat som riktas mot svensk- och ryskspr\u00e5kiga i finl\u00e4ndska sociala medier, med fokus p\u00e5 hatets karakt\u00e4rsdrag, [&hellip;]\" \/>\n<meta property=\"og:url\" content=\"https:\/\/blogs.uef.fi\/kieliviha-sprakhat\/om-bloggen\/?lang=sv\" \/>\n<meta property=\"og:site_name\" content=\"Kieliviha\/ Spr\u00e5khat\/ Language tensions\" \/>\n<meta property=\"article:modified_time\" content=\"2025-11-02T23:56:36+00:00\" \/>\n<meta name=\"twitter:card\" content=\"summary_large_image\" \/>\n<meta name=\"twitter:label1\" content=\"Est. reading time\" \/>\n\t<meta name=\"twitter:data1\" content=\"1 minute\" \/>\n<script type=\"application\/ld+json\" class=\"yoast-schema-graph\">{\"@context\":\"https:\\\/\\\/schema.org\",\"@graph\":[{\"@type\":\"WebPage\",\"@id\":\"https:\\\/\\\/blogs.uef.fi\\\/kieliviha-sprakhat\\\/om-bloggen\\\/?lang=sv\",\"url\":\"https:\\\/\\\/blogs.uef.fi\\\/kieliviha-sprakhat\\\/om-bloggen\\\/?lang=sv\",\"name\":\"Om bloggen - Kieliviha\\\/ Spr\u00e5khat\\\/ Language tensions\",\"isPartOf\":{\"@id\":\"https:\\\/\\\/blogs.uef.fi\\\/kieliviha-sprakhat\\\/#website\"},\"datePublished\":\"2024-10-17T09:42:11+00:00\",\"dateModified\":\"2025-11-02T23:56:36+00:00\",\"breadcrumb\":{\"@id\":\"https:\\\/\\\/blogs.uef.fi\\\/kieliviha-sprakhat\\\/om-bloggen\\\/?lang=sv#breadcrumb\"},\"inLanguage\":\"en-US\",\"potentialAction\":[{\"@type\":\"ReadAction\",\"target\":[\"https:\\\/\\\/blogs.uef.fi\\\/kieliviha-sprakhat\\\/om-bloggen\\\/?lang=sv\"]}]},{\"@type\":\"BreadcrumbList\",\"@id\":\"https:\\\/\\\/blogs.uef.fi\\\/kieliviha-sprakhat\\\/om-bloggen\\\/?lang=sv#breadcrumb\",\"itemListElement\":[{\"@type\":\"ListItem\",\"position\":1,\"name\":\"Home\",\"item\":\"https:\\\/\\\/blogs.uef.fi\\\/kieliviha-sprakhat\\\/\"},{\"@type\":\"ListItem\",\"position\":2,\"name\":\"Om bloggen\"}]},{\"@type\":\"WebSite\",\"@id\":\"https:\\\/\\\/blogs.uef.fi\\\/kieliviha-sprakhat\\\/#website\",\"url\":\"https:\\\/\\\/blogs.uef.fi\\\/kieliviha-sprakhat\\\/\",\"name\":\"Kieliviha\\\/ Spr\u00e5khat\\\/ Language tensions\",\"description\":\"\",\"potentialAction\":[{\"@type\":\"SearchAction\",\"target\":{\"@type\":\"EntryPoint\",\"urlTemplate\":\"https:\\\/\\\/blogs.uef.fi\\\/kieliviha-sprakhat\\\/?s={search_term_string}\"},\"query-input\":{\"@type\":\"PropertyValueSpecification\",\"valueRequired\":true,\"valueName\":\"search_term_string\"}}],\"inLanguage\":\"en-US\"}]}<\/script>\n<!-- \/ Yoast SEO plugin. -->","yoast_head_json":{"title":"Om bloggen - Kieliviha\/ Spr\u00e5khat\/ Language tensions","robots":{"index":"index","follow":"follow","max-snippet":"max-snippet:-1","max-image-preview":"max-image-preview:large","max-video-preview":"max-video-preview:-1"},"canonical":"https:\/\/blogs.uef.fi\/kieliviha-sprakhat\/om-bloggen\/","og_locale":"en_US","og_type":"article","og_title":"Om bloggen - Kieliviha\/ Spr\u00e5khat\/ Language tensions","og_description":"Den h\u00e4r bloggen dokumenterar aktiviteter och evenemang inom projektet Kieliviha\/ Spr\u00e5khat\/ Language Tensions. Projektet finansieras av Konestiftelsen och genomf\u00f6rs vid \u00d6stra Finlands universitet. Projektgrupp: Om projektet: Spr\u00e5khat innefattar stigmatiserande och skadligt tal som riktas mot olika spr\u00e5kgrupper. Vi unders\u00f6ker hat som riktas mot svensk- och ryskspr\u00e5kiga i finl\u00e4ndska sociala medier, med fokus p\u00e5 hatets karakt\u00e4rsdrag, [&hellip;]","og_url":"https:\/\/blogs.uef.fi\/kieliviha-sprakhat\/om-bloggen\/?lang=sv","og_site_name":"Kieliviha\/ Spr\u00e5khat\/ Language tensions","article_modified_time":"2025-11-02T23:56:36+00:00","twitter_card":"summary_large_image","twitter_misc":{"Est. reading time":"1 minute"},"schema":{"@context":"https:\/\/schema.org","@graph":[{"@type":"WebPage","@id":"https:\/\/blogs.uef.fi\/kieliviha-sprakhat\/om-bloggen\/?lang=sv","url":"https:\/\/blogs.uef.fi\/kieliviha-sprakhat\/om-bloggen\/?lang=sv","name":"Om bloggen - Kieliviha\/ Spr\u00e5khat\/ Language tensions","isPartOf":{"@id":"https:\/\/blogs.uef.fi\/kieliviha-sprakhat\/#website"},"datePublished":"2024-10-17T09:42:11+00:00","dateModified":"2025-11-02T23:56:36+00:00","breadcrumb":{"@id":"https:\/\/blogs.uef.fi\/kieliviha-sprakhat\/om-bloggen\/?lang=sv#breadcrumb"},"inLanguage":"en-US","potentialAction":[{"@type":"ReadAction","target":["https:\/\/blogs.uef.fi\/kieliviha-sprakhat\/om-bloggen\/?lang=sv"]}]},{"@type":"BreadcrumbList","@id":"https:\/\/blogs.uef.fi\/kieliviha-sprakhat\/om-bloggen\/?lang=sv#breadcrumb","itemListElement":[{"@type":"ListItem","position":1,"name":"Home","item":"https:\/\/blogs.uef.fi\/kieliviha-sprakhat\/"},{"@type":"ListItem","position":2,"name":"Om bloggen"}]},{"@type":"WebSite","@id":"https:\/\/blogs.uef.fi\/kieliviha-sprakhat\/#website","url":"https:\/\/blogs.uef.fi\/kieliviha-sprakhat\/","name":"Kieliviha\/ Spr\u00e5khat\/ Language tensions","description":"","potentialAction":[{"@type":"SearchAction","target":{"@type":"EntryPoint","urlTemplate":"https:\/\/blogs.uef.fi\/kieliviha-sprakhat\/?s={search_term_string}"},"query-input":{"@type":"PropertyValueSpecification","valueRequired":true,"valueName":"search_term_string"}}],"inLanguage":"en-US"}]}},"_links":{"self":[{"href":"https:\/\/blogs.uef.fi\/kieliviha-sprakhat\/wp-json\/wp\/v2\/pages\/353","targetHints":{"allow":["GET"]}}],"collection":[{"href":"https:\/\/blogs.uef.fi\/kieliviha-sprakhat\/wp-json\/wp\/v2\/pages"}],"about":[{"href":"https:\/\/blogs.uef.fi\/kieliviha-sprakhat\/wp-json\/wp\/v2\/types\/page"}],"author":[{"embeddable":true,"href":"https:\/\/blogs.uef.fi\/kieliviha-sprakhat\/wp-json\/wp\/v2\/users\/712"}],"replies":[{"embeddable":true,"href":"https:\/\/blogs.uef.fi\/kieliviha-sprakhat\/wp-json\/wp\/v2\/comments?post=353"}],"version-history":[{"count":1,"href":"https:\/\/blogs.uef.fi\/kieliviha-sprakhat\/wp-json\/wp\/v2\/pages\/353\/revisions"}],"predecessor-version":[{"id":354,"href":"https:\/\/blogs.uef.fi\/kieliviha-sprakhat\/wp-json\/wp\/v2\/pages\/353\/revisions\/354"}],"wp:attachment":[{"href":"https:\/\/blogs.uef.fi\/kieliviha-sprakhat\/wp-json\/wp\/v2\/media?parent=353"}],"curies":[{"name":"wp","href":"https:\/\/api.w.org\/{rel}","templated":true}]}}