{"id":251,"date":"2024-02-27T13:31:22","date_gmt":"2024-02-27T11:31:22","guid":{"rendered":"https:\/\/blogs.uef.fi\/kasvunhetkia\/?page_id=251"},"modified":"2024-03-30T16:14:19","modified_gmt":"2024-03-30T14:14:19","slug":"tietoja-blogista","status":"publish","type":"page","link":"https:\/\/blogs.uef.fi\/kasvunhetkia\/tietoja-blogista\/","title":{"rendered":"Tietoa blogista \/\/ About the blog"},"content":{"rendered":"\n<p>Blogin sivuilla p\u00e4\u00e4set tutustumaan koulun arkeen kahden erityisopettajan n\u00e4k\u00f6kulmasta, jotka eiv\u00e4t pelk\u00e4\u00e4 katsoa kouluel\u00e4m\u00e4\u00e4 rehellisesti silmiin. T\u00e4\u00e4ll\u00e4 ei kaunistella, vaan jaetaan avoimesti niin ilot kuin haasteetkin, joita opettajan ty\u00f6h\u00f6n kuuluu. Valmistaudu nauramaan, itkem\u00e4\u00e4n, oppimaan ja ennen kaikkea pohtimaan. Liity seuraamme ja inspiroidu koulumaailman monimuotoisuudesta!<\/p>\n\n\n\n<div class=\"person-card\">\n        <h2>Blogia pit\u00e4v\u00e4t<\/h2>\n    \n                    <a href=\"https:\/\/uefconnect.uef.fi\/henkilo\/katariina.rasanen\/\" class=\"person-card-link hover-scale-down\">\n                            <div class=\"person-card-item\">\n                    <div class=\"person-card-column-left\">\n                                                    <img decoding=\"async\" class=\"person-card-image\" src=\"https:\/\/blogs.uef.fi\/kasvunhetkia\/wp-content\/uploads\/sites\/203\/2024\/03\/Katariina-Rasanen-scaled.jpg\" alt=\"as\" \/>\n                                            <\/div>\n\n                    <div class=\"person-card-column-right\">\n                                                <p class=\"person-card-name\">Katariina R\u00e4s\u00e4nen<\/p>\n                        \n                                                <p class=\"person-card-position\">KT, Lehtori, erityisopetus<\/p>\n                        \n                                                <p class=\"person-card-organisation\">It\u00e4-Suomen yliopisto<\/p>\n                        \n                                                <p class=\"person-card-text\">Katariina R\u00e4s\u00e4nen l\u00f6yt\u00e4\u00e4 inspiraationsa opetusty\u00f6n vuorovaikutuksesta. H\u00e4nen tutkimuksellinen mielenkiintonsa keskittyy hyvinvoinnin edist\u00e4miseen kouluissa. Katariina uskoo vahvasti positiivisuuden voimaan ja pyrkii aktiivisesti havaitsemaan sek\u00e4 vahvistamaan hyv\u00e4\u00e4 ymp\u00e4rill\u00e4\u00e4n.<\/p>\n                        \n                                                    <div>\n\t\t\t\t\t\t\t<svg xmlns=\"http:\/\/www.w3.org\/2000\/svg\" height=\"25px\" viewBox=\"0 -960 960 960\" width=\"24px\" ><path fill=\"currentColor\" d=\"M200-120q-33 0-56.5-23.5T120-200v-560q0-33 23.5-56.5T200-840h280v80H200v560h560v-280h80v280q0 33-23.5 56.5T760-120H200Zm188-212-56-56 372-372H560v-80h280v280h-80v-144L388-332Z\"\/><\/svg>\t\t\t\t\t\t\t<\/div>\n                                            <\/div>\n                <\/div>\n                            <\/a>\n                                        <a href=\"https:\/\/uefconnect.uef.fi\/henkilo\/juuso.pursiainen\/\" class=\"person-card-link hover-scale-down\">\n                            <div class=\"person-card-item\">\n                    <div class=\"person-card-column-left\">\n                                                    <img decoding=\"async\" class=\"person-card-image\" src=\"https:\/\/blogs.uef.fi\/kasvunhetkia\/wp-content\/uploads\/sites\/203\/2024\/03\/juusop.jpg\" alt=\"as\" \/>\n                                            <\/div>\n\n                    <div class=\"person-card-column-right\">\n                                                <p class=\"person-card-name\">Juuso Pursiainen<\/p>\n                        \n                                                <p class=\"person-card-position\">KT, lehtori, erityisopetus<\/p>\n                        \n                                                <p class=\"person-card-organisation\">It\u00e4-Suomen yliopisto<\/p>\n                        \n                                                <p class=\"person-card-text\">Juuso Pursiainen innostuu uusista kohtaamisista ja auttaa mielell\u00e4\u00e4n jokaista kehitt\u00e4m\u00e4\u00e4n omaa osaamistaan. H\u00e4nen tutkimusintressins\u00e4 keskittyv\u00e4t oppilaiden ja kouluyhteis\u00f6jen vahvuuksien tutkimiseen ja tunnistamiseen. Lis\u00e4ksi Juuso toimii ty\u00f6nohjaajana ja aktiivisesti etsii yhteisi\u00e4 mahdollisuuksia muutoksille.<\/p>\n                        \n                                                    <div>\n\t\t\t\t\t\t\t<svg xmlns=\"http:\/\/www.w3.org\/2000\/svg\" height=\"25px\" viewBox=\"0 -960 960 960\" width=\"24px\" ><path fill=\"currentColor\" d=\"M200-120q-33 0-56.5-23.5T120-200v-560q0-33 23.5-56.5T200-840h280v80H200v560h560v-280h80v280q0 33-23.5 56.5T760-120H200Zm188-212-56-56 372-372H560v-80h280v280h-80v-144L388-332Z\"\/><\/svg>\t\t\t\t\t\t\t<\/div>\n                                            <\/div>\n                <\/div>\n                            <\/a>\n                            <\/div>\n","protected":false},"excerpt":{"rendered":"<p>Blogin sivuilla p\u00e4\u00e4set tutustumaan koulun arkeen kahden erityisopettajan n\u00e4k\u00f6kulmasta, jotka eiv\u00e4t pelk\u00e4\u00e4 katsoa kouluel\u00e4m\u00e4\u00e4 rehellisesti silmiin. T\u00e4\u00e4ll\u00e4 ei kaunistella, vaan jaetaan avoimesti niin ilot kuin haasteetkin, joita opettajan ty\u00f6h\u00f6n kuuluu. Valmistaudu nauramaan, itkem\u00e4\u00e4n, oppimaan ja ennen kaikkea pohtimaan. Liity seuraamme ja inspiroidu koulumaailman monimuotoisuudesta!<\/p>\n","protected":false},"author":1,"featured_media":0,"parent":0,"menu_order":0,"comment_status":"closed","ping_status":"closed","template":"","meta":{"_acf_changed":false,"footnotes":""},"class_list":["post-251","page","type-page","status-publish","hentry"],"acf":[],"yoast_head":"<!-- This site is optimized with the Yoast SEO plugin v27.1.1 - https:\/\/yoast.com\/product\/yoast-seo-wordpress\/ -->\n<title>Tietoa blogista \/\/ About the blog - Kasvun hetki\u00e4<\/title>\n<meta name=\"robots\" content=\"index, follow, max-snippet:-1, max-image-preview:large, max-video-preview:-1\" \/>\n<link rel=\"canonical\" href=\"https:\/\/blogs.uef.fi\/kasvunhetkia\/tietoja-blogista\/\" \/>\n<meta property=\"og:locale\" content=\"fi_FI\" \/>\n<meta property=\"og:type\" content=\"article\" \/>\n<meta property=\"og:title\" content=\"Tietoa blogista \/\/ About the blog - Kasvun hetki\u00e4\" \/>\n<meta property=\"og:description\" content=\"Blogin sivuilla p\u00e4\u00e4set tutustumaan koulun arkeen kahden erityisopettajan n\u00e4k\u00f6kulmasta, jotka eiv\u00e4t pelk\u00e4\u00e4 katsoa kouluel\u00e4m\u00e4\u00e4 rehellisesti silmiin. T\u00e4\u00e4ll\u00e4 ei kaunistella, vaan jaetaan avoimesti niin ilot kuin haasteetkin, joita opettajan ty\u00f6h\u00f6n kuuluu. Valmistaudu nauramaan, itkem\u00e4\u00e4n, oppimaan ja ennen kaikkea pohtimaan. Liity seuraamme ja inspiroidu koulumaailman monimuotoisuudesta!\" \/>\n<meta property=\"og:url\" content=\"https:\/\/blogs.uef.fi\/kasvunhetkia\/tietoja-blogista\/\" \/>\n<meta property=\"og:site_name\" content=\"Kasvun hetki\u00e4\" \/>\n<meta property=\"article:modified_time\" content=\"2024-03-30T14:14:19+00:00\" \/>\n<meta name=\"twitter:card\" content=\"summary_large_image\" \/>\n<meta name=\"twitter:label1\" content=\"Arvioitu lukuaika\" \/>\n\t<meta name=\"twitter:data1\" content=\"1 minuutti\" \/>\n<script type=\"application\/ld+json\" class=\"yoast-schema-graph\">{\"@context\":\"https:\/\/schema.org\",\"@graph\":[{\"@type\":\"WebPage\",\"@id\":\"https:\/\/blogs.uef.fi\/kasvunhetkia\/tietoja-blogista\/\",\"url\":\"https:\/\/blogs.uef.fi\/kasvunhetkia\/tietoja-blogista\/\",\"name\":\"Tietoa blogista \/\/ About the blog - Kasvun hetki\u00e4\",\"isPartOf\":{\"@id\":\"https:\/\/blogs.uef.fi\/kasvunhetkia\/#website\"},\"datePublished\":\"2024-02-27T11:31:22+00:00\",\"dateModified\":\"2024-03-30T14:14:19+00:00\",\"breadcrumb\":{\"@id\":\"https:\/\/blogs.uef.fi\/kasvunhetkia\/tietoja-blogista\/#breadcrumb\"},\"inLanguage\":\"fi\",\"potentialAction\":[{\"@type\":\"ReadAction\",\"target\":[\"https:\/\/blogs.uef.fi\/kasvunhetkia\/tietoja-blogista\/\"]}]},{\"@type\":\"BreadcrumbList\",\"@id\":\"https:\/\/blogs.uef.fi\/kasvunhetkia\/tietoja-blogista\/#breadcrumb\",\"itemListElement\":[{\"@type\":\"ListItem\",\"position\":1,\"name\":\"Home\",\"item\":\"https:\/\/blogs.uef.fi\/kasvunhetkia\/\"},{\"@type\":\"ListItem\",\"position\":2,\"name\":\"Tietoa blogista \/\/ About the blog\"}]},{\"@type\":\"WebSite\",\"@id\":\"https:\/\/blogs.uef.fi\/kasvunhetkia\/#website\",\"url\":\"https:\/\/blogs.uef.fi\/kasvunhetkia\/\",\"name\":\"Kasvun hetki\u00e4\",\"description\":\"\",\"potentialAction\":[{\"@type\":\"SearchAction\",\"target\":{\"@type\":\"EntryPoint\",\"urlTemplate\":\"https:\/\/blogs.uef.fi\/kasvunhetkia\/?s={search_term_string}\"},\"query-input\":{\"@type\":\"PropertyValueSpecification\",\"valueRequired\":true,\"valueName\":\"search_term_string\"}}],\"inLanguage\":\"fi\"}]}<\/script>\n<!-- \/ Yoast SEO plugin. -->","yoast_head_json":{"title":"Tietoa blogista \/\/ About the blog - Kasvun hetki\u00e4","robots":{"index":"index","follow":"follow","max-snippet":"max-snippet:-1","max-image-preview":"max-image-preview:large","max-video-preview":"max-video-preview:-1"},"canonical":"https:\/\/blogs.uef.fi\/kasvunhetkia\/tietoja-blogista\/","og_locale":"fi_FI","og_type":"article","og_title":"Tietoa blogista \/\/ About the blog - Kasvun hetki\u00e4","og_description":"Blogin sivuilla p\u00e4\u00e4set tutustumaan koulun arkeen kahden erityisopettajan n\u00e4k\u00f6kulmasta, jotka eiv\u00e4t pelk\u00e4\u00e4 katsoa kouluel\u00e4m\u00e4\u00e4 rehellisesti silmiin. T\u00e4\u00e4ll\u00e4 ei kaunistella, vaan jaetaan avoimesti niin ilot kuin haasteetkin, joita opettajan ty\u00f6h\u00f6n kuuluu. Valmistaudu nauramaan, itkem\u00e4\u00e4n, oppimaan ja ennen kaikkea pohtimaan. Liity seuraamme ja inspiroidu koulumaailman monimuotoisuudesta!","og_url":"https:\/\/blogs.uef.fi\/kasvunhetkia\/tietoja-blogista\/","og_site_name":"Kasvun hetki\u00e4","article_modified_time":"2024-03-30T14:14:19+00:00","twitter_card":"summary_large_image","twitter_misc":{"Arvioitu lukuaika":"1 minuutti"},"schema":{"@context":"https:\/\/schema.org","@graph":[{"@type":"WebPage","@id":"https:\/\/blogs.uef.fi\/kasvunhetkia\/tietoja-blogista\/","url":"https:\/\/blogs.uef.fi\/kasvunhetkia\/tietoja-blogista\/","name":"Tietoa blogista \/\/ About the blog - Kasvun hetki\u00e4","isPartOf":{"@id":"https:\/\/blogs.uef.fi\/kasvunhetkia\/#website"},"datePublished":"2024-02-27T11:31:22+00:00","dateModified":"2024-03-30T14:14:19+00:00","breadcrumb":{"@id":"https:\/\/blogs.uef.fi\/kasvunhetkia\/tietoja-blogista\/#breadcrumb"},"inLanguage":"fi","potentialAction":[{"@type":"ReadAction","target":["https:\/\/blogs.uef.fi\/kasvunhetkia\/tietoja-blogista\/"]}]},{"@type":"BreadcrumbList","@id":"https:\/\/blogs.uef.fi\/kasvunhetkia\/tietoja-blogista\/#breadcrumb","itemListElement":[{"@type":"ListItem","position":1,"name":"Home","item":"https:\/\/blogs.uef.fi\/kasvunhetkia\/"},{"@type":"ListItem","position":2,"name":"Tietoa blogista \/\/ About the blog"}]},{"@type":"WebSite","@id":"https:\/\/blogs.uef.fi\/kasvunhetkia\/#website","url":"https:\/\/blogs.uef.fi\/kasvunhetkia\/","name":"Kasvun hetki\u00e4","description":"","potentialAction":[{"@type":"SearchAction","target":{"@type":"EntryPoint","urlTemplate":"https:\/\/blogs.uef.fi\/kasvunhetkia\/?s={search_term_string}"},"query-input":{"@type":"PropertyValueSpecification","valueRequired":true,"valueName":"search_term_string"}}],"inLanguage":"fi"}]}},"_links":{"self":[{"href":"https:\/\/blogs.uef.fi\/kasvunhetkia\/wp-json\/wp\/v2\/pages\/251","targetHints":{"allow":["GET"]}}],"collection":[{"href":"https:\/\/blogs.uef.fi\/kasvunhetkia\/wp-json\/wp\/v2\/pages"}],"about":[{"href":"https:\/\/blogs.uef.fi\/kasvunhetkia\/wp-json\/wp\/v2\/types\/page"}],"author":[{"embeddable":true,"href":"https:\/\/blogs.uef.fi\/kasvunhetkia\/wp-json\/wp\/v2\/users\/1"}],"replies":[{"embeddable":true,"href":"https:\/\/blogs.uef.fi\/kasvunhetkia\/wp-json\/wp\/v2\/comments?post=251"}],"version-history":[{"count":1,"href":"https:\/\/blogs.uef.fi\/kasvunhetkia\/wp-json\/wp\/v2\/pages\/251\/revisions"}],"predecessor-version":[{"id":335,"href":"https:\/\/blogs.uef.fi\/kasvunhetkia\/wp-json\/wp\/v2\/pages\/251\/revisions\/335"}],"wp:attachment":[{"href":"https:\/\/blogs.uef.fi\/kasvunhetkia\/wp-json\/wp\/v2\/media?parent=251"}],"curies":[{"name":"wp","href":"https:\/\/api.w.org\/{rel}","templated":true}]}}