{"id":997,"date":"2021-07-01T09:40:05","date_gmt":"2021-07-01T06:40:05","guid":{"rendered":"https:\/\/blogs.uef.fi\/karjalanelvytys\/?page_id=997"},"modified":"2021-09-23T16:46:08","modified_gmt":"2021-09-23T13:46:08","slug":"lea-tajakan-runo","status":"publish","type":"page","link":"https:\/\/blogs.uef.fi\/karjalanelvytys\/lea-tajakan-runo\/","title":{"rendered":"Lea Tajakan runo"},"content":{"rendered":"<p>31.5.2021<\/p>\n<p>Hyv\u00e4 mieles roih, konzu suammo jullattavakse\u00a0 meile ty\u00f6ttyl\u00f6i kirjutuksii, sanastoluvetteloloi da runoloi: nenga ellend\u00e4mm\u00f6, gu karjalazet paistah da kirjutetah omal kielel. T\u00e4l kerdua julguammo Lea Tajakan runon. Algusanoih Lea on kirjutannuh muga:<\/p>\n<p>&#8221;Miul melgi kallehin himoruado liijatengi kevi\u00e4l on runonpuolizien muailmoin duumai\u010denda. Toine hyv\u00e4 aiga indovuo runolois on sygyzyn lopul. Dai muitengi miul puuttuu kirjuttua runoloi da kerdojua tekstua jogap\u00e4iv\u00e4zien ruadieloin keskes. Nyg\u00f6i uravuin opittelemah v\u00e4ll\u00e4mittaista runuo karjalaksi. Miul ominda perindy\u00f6 on Suistaman, Korbisell\u00e4n da Suoj\u00e4rven alovehel paistu varzinkarjalan suvimurreh.&#8221;<\/p>\n<p>&nbsp;<\/p>\n<p>Sanoin r\u00e4\u010d\u010din\u00e4zet, niin puhtahat,<\/p>\n<p>mih liga sidovuu,<\/p>\n<p>kirjahimien alusvillazet, kumbazet teh\u00e4h v\u00e4lis<\/p>\n<p>pyh\u00e4 ilma niin vagahaksi<\/p>\n<p>Kai duumien v\u00e4lizet i\u00e4nn\u00e4hykset<\/p>\n<p>tahi sanoin pyrgijes huulil<\/p>\n<p>miun puhahuttamizien andaloheyhenet,<\/p>\n<p>niid\u00e4 ilmah viskuan revennehes pi\u00e4naluzes.<\/p>\n<p>Konza pi\u00e4\u010dk\u00f6it tullah taivahasta puhki<\/p>\n<p>da viij\u00e4h tuulen kannetut duumat he\u00e4n pezih,<\/p>\n<p>ji\u00e4y j\u00e4llel vain i\u00e4net\u00f6i y\u00f6ksyksih.<\/p>\n<p>Hy\u00f6 \u0161ulkkusiibizet pez\u00e4seinien i\u00e4ris<\/p>\n<p>y\u00f6n pimie kyhkytell\u00e4h valgieksi.<\/p>\n<p><img loading=\"lazy\" decoding=\"async\" class=\"alignnone wp-image-686 size-medium\" src=\"https:\/\/blogs.uef.fi\/karjalanelvytys\/wp-content\/uploads\/sites\/155\/2021\/05\/Lea-Tajakka-300x300.jpg\" alt=\"Valokuva, jossa ovat Lea Tajakan kasvot\" width=\"300\" height=\"300\" srcset=\"https:\/\/blogs.uef.fi\/karjalanelvytys\/wp-content\/uploads\/sites\/155\/2021\/05\/Lea-Tajakka-300x300.jpg 300w, https:\/\/blogs.uef.fi\/karjalanelvytys\/wp-content\/uploads\/sites\/155\/2021\/05\/Lea-Tajakka-150x150.jpg 150w, https:\/\/blogs.uef.fi\/karjalanelvytys\/wp-content\/uploads\/sites\/155\/2021\/05\/Lea-Tajakka-100x100.jpg 100w, https:\/\/blogs.uef.fi\/karjalanelvytys\/wp-content\/uploads\/sites\/155\/2021\/05\/Lea-Tajakka.jpg 706w\" sizes=\"auto, (max-width: 300px) 100vw, 300px\" \/><\/p>\n","protected":false},"excerpt":{"rendered":"<p>31.5.2021 Hyv\u00e4 mieles roih, konzu suammo jullattavakse\u00a0 meile ty\u00f6ttyl\u00f6i kirjutuksii, sanastoluvetteloloi da runoloi: nenga ellend\u00e4mm\u00f6, gu karjalazet paistah da kirjutetah omal kielel. T\u00e4l kerdua julguammo Lea Tajakan runon. Algusanoih Lea on kirjutannuh muga: &#8221;Miul melgi kallehin himoruado liijatengi kevi\u00e4l on runonpuolizien muailmoin duumai\u010denda. Toine hyv\u00e4 aiga indovuo runolois on sygyzyn lopul. Dai muitengi miul puuttuu [&hellip;]<\/p>\n","protected":false},"author":419,"featured_media":0,"parent":0,"menu_order":0,"comment_status":"closed","ping_status":"closed","template":"","meta":{"_acf_changed":false,"footnotes":""},"class_list":["post-997","page","type-page","status-publish","hentry"],"acf":[],"yoast_head":"<!-- This site is optimized with the Yoast SEO plugin v27.3 - https:\/\/yoast.com\/product\/yoast-seo-wordpress\/ -->\n<title>Lea Tajakan runo - Karjalan kielen elvytt\u00e4minen<\/title>\n<meta name=\"robots\" content=\"index, follow, max-snippet:-1, max-image-preview:large, max-video-preview:-1\" \/>\n<link rel=\"canonical\" href=\"https:\/\/blogs.uef.fi\/karjalanelvytys\/lea-tajakan-runo\/\" \/>\n<meta property=\"og:locale\" content=\"fi_FI\" \/>\n<meta property=\"og:type\" content=\"article\" \/>\n<meta property=\"og:title\" content=\"Lea Tajakan runo - Karjalan kielen elvytt\u00e4minen\" \/>\n<meta property=\"og:description\" content=\"31.5.2021 Hyv\u00e4 mieles roih, konzu suammo jullattavakse\u00a0 meile ty\u00f6ttyl\u00f6i kirjutuksii, sanastoluvetteloloi da runoloi: nenga ellend\u00e4mm\u00f6, gu karjalazet paistah da kirjutetah omal kielel. T\u00e4l kerdua julguammo Lea Tajakan runon. Algusanoih Lea on kirjutannuh muga: &#8221;Miul melgi kallehin himoruado liijatengi kevi\u00e4l on runonpuolizien muailmoin duumai\u010denda. Toine hyv\u00e4 aiga indovuo runolois on sygyzyn lopul. Dai muitengi miul puuttuu [&hellip;]\" \/>\n<meta property=\"og:url\" content=\"https:\/\/blogs.uef.fi\/karjalanelvytys\/lea-tajakan-runo\/\" \/>\n<meta property=\"og:site_name\" content=\"Karjalan kielen elvytt\u00e4minen\" \/>\n<meta property=\"article:modified_time\" content=\"2021-09-23T13:46:08+00:00\" \/>\n<meta property=\"og:image\" content=\"https:\/\/blogs.uef.fi\/karjalanelvytys\/wp-content\/uploads\/sites\/155\/2021\/05\/Lea-Tajakka-300x300.jpg\" \/>\n<meta name=\"twitter:card\" content=\"summary_large_image\" \/>\n<meta name=\"twitter:label1\" content=\"Arvioitu lukuaika\" \/>\n\t<meta name=\"twitter:data1\" content=\"1 minuutti\" \/>\n<script type=\"application\/ld+json\" class=\"yoast-schema-graph\">{\"@context\":\"https:\\\/\\\/schema.org\",\"@graph\":[{\"@type\":\"WebPage\",\"@id\":\"https:\\\/\\\/blogs.uef.fi\\\/karjalanelvytys\\\/lea-tajakan-runo\\\/\",\"url\":\"https:\\\/\\\/blogs.uef.fi\\\/karjalanelvytys\\\/lea-tajakan-runo\\\/\",\"name\":\"Lea Tajakan runo - Karjalan kielen elvytt\u00e4minen\",\"isPartOf\":{\"@id\":\"https:\\\/\\\/blogs.uef.fi\\\/karjalanelvytys\\\/#website\"},\"primaryImageOfPage\":{\"@id\":\"https:\\\/\\\/blogs.uef.fi\\\/karjalanelvytys\\\/lea-tajakan-runo\\\/#primaryimage\"},\"image\":{\"@id\":\"https:\\\/\\\/blogs.uef.fi\\\/karjalanelvytys\\\/lea-tajakan-runo\\\/#primaryimage\"},\"thumbnailUrl\":\"https:\\\/\\\/blogs.uef.fi\\\/karjalanelvytys\\\/wp-content\\\/uploads\\\/sites\\\/155\\\/2021\\\/05\\\/Lea-Tajakka-300x300.jpg\",\"datePublished\":\"2021-07-01T06:40:05+00:00\",\"dateModified\":\"2021-09-23T13:46:08+00:00\",\"breadcrumb\":{\"@id\":\"https:\\\/\\\/blogs.uef.fi\\\/karjalanelvytys\\\/lea-tajakan-runo\\\/#breadcrumb\"},\"inLanguage\":\"fi\",\"potentialAction\":[{\"@type\":\"ReadAction\",\"target\":[\"https:\\\/\\\/blogs.uef.fi\\\/karjalanelvytys\\\/lea-tajakan-runo\\\/\"]}]},{\"@type\":\"ImageObject\",\"inLanguage\":\"fi\",\"@id\":\"https:\\\/\\\/blogs.uef.fi\\\/karjalanelvytys\\\/lea-tajakan-runo\\\/#primaryimage\",\"url\":\"https:\\\/\\\/blogs.uef.fi\\\/karjalanelvytys\\\/wp-content\\\/uploads\\\/sites\\\/155\\\/2021\\\/05\\\/Lea-Tajakka.jpg\",\"contentUrl\":\"https:\\\/\\\/blogs.uef.fi\\\/karjalanelvytys\\\/wp-content\\\/uploads\\\/sites\\\/155\\\/2021\\\/05\\\/Lea-Tajakka.jpg\",\"width\":706,\"height\":706},{\"@type\":\"BreadcrumbList\",\"@id\":\"https:\\\/\\\/blogs.uef.fi\\\/karjalanelvytys\\\/lea-tajakan-runo\\\/#breadcrumb\",\"itemListElement\":[{\"@type\":\"ListItem\",\"position\":1,\"name\":\"Home\",\"item\":\"https:\\\/\\\/blogs.uef.fi\\\/karjalanelvytys\\\/\"},{\"@type\":\"ListItem\",\"position\":2,\"name\":\"Lea Tajakan runo\"}]},{\"@type\":\"WebSite\",\"@id\":\"https:\\\/\\\/blogs.uef.fi\\\/karjalanelvytys\\\/#website\",\"url\":\"https:\\\/\\\/blogs.uef.fi\\\/karjalanelvytys\\\/\",\"name\":\"Karjalan kielen elvytt\u00e4minen\",\"description\":\"\",\"potentialAction\":[{\"@type\":\"SearchAction\",\"target\":{\"@type\":\"EntryPoint\",\"urlTemplate\":\"https:\\\/\\\/blogs.uef.fi\\\/karjalanelvytys\\\/?s={search_term_string}\"},\"query-input\":{\"@type\":\"PropertyValueSpecification\",\"valueRequired\":true,\"valueName\":\"search_term_string\"}}],\"inLanguage\":\"fi\"}]}<\/script>\n<!-- \/ Yoast SEO plugin. -->","yoast_head_json":{"title":"Lea Tajakan runo - Karjalan kielen elvytt\u00e4minen","robots":{"index":"index","follow":"follow","max-snippet":"max-snippet:-1","max-image-preview":"max-image-preview:large","max-video-preview":"max-video-preview:-1"},"canonical":"https:\/\/blogs.uef.fi\/karjalanelvytys\/lea-tajakan-runo\/","og_locale":"fi_FI","og_type":"article","og_title":"Lea Tajakan runo - Karjalan kielen elvytt\u00e4minen","og_description":"31.5.2021 Hyv\u00e4 mieles roih, konzu suammo jullattavakse\u00a0 meile ty\u00f6ttyl\u00f6i kirjutuksii, sanastoluvetteloloi da runoloi: nenga ellend\u00e4mm\u00f6, gu karjalazet paistah da kirjutetah omal kielel. T\u00e4l kerdua julguammo Lea Tajakan runon. Algusanoih Lea on kirjutannuh muga: &#8221;Miul melgi kallehin himoruado liijatengi kevi\u00e4l on runonpuolizien muailmoin duumai\u010denda. Toine hyv\u00e4 aiga indovuo runolois on sygyzyn lopul. Dai muitengi miul puuttuu [&hellip;]","og_url":"https:\/\/blogs.uef.fi\/karjalanelvytys\/lea-tajakan-runo\/","og_site_name":"Karjalan kielen elvytt\u00e4minen","article_modified_time":"2021-09-23T13:46:08+00:00","og_image":[{"url":"https:\/\/blogs.uef.fi\/karjalanelvytys\/wp-content\/uploads\/sites\/155\/2021\/05\/Lea-Tajakka-300x300.jpg","type":"","width":"","height":""}],"twitter_card":"summary_large_image","twitter_misc":{"Arvioitu lukuaika":"1 minuutti"},"schema":{"@context":"https:\/\/schema.org","@graph":[{"@type":"WebPage","@id":"https:\/\/blogs.uef.fi\/karjalanelvytys\/lea-tajakan-runo\/","url":"https:\/\/blogs.uef.fi\/karjalanelvytys\/lea-tajakan-runo\/","name":"Lea Tajakan runo - Karjalan kielen elvytt\u00e4minen","isPartOf":{"@id":"https:\/\/blogs.uef.fi\/karjalanelvytys\/#website"},"primaryImageOfPage":{"@id":"https:\/\/blogs.uef.fi\/karjalanelvytys\/lea-tajakan-runo\/#primaryimage"},"image":{"@id":"https:\/\/blogs.uef.fi\/karjalanelvytys\/lea-tajakan-runo\/#primaryimage"},"thumbnailUrl":"https:\/\/blogs.uef.fi\/karjalanelvytys\/wp-content\/uploads\/sites\/155\/2021\/05\/Lea-Tajakka-300x300.jpg","datePublished":"2021-07-01T06:40:05+00:00","dateModified":"2021-09-23T13:46:08+00:00","breadcrumb":{"@id":"https:\/\/blogs.uef.fi\/karjalanelvytys\/lea-tajakan-runo\/#breadcrumb"},"inLanguage":"fi","potentialAction":[{"@type":"ReadAction","target":["https:\/\/blogs.uef.fi\/karjalanelvytys\/lea-tajakan-runo\/"]}]},{"@type":"ImageObject","inLanguage":"fi","@id":"https:\/\/blogs.uef.fi\/karjalanelvytys\/lea-tajakan-runo\/#primaryimage","url":"https:\/\/blogs.uef.fi\/karjalanelvytys\/wp-content\/uploads\/sites\/155\/2021\/05\/Lea-Tajakka.jpg","contentUrl":"https:\/\/blogs.uef.fi\/karjalanelvytys\/wp-content\/uploads\/sites\/155\/2021\/05\/Lea-Tajakka.jpg","width":706,"height":706},{"@type":"BreadcrumbList","@id":"https:\/\/blogs.uef.fi\/karjalanelvytys\/lea-tajakan-runo\/#breadcrumb","itemListElement":[{"@type":"ListItem","position":1,"name":"Home","item":"https:\/\/blogs.uef.fi\/karjalanelvytys\/"},{"@type":"ListItem","position":2,"name":"Lea Tajakan runo"}]},{"@type":"WebSite","@id":"https:\/\/blogs.uef.fi\/karjalanelvytys\/#website","url":"https:\/\/blogs.uef.fi\/karjalanelvytys\/","name":"Karjalan kielen elvytt\u00e4minen","description":"","potentialAction":[{"@type":"SearchAction","target":{"@type":"EntryPoint","urlTemplate":"https:\/\/blogs.uef.fi\/karjalanelvytys\/?s={search_term_string}"},"query-input":{"@type":"PropertyValueSpecification","valueRequired":true,"valueName":"search_term_string"}}],"inLanguage":"fi"}]}},"_links":{"self":[{"href":"https:\/\/blogs.uef.fi\/karjalanelvytys\/wp-json\/wp\/v2\/pages\/997","targetHints":{"allow":["GET"]}}],"collection":[{"href":"https:\/\/blogs.uef.fi\/karjalanelvytys\/wp-json\/wp\/v2\/pages"}],"about":[{"href":"https:\/\/blogs.uef.fi\/karjalanelvytys\/wp-json\/wp\/v2\/types\/page"}],"author":[{"embeddable":true,"href":"https:\/\/blogs.uef.fi\/karjalanelvytys\/wp-json\/wp\/v2\/users\/419"}],"replies":[{"embeddable":true,"href":"https:\/\/blogs.uef.fi\/karjalanelvytys\/wp-json\/wp\/v2\/comments?post=997"}],"version-history":[{"count":2,"href":"https:\/\/blogs.uef.fi\/karjalanelvytys\/wp-json\/wp\/v2\/pages\/997\/revisions"}],"predecessor-version":[{"id":1762,"href":"https:\/\/blogs.uef.fi\/karjalanelvytys\/wp-json\/wp\/v2\/pages\/997\/revisions\/1762"}],"wp:attachment":[{"href":"https:\/\/blogs.uef.fi\/karjalanelvytys\/wp-json\/wp\/v2\/media?parent=997"}],"curies":[{"name":"wp","href":"https:\/\/api.w.org\/{rel}","templated":true}]}}