{"id":907,"date":"2021-07-01T09:06:11","date_gmt":"2021-07-01T06:06:11","guid":{"rendered":"https:\/\/blogs.uef.fi\/karjalanelvytys\/?page_id=907"},"modified":"2021-09-23T16:38:49","modified_gmt":"2021-09-23T13:38:49","slug":"kirikkosanastuo-livvinkarjalakse","status":"publish","type":"page","link":"https:\/\/blogs.uef.fi\/karjalanelvytys\/kirikkosanastuo-livvinkarjalakse\/","title":{"rendered":"Kirikk\u00f6sanastuo livvinkarjalakse"},"content":{"rendered":"<p>P\u00e4iv\u00e4nnouzu-Suomen yliopistos pietyn ki\u00e4nn\u00f6sseminuaran opastui <strong>\u0160utoin Miikul (Joona Sutinen)<\/strong> on ker\u00e4nnyh da luadinuh i\u010degi\u00a0 pravoslaunoidu kirikk\u00f6sanastuo livvinkarjalakse. L\u00e4htehinny h\u00e4i on k\u00e4ytt\u00e4nyh Mid\u00e4, kui, mint\u00e4h \u2013 pravoslaunoin kirikk\u00f6tiijon k\u00e4zikniigua (Kalevi Kasala 2001), Sanakirjua Karjala-suomi (Raija Py\u00f6li 2016) sego Uuttu Sanua.<\/p>\n<p>Sanastoluvettelo rodih nengoine:<\/p>\n<p>Alttari \u2013 <strong>Altari<\/strong><\/p>\n<p>Alttarip\u00f6yt\u00e4 \u2013 <strong>Altaristola, Pyh\u00e4stola<\/strong><\/p>\n<p>Amboni \u2013 <strong>Ambonu<\/strong><\/p>\n<p>Amen \u2013 <strong>Amin<\/strong><\/p>\n<p>Antifoni \u2013 <strong>Antifonu<\/strong><\/p>\n<p>Antikristus<strong> \u2013 Antihristu<\/strong><\/p>\n<p>Antiminssiliina \u2013 <strong>Antiminssi<\/strong><\/p>\n<p>Apostoli<strong> \u2013 Apostolu<\/strong><\/p>\n<p>Arkkienkeli \u2013 <strong>Ylianheli<\/strong><\/p>\n<p>Arkkimandriitta \u2013 <strong>Arhimandriittu <\/strong><\/p>\n<p>Arkkipiispa \u2013 <strong>Arhijepiskoppu<\/strong><\/p>\n<p>Artoforion, eli sakramenttilipas \u2013 <strong>Sakramenttulipas<\/strong><\/p>\n<p>Asteriksi, eli t\u00e4hti \u2013 <strong>Ti\u00e4hti<\/strong><\/p>\n<p>Autuas \u2013 <strong>Ozakas<\/strong><\/p>\n<p>Diakoni \u2013 <strong>Diakon<\/strong><\/p>\n<p>Diakonin ovet, eli enkelten ovet \u2013 <strong>Bokku-ukset, diakonin ukset<\/strong><\/p>\n<p>Dikiri, Trikiri \u2013 <strong>Dikiri, Trikiri<\/strong><\/p>\n<p>Diskos, eli lautanen \u2013 <strong>Pyhienstorielkku, diskos<\/strong><\/p>\n<p>Dogmi \u2013 <strong>Dogmu<\/strong><\/p>\n<p>Dokmatiikka \u2013 <strong>Dogmatiekku<\/strong><\/p>\n<p>Ehtoollinen \u2013 <strong>Pyh\u00e4 vero, Ehtuolline, Eukaristii<\/strong><\/p>\n<p>Ehtoollisliina \u2013 <strong>\u0160kuat\u2019eri<\/strong><\/p>\n<p>Ehtoollislusikka \u2013 <strong>Luzikku<\/strong><\/p>\n<p>Ehtoollispeite \u2013 <strong>Pyhienkate<\/strong><\/p>\n<p>Ektenia \u2013 <strong>Ektenii<\/strong><\/p>\n<p>Ekumenia<strong> \u2013 Ekumenii<\/strong><\/p>\n<p>Enkeli \u2013 <strong>Anheli<\/strong><\/p>\n<p>Epigonaatio \u2013 <strong>Epigonaatio<\/strong><\/p>\n<p>Epistola \u2013 <strong>Epistolu<\/strong><\/p>\n<p>Epitrakiili \u2013 <strong>Epitrakiili<\/strong><\/p>\n<p>Esipaimen \u2013 <strong>Ezipaimoi<\/strong><\/p>\n<p>Evankeliumi \u2013 <strong>Evangelii<\/strong><\/p>\n<p>Evankeliumikirja \u2013 <strong>Evangeliikniigu<\/strong><\/p>\n<p>Feloni \u2013 <strong>Feloni<\/strong><\/p>\n<p>Halleluja <strong>\u2013 Alliluija<\/strong><\/p>\n<p>Hautaus \u2013 <strong>Muahpanendu, kalmuandu<\/strong><\/p>\n<p>Helatorstai \u2013 <strong>Voznusen\u2019n\u2019u<\/strong><\/p>\n<p>Helluntai \u2013 <strong>Sroi\u010d\u010du, Sroi\u010danp\u00e4ivy<\/strong><\/p>\n<p>Heresia<strong> \u2013 Harhaoppi<\/strong><\/p>\n<p>Herra \u2013 <strong>Hospodi<\/strong><\/p>\n<p>Hymnografia<strong> \u2013 Gimnugruafii<\/strong><\/p>\n<p>Igumeni \u2013 <strong>Iguumen<\/strong><\/p>\n<p>Igumenia \u2013 <strong>Iguumen\u2019n\u2019u<\/strong><\/p>\n<p>Ihmeteko<strong> \u2013 Suuri ruado, Kummanruado<\/strong><\/p>\n<p>Iikossi<strong> \u2013 Iikossi<\/strong><\/p>\n<p>Ikoni \u2013 <strong>Obrazu<\/strong><\/p>\n<p>Ikonoklasmi <strong>\u2013 Ikonokluazmu, Obrazukluazmu<\/strong><\/p>\n<p>Ikonostaasi \u2013 <strong>Ikonostuazi, Obrazuseiny<\/strong><\/p>\n<p>Ilmestys <strong>\u2013 Ji\u00e4vindy<\/strong><\/p>\n<p>Jeesus \u2013 <strong>Iisus<\/strong><\/p>\n<p>Joulu \u2013 <strong>Rastavu<\/strong><\/p>\n<p>Jumala \u2013 <strong>Jumal<\/strong><\/p>\n<p>Jumalanpalvelus \u2013 <strong>kirikk\u00f6sluu\u017ebu<\/strong><\/p>\n<p>Jumalansynnytt\u00e4j\u00e4 \u2013 <strong>Bohorodi\u010d\u010du<\/strong><\/p>\n<p>Jumalansynnytt\u00e4j\u00e4n ilmestys \u2013 <strong>Blahve\u0161en\u2019n\u2019u<\/strong><\/p>\n<p>Jumalansynnytt\u00e4j\u00e4n kuolonuneen nukkuminen \u2013 <strong>Em\u00e4np\u00e4ivy<\/strong><\/p>\n<p>Jumalansynnytt\u00e4j\u00e4n syntym\u00e4 \u2013 <strong>Bogorodi\u010d\u010du, Nei\u010dyt Marian roindupruazniekku<\/strong><\/p>\n<p>Jumalansynnytt\u00e4j\u00e4n temppeliin tuominen \u2013 <strong>Veden\u2019n\u2019u<\/strong><\/p>\n<p>Kadotus<strong> \u2013 Muanitus, Uadu<\/strong><\/p>\n<p>Kalkki, eli ehtoollismalja \u2013 <strong>Pyhienmal\u2019l\u2019u<\/strong><\/p>\n<p>Kanoni<strong> \u2013 Kanoni<\/strong><\/p>\n<p>Kanonisointi<strong> \u2013 Kanoniziirui\u010dendu<\/strong><\/p>\n<p>Karjalan valistajien p\u00e4iv\u00e4 \u2013 <strong>Karjalan valistajien p\u00e4ivy<\/strong><\/p>\n<p>Kaste (Sakramentti) \u2013 <strong>Ristiendy<\/strong><\/p>\n<p>Kasteastia \u2013 <strong>Ristiendyast\u2019e<\/strong><\/p>\n<p>Kastelipas \u2013 <strong>Ristiendylipas<\/strong><\/p>\n<p>Kastemekko \u2013 <strong>Ristiendysoba<\/strong><\/p>\n<p>Kastep\u00f6yt\u00e4 \u2013 <strong>Ristiendystola<\/strong><\/p>\n<p>Katedra, eli piispanistuin \u2013 <strong>Jepiskopan stuulu<\/strong><\/p>\n<p>Katumus (Sakramentti) \u2013 <strong>Kadumus, Ri\u00e4hkilk\u00e4yndy<\/strong><\/p>\n<p>Kaularisti \u2013 <strong>Kagluristu<\/strong><\/p>\n<p>Keih\u00e4s \u2013 <strong>Keij\u00e4s<\/strong><\/p>\n<p>Kerubi<strong> \u2013 Heruvim<\/strong><\/p>\n<p>Kerubiveisu<strong> \u2013 Heruvimpajo<\/strong><\/p>\n<p>Kirkko \u2013 <strong>Kirikk\u00f6<\/strong><\/p>\n<p>Kirkkokynttil\u00e4 \u2013 <strong>Tuohus<\/strong><\/p>\n<p>Kirkkomusiikki<strong> \u2013 Kirikk\u00f6muuzikku<\/strong><\/p>\n<p>Kirkolliskokou<strong>s \u2013 Kirik\u00f6llisker\u00e4hm\u00f6<\/strong><\/p>\n<p>Kontakki<strong> \u2013 Kontakki<\/strong><\/p>\n<p>Kotkamatto \u2013 <strong>Kotkumatto<\/strong><\/p>\n<p>Kristitty \u2013 <strong>Ristitty<\/strong><\/p>\n<p>Kristuksen kirkastuminen \u2013 <strong>Spuasanp\u00e4ivy<\/strong><\/p>\n<p>Kristuksen temppeliin tuominen \u2013 <strong>Streiten\u2019n\u2019u<\/strong><\/p>\n<p>Kristus \u2013 <strong>Hristos <\/strong><\/p>\n<p>Kummi \u2013 <strong>Risti\u017e\u00e4, Ristim\u00e4<\/strong><\/p>\n<p>Kuninkaanovet \u2013<strong> Kuningahanukset<\/strong><\/p>\n<p>Kuoro<strong> \u2013 Hora<\/strong><\/p>\n<p>K\u00e4siristi \u2013 <strong>K\u00e4ziristu<\/strong><\/p>\n<p>K\u00e4spaikka \u2013 <strong>K\u00e4zipaikku<\/strong><\/p>\n<p>Lampukka \u2013 <strong>Lampatku<\/strong><\/p>\n<p>Liturgia \u2013 <strong>Liturgii, Liturgie<\/strong><\/p>\n<p>Lukija \u2013 <strong>Lugiju<\/strong><\/p>\n<p>Luostari \u2013 <strong>Manasteri<\/strong><\/p>\n<p>L\u00e4hetysmatka<strong> \u2013 Uskonlevitysmatku<\/strong><\/p>\n<p>Marttyyri<strong> \u2013 Muu\u010denniekku, Marttyyri<\/strong><\/p>\n<p>Messias<strong> \u2013 Messii<\/strong><\/p>\n<p>Metropoliitta \u2013 <strong>Metropoliittu<\/strong><\/p>\n<p>Mirha \u2013 <strong>Mirha<\/strong><\/p>\n<p>Mirhallavoitelu (Sakramentti) \u2013 <strong>Mirhalvoijandu<\/strong><\/p>\n<p>Mirhasivellin \u2013 <strong>Mirhasudi<\/strong><\/p>\n<p>Mitra \u2013 <strong>Mitra<\/strong><\/p>\n<p>Muistokirja \u2013 <strong>Puametti<\/strong><\/p>\n<p>Munkki \u2013 <strong>Manuahu<\/strong><\/p>\n<p>Neitsyt Maria \u2013 <strong>Nei\u010dyt Marija<\/strong><\/p>\n<p>Omofori \u2013 <strong>Omofori<\/strong><\/p>\n<p>Opetuslapsi \u2013 <strong>Evangelistu<\/strong><\/p>\n<p>Opetuspuhe \u2013 <strong>Opastuspagin<\/strong><\/p>\n<p>Orari, \u2013 <strong>Orari<\/strong><\/p>\n<p>Ortodoksi \u2013 <strong>Pravoslaunoi<\/strong><\/p>\n<p>Paasto \u2013 <strong>Pyh\u00e4<\/strong><\/p>\n<p>Palmusunnuntai \u2013 <strong>Virboi <\/strong><\/p>\n<p>Panihida, <strong>Mustelendu, Panihida<\/strong><\/p>\n<p>Pappeus (Sakramentti) \u2013 <strong>Pappevus<\/strong><\/p>\n<p>Pappi \u2013 <strong>Pappi<\/strong><\/p>\n<p>Paratiisi <strong>\u2013 Ruaju<\/strong><\/p>\n<p>Patriarkaatti<strong> \u2013 Patriarhuattu<\/strong><\/p>\n<p>Patriarkka<strong> \u2013 Patriarhu<\/strong><\/p>\n<p>Piispa \u2013 <strong>Jepiskoppu<\/strong><\/p>\n<p>Piispansauva \u2013 <strong>Paimoisavakko, Jepiskopan savakko<\/strong><\/p>\n<p>Pitk\u00e4perjantai \u2013 <strong>Sra\u0161noipi\u00e4tteni\u010d\u010dy<\/strong><\/p>\n<p>Pokrova<strong> \u2013 Pokrovu<\/strong><\/p>\n<p>Ponomari \u2013 <strong>Altariabuniekku<\/strong><\/p>\n<p>Profeetta<strong> \u2013 I\u00e4nenkandai<\/strong><\/p>\n<p>Prokimeni<strong> \u2013 Prokimeni<\/strong><\/p>\n<p>Proskuna, eli kirkkoleip\u00e4 \u2013<strong> Kirikk\u00f6leiby, proskun<\/strong><\/p>\n<p>Psalmi \u2013 <strong>Psalmu<\/strong><\/p>\n<p>Pyh\u00e4 Henki \u2013 <strong>Pyh\u00e4 Hengi<\/strong><\/p>\n<p>Pyh\u00e4 Kolminaisuus \u2013 <strong>Pyh\u00e4 Kolmina\u017eus, Troi\u010d\u010du<\/strong><\/p>\n<p>Pyh\u00e4inj\u00e4\u00e4nn\u00f6s \u2013 <strong>Relikvii<\/strong><\/p>\n<p>P\u00e4\u00e4si\u00e4inen \u2013 <strong>\u00c4ijyp\u00e4ivy<\/strong><\/p>\n<p>P\u00e4\u00e4si\u00e4ismuna \u2013 <strong>\u00c4ij\u00e4p\u00e4iv\u00e4n j\u00e4i\u010d\u010dy<\/strong><\/p>\n<p>Raamattu \u2013 <strong>Biblii<\/strong><\/p>\n<p>Riivaaja<strong> \u2013 Paha Hengi<\/strong><\/p>\n<p>Ripidi \u2013 <strong>Ripidi<\/strong><\/p>\n<p>Ripityslipas \u2013 <strong>Ripityslipas<\/strong><\/p>\n<p>Risti \u2013 <strong>Ristu<\/strong><\/p>\n<p>Ristiinnaulinta \u2013 <strong>Ristahnuaglindu<\/strong><\/p>\n<p>Ristin ylent\u00e4minen \u2013 <strong>Svii\u017eoi<\/strong><\/p>\n<p>Ristinmerkki \u2013 <strong>Ristanmerkki, Silmienristindy<\/strong><\/p>\n<p>Ristisaatto<strong> \u2013 Ristusuatto<\/strong><\/p>\n<p>Rukous<strong> \u2013 Malittu<\/strong><\/p>\n<p>Rukoushuone \u2013<strong> \u010casounu<\/strong><\/p>\n<p>Saatana<strong> \u2013 Sattan, Pahalaine<\/strong><\/p>\n<p>Sairaanvoitelu (Sakramentti) \u2013 <strong>Voimattomanvoidelu, Voimattomanvoijandu<\/strong><\/p>\n<p>Sakkos<strong> \u2013 Sakkos<\/strong><\/p>\n<p>Sakramentti \u2013 <strong>Sakramenttu<\/strong><\/p>\n<p>Seitsenhaarainen kynttelikk\u00f6 \u2013 <strong>7-\u0161uarahine lampatku<\/strong><\/p>\n<p>Serafi \u2013 <strong>Serafi<\/strong><\/p>\n<p>Seurakunta<strong> \u2013 Prihodu<\/strong><\/p>\n<p>Siunata \u2013 <strong>Blahoslovie<\/strong><\/p>\n<p>Slaaviminen \u2013 <strong>Sluavimin\u2019e<\/strong><\/p>\n<p>Stikari \u2013 <strong>Stikari<\/strong><\/p>\n<p>Suitsuttaa<strong> \u2013 Kuajie<\/strong><\/p>\n<p>Suitsutusastia \u2013 <strong>Kadila<\/strong><\/p>\n<p>Suitsutuspihka<strong> \u2013 Loadana<\/strong><\/p>\n<p>Suuri Paasto \u2013 <strong>Suuri Pyh\u00e4<\/strong><\/p>\n<p>Sylikummi<strong> \u2013 Ysk\u00e4spid\u00e4i<\/strong><\/p>\n<p>Synodi<strong> \u2013 Pyh\u00e4 Sinoda<\/strong><\/p>\n<p>Synti \u2013 <strong>Ri\u00e4hk\u00e4<\/strong><\/p>\n<p>Teofania \u2013 <strong>Vieristy, Teofania<\/strong><\/p>\n<p>Teologi \u2013 <strong>Teologu<\/strong><\/p>\n<p>Teologia \u2013 <strong>Teolougii<\/strong><\/p>\n<p>Traditio<strong> \u2013 Traditsii<\/strong><\/p>\n<p>Tropari<strong> \u2013 Tropari<\/strong><\/p>\n<p>Uhrip\u00f6yt\u00e4 \u2013 <strong>Lahjustola<\/strong><\/p>\n<p>Uskonto<strong> \u2013 Viero, Uskondo, Religii<\/strong><\/p>\n<p>Uskontunnustus<strong> \u2013 Uskontunnustus<\/strong><\/p>\n<p>Uusi Testamentti \u2013 <strong>Uuzi Sana<\/strong><\/p>\n<p>Vainaja \u2013 <strong>Pokoiniekku<\/strong><\/p>\n<p>Vanha Testamentti \u2013 <strong>Vahnu Sana<\/strong><\/p>\n<p>Vapahtaja \u2013 <strong>Spuassu, Pi\u00e4st\u00e4i<\/strong><\/p>\n<p>Vedenpyhitys \u2013 <strong>Veinpyhitys<\/strong><\/p>\n<p>Vertaiskuva \u2013 <strong>Arbaituspagin<\/strong><\/p>\n<p>Vigilia \u2013 <strong>Vigilii<\/strong><\/p>\n<p>Vihkiminen (Avioliiton sakramentti) \u2013 <strong>Ven\u010d\u010duandu<\/strong><\/p>\n<p>Vihmin \u2013 <strong>Vihmin, Vihkoin\u2019e<\/strong><\/p>\n<p>Virpopavitsa \u2013 <strong>Virboivi\u010d\u010du<\/strong><\/p>\n<p>Vuorisaarna<strong> \u2013 M\u00e4gipagin<\/strong><\/p>\n<p>Yl\u00f6snousemus<strong> \u2013 Yl\u00e4hnouzendu<\/strong><\/p>\n<p>&nbsp;<\/p>\n<p><img loading=\"lazy\" decoding=\"async\" class=\"alignnone wp-image-416 size-medium\" src=\"https:\/\/blogs.uef.fi\/karjalanelvytys\/wp-content\/uploads\/sites\/155\/2021\/04\/virgin-mary-3354771_960_720-300x200.jpg\" alt=\"Ortodoksinen maalaus\" width=\"300\" height=\"200\" srcset=\"https:\/\/blogs.uef.fi\/karjalanelvytys\/wp-content\/uploads\/sites\/155\/2021\/04\/virgin-mary-3354771_960_720-300x200.jpg 300w, https:\/\/blogs.uef.fi\/karjalanelvytys\/wp-content\/uploads\/sites\/155\/2021\/04\/virgin-mary-3354771_960_720-768x512.jpg 768w, https:\/\/blogs.uef.fi\/karjalanelvytys\/wp-content\/uploads\/sites\/155\/2021\/04\/virgin-mary-3354771_960_720.jpg 960w\" sizes=\"auto, (max-width: 300px) 100vw, 300px\" \/><\/p>\n<h2><\/h2>\n","protected":false},"excerpt":{"rendered":"<p>P\u00e4iv\u00e4nnouzu-Suomen yliopistos pietyn ki\u00e4nn\u00f6sseminuaran opastui \u0160utoin Miikul (Joona Sutinen) on ker\u00e4nnyh da luadinuh i\u010degi\u00a0 pravoslaunoidu kirikk\u00f6sanastuo livvinkarjalakse. L\u00e4htehinny h\u00e4i on k\u00e4ytt\u00e4nyh Mid\u00e4, kui, mint\u00e4h \u2013 pravoslaunoin kirikk\u00f6tiijon k\u00e4zikniigua (Kalevi Kasala 2001), Sanakirjua Karjala-suomi (Raija Py\u00f6li 2016) sego Uuttu Sanua. Sanastoluvettelo rodih nengoine: Alttari \u2013 Altari Alttarip\u00f6yt\u00e4 \u2013 Altaristola, Pyh\u00e4stola Amboni \u2013 Ambonu Amen \u2013 Amin [&hellip;]<\/p>\n","protected":false},"author":419,"featured_media":0,"parent":0,"menu_order":0,"comment_status":"closed","ping_status":"closed","template":"","meta":{"_acf_changed":false,"footnotes":""},"class_list":["post-907","page","type-page","status-publish","hentry"],"acf":[],"yoast_head":"<!-- This site is optimized with the Yoast SEO plugin v27.3 - https:\/\/yoast.com\/product\/yoast-seo-wordpress\/ -->\n<title>Kirikk\u00f6sanastuo livvinkarjalakse - Karjalan kielen elvytt\u00e4minen<\/title>\n<meta name=\"robots\" content=\"index, follow, max-snippet:-1, max-image-preview:large, max-video-preview:-1\" \/>\n<link rel=\"canonical\" href=\"https:\/\/blogs.uef.fi\/karjalanelvytys\/kirikkosanastuo-livvinkarjalakse\/\" \/>\n<meta property=\"og:locale\" content=\"fi_FI\" \/>\n<meta property=\"og:type\" content=\"article\" \/>\n<meta property=\"og:title\" content=\"Kirikk\u00f6sanastuo livvinkarjalakse - Karjalan kielen elvytt\u00e4minen\" \/>\n<meta property=\"og:description\" content=\"P\u00e4iv\u00e4nnouzu-Suomen yliopistos pietyn ki\u00e4nn\u00f6sseminuaran opastui \u0160utoin Miikul (Joona Sutinen) on ker\u00e4nnyh da luadinuh i\u010degi\u00a0 pravoslaunoidu kirikk\u00f6sanastuo livvinkarjalakse. L\u00e4htehinny h\u00e4i on k\u00e4ytt\u00e4nyh Mid\u00e4, kui, mint\u00e4h \u2013 pravoslaunoin kirikk\u00f6tiijon k\u00e4zikniigua (Kalevi Kasala 2001), Sanakirjua Karjala-suomi (Raija Py\u00f6li 2016) sego Uuttu Sanua. Sanastoluvettelo rodih nengoine: Alttari \u2013 Altari Alttarip\u00f6yt\u00e4 \u2013 Altaristola, Pyh\u00e4stola Amboni \u2013 Ambonu Amen \u2013 Amin [&hellip;]\" \/>\n<meta property=\"og:url\" content=\"https:\/\/blogs.uef.fi\/karjalanelvytys\/kirikkosanastuo-livvinkarjalakse\/\" \/>\n<meta property=\"og:site_name\" content=\"Karjalan kielen elvytt\u00e4minen\" \/>\n<meta property=\"article:modified_time\" content=\"2021-09-23T13:38:49+00:00\" \/>\n<meta property=\"og:image\" content=\"https:\/\/blogs.uef.fi\/karjalanelvytys\/wp-content\/uploads\/sites\/155\/2021\/04\/virgin-mary-3354771_960_720-300x200.jpg\" \/>\n<meta name=\"twitter:card\" content=\"summary_large_image\" \/>\n<meta name=\"twitter:label1\" content=\"Arvioitu lukuaika\" \/>\n\t<meta name=\"twitter:data1\" content=\"3 minuuttia\" \/>\n<script type=\"application\/ld+json\" class=\"yoast-schema-graph\">{\"@context\":\"https:\\\/\\\/schema.org\",\"@graph\":[{\"@type\":\"WebPage\",\"@id\":\"https:\\\/\\\/blogs.uef.fi\\\/karjalanelvytys\\\/kirikkosanastuo-livvinkarjalakse\\\/\",\"url\":\"https:\\\/\\\/blogs.uef.fi\\\/karjalanelvytys\\\/kirikkosanastuo-livvinkarjalakse\\\/\",\"name\":\"Kirikk\u00f6sanastuo livvinkarjalakse - Karjalan kielen elvytt\u00e4minen\",\"isPartOf\":{\"@id\":\"https:\\\/\\\/blogs.uef.fi\\\/karjalanelvytys\\\/#website\"},\"primaryImageOfPage\":{\"@id\":\"https:\\\/\\\/blogs.uef.fi\\\/karjalanelvytys\\\/kirikkosanastuo-livvinkarjalakse\\\/#primaryimage\"},\"image\":{\"@id\":\"https:\\\/\\\/blogs.uef.fi\\\/karjalanelvytys\\\/kirikkosanastuo-livvinkarjalakse\\\/#primaryimage\"},\"thumbnailUrl\":\"https:\\\/\\\/blogs.uef.fi\\\/karjalanelvytys\\\/wp-content\\\/uploads\\\/sites\\\/155\\\/2021\\\/04\\\/virgin-mary-3354771_960_720-300x200.jpg\",\"datePublished\":\"2021-07-01T06:06:11+00:00\",\"dateModified\":\"2021-09-23T13:38:49+00:00\",\"breadcrumb\":{\"@id\":\"https:\\\/\\\/blogs.uef.fi\\\/karjalanelvytys\\\/kirikkosanastuo-livvinkarjalakse\\\/#breadcrumb\"},\"inLanguage\":\"fi\",\"potentialAction\":[{\"@type\":\"ReadAction\",\"target\":[\"https:\\\/\\\/blogs.uef.fi\\\/karjalanelvytys\\\/kirikkosanastuo-livvinkarjalakse\\\/\"]}]},{\"@type\":\"ImageObject\",\"inLanguage\":\"fi\",\"@id\":\"https:\\\/\\\/blogs.uef.fi\\\/karjalanelvytys\\\/kirikkosanastuo-livvinkarjalakse\\\/#primaryimage\",\"url\":\"https:\\\/\\\/blogs.uef.fi\\\/karjalanelvytys\\\/wp-content\\\/uploads\\\/sites\\\/155\\\/2021\\\/04\\\/virgin-mary-3354771_960_720.jpg\",\"contentUrl\":\"https:\\\/\\\/blogs.uef.fi\\\/karjalanelvytys\\\/wp-content\\\/uploads\\\/sites\\\/155\\\/2021\\\/04\\\/virgin-mary-3354771_960_720.jpg\",\"width\":960,\"height\":640},{\"@type\":\"BreadcrumbList\",\"@id\":\"https:\\\/\\\/blogs.uef.fi\\\/karjalanelvytys\\\/kirikkosanastuo-livvinkarjalakse\\\/#breadcrumb\",\"itemListElement\":[{\"@type\":\"ListItem\",\"position\":1,\"name\":\"Home\",\"item\":\"https:\\\/\\\/blogs.uef.fi\\\/karjalanelvytys\\\/\"},{\"@type\":\"ListItem\",\"position\":2,\"name\":\"Kirikk\u00f6sanastuo livvinkarjalakse\"}]},{\"@type\":\"WebSite\",\"@id\":\"https:\\\/\\\/blogs.uef.fi\\\/karjalanelvytys\\\/#website\",\"url\":\"https:\\\/\\\/blogs.uef.fi\\\/karjalanelvytys\\\/\",\"name\":\"Karjalan kielen elvytt\u00e4minen\",\"description\":\"\",\"potentialAction\":[{\"@type\":\"SearchAction\",\"target\":{\"@type\":\"EntryPoint\",\"urlTemplate\":\"https:\\\/\\\/blogs.uef.fi\\\/karjalanelvytys\\\/?s={search_term_string}\"},\"query-input\":{\"@type\":\"PropertyValueSpecification\",\"valueRequired\":true,\"valueName\":\"search_term_string\"}}],\"inLanguage\":\"fi\"}]}<\/script>\n<!-- \/ Yoast SEO plugin. -->","yoast_head_json":{"title":"Kirikk\u00f6sanastuo livvinkarjalakse - Karjalan kielen elvytt\u00e4minen","robots":{"index":"index","follow":"follow","max-snippet":"max-snippet:-1","max-image-preview":"max-image-preview:large","max-video-preview":"max-video-preview:-1"},"canonical":"https:\/\/blogs.uef.fi\/karjalanelvytys\/kirikkosanastuo-livvinkarjalakse\/","og_locale":"fi_FI","og_type":"article","og_title":"Kirikk\u00f6sanastuo livvinkarjalakse - Karjalan kielen elvytt\u00e4minen","og_description":"P\u00e4iv\u00e4nnouzu-Suomen yliopistos pietyn ki\u00e4nn\u00f6sseminuaran opastui \u0160utoin Miikul (Joona Sutinen) on ker\u00e4nnyh da luadinuh i\u010degi\u00a0 pravoslaunoidu kirikk\u00f6sanastuo livvinkarjalakse. L\u00e4htehinny h\u00e4i on k\u00e4ytt\u00e4nyh Mid\u00e4, kui, mint\u00e4h \u2013 pravoslaunoin kirikk\u00f6tiijon k\u00e4zikniigua (Kalevi Kasala 2001), Sanakirjua Karjala-suomi (Raija Py\u00f6li 2016) sego Uuttu Sanua. Sanastoluvettelo rodih nengoine: Alttari \u2013 Altari Alttarip\u00f6yt\u00e4 \u2013 Altaristola, Pyh\u00e4stola Amboni \u2013 Ambonu Amen \u2013 Amin [&hellip;]","og_url":"https:\/\/blogs.uef.fi\/karjalanelvytys\/kirikkosanastuo-livvinkarjalakse\/","og_site_name":"Karjalan kielen elvytt\u00e4minen","article_modified_time":"2021-09-23T13:38:49+00:00","og_image":[{"url":"https:\/\/blogs.uef.fi\/karjalanelvytys\/wp-content\/uploads\/sites\/155\/2021\/04\/virgin-mary-3354771_960_720-300x200.jpg","type":"","width":"","height":""}],"twitter_card":"summary_large_image","twitter_misc":{"Arvioitu lukuaika":"3 minuuttia"},"schema":{"@context":"https:\/\/schema.org","@graph":[{"@type":"WebPage","@id":"https:\/\/blogs.uef.fi\/karjalanelvytys\/kirikkosanastuo-livvinkarjalakse\/","url":"https:\/\/blogs.uef.fi\/karjalanelvytys\/kirikkosanastuo-livvinkarjalakse\/","name":"Kirikk\u00f6sanastuo livvinkarjalakse - Karjalan kielen elvytt\u00e4minen","isPartOf":{"@id":"https:\/\/blogs.uef.fi\/karjalanelvytys\/#website"},"primaryImageOfPage":{"@id":"https:\/\/blogs.uef.fi\/karjalanelvytys\/kirikkosanastuo-livvinkarjalakse\/#primaryimage"},"image":{"@id":"https:\/\/blogs.uef.fi\/karjalanelvytys\/kirikkosanastuo-livvinkarjalakse\/#primaryimage"},"thumbnailUrl":"https:\/\/blogs.uef.fi\/karjalanelvytys\/wp-content\/uploads\/sites\/155\/2021\/04\/virgin-mary-3354771_960_720-300x200.jpg","datePublished":"2021-07-01T06:06:11+00:00","dateModified":"2021-09-23T13:38:49+00:00","breadcrumb":{"@id":"https:\/\/blogs.uef.fi\/karjalanelvytys\/kirikkosanastuo-livvinkarjalakse\/#breadcrumb"},"inLanguage":"fi","potentialAction":[{"@type":"ReadAction","target":["https:\/\/blogs.uef.fi\/karjalanelvytys\/kirikkosanastuo-livvinkarjalakse\/"]}]},{"@type":"ImageObject","inLanguage":"fi","@id":"https:\/\/blogs.uef.fi\/karjalanelvytys\/kirikkosanastuo-livvinkarjalakse\/#primaryimage","url":"https:\/\/blogs.uef.fi\/karjalanelvytys\/wp-content\/uploads\/sites\/155\/2021\/04\/virgin-mary-3354771_960_720.jpg","contentUrl":"https:\/\/blogs.uef.fi\/karjalanelvytys\/wp-content\/uploads\/sites\/155\/2021\/04\/virgin-mary-3354771_960_720.jpg","width":960,"height":640},{"@type":"BreadcrumbList","@id":"https:\/\/blogs.uef.fi\/karjalanelvytys\/kirikkosanastuo-livvinkarjalakse\/#breadcrumb","itemListElement":[{"@type":"ListItem","position":1,"name":"Home","item":"https:\/\/blogs.uef.fi\/karjalanelvytys\/"},{"@type":"ListItem","position":2,"name":"Kirikk\u00f6sanastuo livvinkarjalakse"}]},{"@type":"WebSite","@id":"https:\/\/blogs.uef.fi\/karjalanelvytys\/#website","url":"https:\/\/blogs.uef.fi\/karjalanelvytys\/","name":"Karjalan kielen elvytt\u00e4minen","description":"","potentialAction":[{"@type":"SearchAction","target":{"@type":"EntryPoint","urlTemplate":"https:\/\/blogs.uef.fi\/karjalanelvytys\/?s={search_term_string}"},"query-input":{"@type":"PropertyValueSpecification","valueRequired":true,"valueName":"search_term_string"}}],"inLanguage":"fi"}]}},"_links":{"self":[{"href":"https:\/\/blogs.uef.fi\/karjalanelvytys\/wp-json\/wp\/v2\/pages\/907","targetHints":{"allow":["GET"]}}],"collection":[{"href":"https:\/\/blogs.uef.fi\/karjalanelvytys\/wp-json\/wp\/v2\/pages"}],"about":[{"href":"https:\/\/blogs.uef.fi\/karjalanelvytys\/wp-json\/wp\/v2\/types\/page"}],"author":[{"embeddable":true,"href":"https:\/\/blogs.uef.fi\/karjalanelvytys\/wp-json\/wp\/v2\/users\/419"}],"replies":[{"embeddable":true,"href":"https:\/\/blogs.uef.fi\/karjalanelvytys\/wp-json\/wp\/v2\/comments?post=907"}],"version-history":[{"count":2,"href":"https:\/\/blogs.uef.fi\/karjalanelvytys\/wp-json\/wp\/v2\/pages\/907\/revisions"}],"predecessor-version":[{"id":1747,"href":"https:\/\/blogs.uef.fi\/karjalanelvytys\/wp-json\/wp\/v2\/pages\/907\/revisions\/1747"}],"wp:attachment":[{"href":"https:\/\/blogs.uef.fi\/karjalanelvytys\/wp-json\/wp\/v2\/media?parent=907"}],"curies":[{"name":"wp","href":"https:\/\/api.w.org\/{rel}","templated":true}]}}