{"id":8994,"date":"2023-02-02T15:10:22","date_gmt":"2023-02-02T13:10:22","guid":{"rendered":"https:\/\/blogs.uef.fi\/karjalanelvytys\/?page_id=8994"},"modified":"2023-02-02T15:10:22","modified_gmt":"2023-02-02T13:10:22","slug":"livvinkarjalan-kielikurssi-2019","status":"publish","type":"page","link":"https:\/\/blogs.uef.fi\/karjalanelvytys\/livvinkarjalan-kielikurssi-2019\/","title":{"rendered":"Livvinkarjalan kielikurssi (2019)"},"content":{"rendered":"<h1>Ig\u00e4 el\u00e4, ig\u00e4 opastu \u2013 ka\u010dahtus livvinkarjalah (2019)<\/h1>\n<p>Luentokokonaisuus Ig\u00e4 el\u00e4, ig\u00e4 opastu tutustuttaa sinut yhteen karjalan kielen murteeseen, livvinkarjalaan. Videoilla k\u00e4yd\u00e4\u00e4n l\u00e4pi jonkin verran kielioppia, mutta p\u00e4\u00e4paino on arkip\u00e4iv\u00e4isen sanaston ja puhekielen opettelussa. Jokainen video on oma kokonaisuutensa, ja voit katsoa ne haluamassasi j\u00e4rjestyksess\u00e4. Videoilla karjalan kielen opettajana toimii Natalia Giloeva. Tervetuloa opiskelemaan karjalan kielt\u00e4!<\/p>\n<p>***<\/p>\n<p>Luventokokonaisu\u0161 Ig\u00e4 el\u00e4, ig\u00e4 opastu tuttavu\u0161\u0161uttau \u0161ilma yhteh karjalan kielen murteheh, livvinkarjalah. Videolla ka\u010dellah minki verran kielioppie, ka pi\u00e4asiena on jokap\u00e4iv\u00e4sen \u0161ana\u0161ton ta pakinakielen opa\u0161\u0161unta. Jokahini video on oma kokonaisu\u0161, ta voit ka\u010d\u010duo ne \u0161emmose\u0161\u0161a j\u00e4rje\u0161\u0161yk\u0161e\u0161\u0161\u00e4, mimmose\u0161\u0161a tahot. Videoloilla karjalan kielen opa\u0161tajana on Natalia Giloeva. Tule terveh opa\u0161tumah karjalan kielt\u00e4!<\/p>\n<p>***<\/p>\n<p>Luvendokogonazus Ig\u00e4 el\u00e4, ig\u00e4 opastu tuttavussuttau siuda yhteh karjalan kielen murdeheh, livvinkarjalah. Videoloissa on mingi verran kielioppie, a pi\u00e4dielona niiss\u00e4 on jogap\u00e4iv\u00e4hizen sanasson da paginakielen opassunda. Jogahine video on oma kogonazus, da videot voit ka\u010d\u010duo siin\u00e4 j\u00e4rjessyksess\u00e4 kun tahot. Videoloissa karjalan kielen opastajana on Natalia Giloeva. Terveh tule opastumah karjalan kieleh!<\/p>\n<p>***<\/p>\n<p>Luvendokogona\u017eus Ig\u00e4 el\u00e4, ig\u00e4 opastu tuttavuttau sinuu yhteh karjalan kielimuodoh, livvinkarjalah. Videos on mingi verran kielioppii, ga pi\u00e4dielonnu sit on jogap\u00e4iv\u00e4hizen sanaston da paginkielen opastundu. Jogahine video on oma kogona\u017eus, da voit ka\u010d\u010duo videot sit j\u00e4lletykses, mittuzes tahtot. Videolois karjalan kielen opastajannu on Natalia Giloeva. Tule opastumah karjalan kieleh!<\/p>\n<p>***<\/p>\n<p>Videot on saatavissa my\u00f6s tekstitettyin\u00e4. *** Voit ka\u010d\u010duo videot niisi tekstityk\u0161ien kera. *** Videot voit ka\u010d\u010duo i tekstityksen kera. *** Voit ka\u010d\u010duo videot se\u017eo tekstityksenke.<\/p>\n<p>&nbsp;<\/p>\n<iframe loading=\"lazy\" src=\"https:\/\/uef.cloud.panopto.eu\/Panopto\/Pages\/Embed.aspx?id=8df58dec-d61c-4b3a-9d63-afe600fbadf4&autoplay=false&offerviewer=false&showtitle=false&showbrand=false&captions=true&interactivity=search\" height=\"405\" width=\"720\" style=\"border: 1px solid #464646;\" allowfullscreen allow=\"autoplay\"><\/iframe>\n<iframe loading=\"lazy\" src=\"https:\/\/uef.cloud.panopto.eu\/Panopto\/Pages\/Embed.aspx?id=fac49b22-9686-40b0-a7d6-afe600fbeec7&autoplay=false&offerviewer=false&showtitle=false&showbrand=false&captions=true&interactivity=search\" height=\"405\" width=\"720\" style=\"border: 1px solid #464646;\" allowfullscreen allow=\"autoplay\"><\/iframe>\n<iframe loading=\"lazy\" src=\"https:\/\/uef.cloud.panopto.eu\/Panopto\/Pages\/Embed.aspx?id=2b4f50c0-203d-4318-86a0-afe600fc41e8&autoplay=false&offerviewer=false&showtitle=false&showbrand=false&captions=true&interactivity=search\" height=\"405\" width=\"720\" style=\"border: 1px solid #464646;\" allowfullscreen allow=\"autoplay\"><\/iframe>\n<iframe loading=\"lazy\" src=\"https:\/\/uef.cloud.panopto.eu\/Panopto\/Pages\/Embed.aspx?id=50db40d6-046f-4409-a236-afe600fc4cfb&autoplay=false&offerviewer=false&showtitle=false&showbrand=false&captions=true&interactivity=search\" height=\"405\" width=\"720\" style=\"border: 1px solid #464646;\" allowfullscreen allow=\"autoplay\"><\/iframe>\n<iframe loading=\"lazy\" src=\"https:\/\/uef.cloud.panopto.eu\/Panopto\/Pages\/Embed.aspx?id=6f1eb223-3302-4ee4-bb55-afe600fea3de&autoplay=false&offerviewer=false&showtitle=false&showbrand=false&captions=true&interactivity=search\" height=\"405\" width=\"720\" style=\"border: 1px solid #464646;\" allowfullscreen allow=\"autoplay\"><\/iframe>\n<iframe loading=\"lazy\" src=\"https:\/\/uef.cloud.panopto.eu\/Panopto\/Pages\/Embed.aspx?id=f4713036-288f-4190-8207-afe6010052b4&autoplay=false&offerviewer=false&showtitle=false&showbrand=false&captions=true&interactivity=search\" height=\"405\" width=\"720\" style=\"border: 1px solid #464646;\" allowfullscreen allow=\"autoplay\"><\/iframe>\n<iframe loading=\"lazy\" src=\"https:\/\/uef.cloud.panopto.eu\/Panopto\/Pages\/Embed.aspx?id=a7683713-2ded-46c7-9134-afe601016fe7&autoplay=false&offerviewer=false&showtitle=false&showbrand=false&captions=true&interactivity=search\" height=\"405\" width=\"720\" style=\"border: 1px solid #464646;\" allowfullscreen allow=\"autoplay\"><\/iframe>\n","protected":false},"excerpt":{"rendered":"<p>Ig\u00e4 el\u00e4, ig\u00e4 opastu \u2013 ka\u010dahtus livvinkarjalah (2019) Luentokokonaisuus Ig\u00e4 el\u00e4, ig\u00e4 opastu tutustuttaa sinut yhteen karjalan kielen murteeseen, livvinkarjalaan. Videoilla k\u00e4yd\u00e4\u00e4n l\u00e4pi jonkin verran kielioppia, mutta p\u00e4\u00e4paino on arkip\u00e4iv\u00e4isen sanaston ja puhekielen opettelussa. Jokainen video on oma kokonaisuutensa, ja voit katsoa ne haluamassasi j\u00e4rjestyksess\u00e4. Videoilla karjalan kielen opettajana toimii Natalia Giloeva. Tervetuloa opiskelemaan karjalan [&hellip;]<\/p>\n","protected":false},"author":580,"featured_media":0,"parent":0,"menu_order":0,"comment_status":"closed","ping_status":"closed","template":"","meta":{"_acf_changed":false,"footnotes":""},"class_list":["post-8994","page","type-page","status-publish","hentry"],"acf":[],"yoast_head":"<!-- This site is optimized with the Yoast SEO plugin v27.3 - https:\/\/yoast.com\/product\/yoast-seo-wordpress\/ -->\n<title>Livvinkarjalan kielikurssi (2019) - Karjalan kielen elvytt\u00e4minen<\/title>\n<meta name=\"robots\" content=\"index, follow, max-snippet:-1, max-image-preview:large, max-video-preview:-1\" \/>\n<link rel=\"canonical\" href=\"https:\/\/blogs.uef.fi\/karjalanelvytys\/livvinkarjalan-kielikurssi-2019\/\" \/>\n<meta property=\"og:locale\" content=\"fi_FI\" \/>\n<meta property=\"og:type\" content=\"article\" \/>\n<meta property=\"og:title\" content=\"Livvinkarjalan kielikurssi (2019) - Karjalan kielen elvytt\u00e4minen\" \/>\n<meta property=\"og:description\" content=\"Ig\u00e4 el\u00e4, ig\u00e4 opastu \u2013 ka\u010dahtus livvinkarjalah (2019) Luentokokonaisuus Ig\u00e4 el\u00e4, ig\u00e4 opastu tutustuttaa sinut yhteen karjalan kielen murteeseen, livvinkarjalaan. Videoilla k\u00e4yd\u00e4\u00e4n l\u00e4pi jonkin verran kielioppia, mutta p\u00e4\u00e4paino on arkip\u00e4iv\u00e4isen sanaston ja puhekielen opettelussa. Jokainen video on oma kokonaisuutensa, ja voit katsoa ne haluamassasi j\u00e4rjestyksess\u00e4. Videoilla karjalan kielen opettajana toimii Natalia Giloeva. Tervetuloa opiskelemaan karjalan [&hellip;]\" \/>\n<meta property=\"og:url\" content=\"https:\/\/blogs.uef.fi\/karjalanelvytys\/livvinkarjalan-kielikurssi-2019\/\" \/>\n<meta property=\"og:site_name\" content=\"Karjalan kielen elvytt\u00e4minen\" \/>\n<meta name=\"twitter:card\" content=\"summary_large_image\" \/>\n<meta name=\"twitter:label1\" content=\"Arvioitu lukuaika\" \/>\n\t<meta name=\"twitter:data1\" content=\"2 minuuttia\" \/>\n<script type=\"application\/ld+json\" class=\"yoast-schema-graph\">{\"@context\":\"https:\\\/\\\/schema.org\",\"@graph\":[{\"@type\":\"WebPage\",\"@id\":\"https:\\\/\\\/blogs.uef.fi\\\/karjalanelvytys\\\/livvinkarjalan-kielikurssi-2019\\\/\",\"url\":\"https:\\\/\\\/blogs.uef.fi\\\/karjalanelvytys\\\/livvinkarjalan-kielikurssi-2019\\\/\",\"name\":\"Livvinkarjalan kielikurssi (2019) - Karjalan kielen elvytt\u00e4minen\",\"isPartOf\":{\"@id\":\"https:\\\/\\\/blogs.uef.fi\\\/karjalanelvytys\\\/#website\"},\"datePublished\":\"2023-02-02T13:10:22+00:00\",\"breadcrumb\":{\"@id\":\"https:\\\/\\\/blogs.uef.fi\\\/karjalanelvytys\\\/livvinkarjalan-kielikurssi-2019\\\/#breadcrumb\"},\"inLanguage\":\"fi\",\"potentialAction\":[{\"@type\":\"ReadAction\",\"target\":[\"https:\\\/\\\/blogs.uef.fi\\\/karjalanelvytys\\\/livvinkarjalan-kielikurssi-2019\\\/\"]}]},{\"@type\":\"BreadcrumbList\",\"@id\":\"https:\\\/\\\/blogs.uef.fi\\\/karjalanelvytys\\\/livvinkarjalan-kielikurssi-2019\\\/#breadcrumb\",\"itemListElement\":[{\"@type\":\"ListItem\",\"position\":1,\"name\":\"Home\",\"item\":\"https:\\\/\\\/blogs.uef.fi\\\/karjalanelvytys\\\/\"},{\"@type\":\"ListItem\",\"position\":2,\"name\":\"Livvinkarjalan kielikurssi (2019)\"}]},{\"@type\":\"WebSite\",\"@id\":\"https:\\\/\\\/blogs.uef.fi\\\/karjalanelvytys\\\/#website\",\"url\":\"https:\\\/\\\/blogs.uef.fi\\\/karjalanelvytys\\\/\",\"name\":\"Karjalan kielen elvytt\u00e4minen\",\"description\":\"\",\"potentialAction\":[{\"@type\":\"SearchAction\",\"target\":{\"@type\":\"EntryPoint\",\"urlTemplate\":\"https:\\\/\\\/blogs.uef.fi\\\/karjalanelvytys\\\/?s={search_term_string}\"},\"query-input\":{\"@type\":\"PropertyValueSpecification\",\"valueRequired\":true,\"valueName\":\"search_term_string\"}}],\"inLanguage\":\"fi\"}]}<\/script>\n<!-- \/ Yoast SEO plugin. -->","yoast_head_json":{"title":"Livvinkarjalan kielikurssi (2019) - Karjalan kielen elvytt\u00e4minen","robots":{"index":"index","follow":"follow","max-snippet":"max-snippet:-1","max-image-preview":"max-image-preview:large","max-video-preview":"max-video-preview:-1"},"canonical":"https:\/\/blogs.uef.fi\/karjalanelvytys\/livvinkarjalan-kielikurssi-2019\/","og_locale":"fi_FI","og_type":"article","og_title":"Livvinkarjalan kielikurssi (2019) - Karjalan kielen elvytt\u00e4minen","og_description":"Ig\u00e4 el\u00e4, ig\u00e4 opastu \u2013 ka\u010dahtus livvinkarjalah (2019) Luentokokonaisuus Ig\u00e4 el\u00e4, ig\u00e4 opastu tutustuttaa sinut yhteen karjalan kielen murteeseen, livvinkarjalaan. Videoilla k\u00e4yd\u00e4\u00e4n l\u00e4pi jonkin verran kielioppia, mutta p\u00e4\u00e4paino on arkip\u00e4iv\u00e4isen sanaston ja puhekielen opettelussa. Jokainen video on oma kokonaisuutensa, ja voit katsoa ne haluamassasi j\u00e4rjestyksess\u00e4. Videoilla karjalan kielen opettajana toimii Natalia Giloeva. Tervetuloa opiskelemaan karjalan [&hellip;]","og_url":"https:\/\/blogs.uef.fi\/karjalanelvytys\/livvinkarjalan-kielikurssi-2019\/","og_site_name":"Karjalan kielen elvytt\u00e4minen","twitter_card":"summary_large_image","twitter_misc":{"Arvioitu lukuaika":"2 minuuttia"},"schema":{"@context":"https:\/\/schema.org","@graph":[{"@type":"WebPage","@id":"https:\/\/blogs.uef.fi\/karjalanelvytys\/livvinkarjalan-kielikurssi-2019\/","url":"https:\/\/blogs.uef.fi\/karjalanelvytys\/livvinkarjalan-kielikurssi-2019\/","name":"Livvinkarjalan kielikurssi (2019) - Karjalan kielen elvytt\u00e4minen","isPartOf":{"@id":"https:\/\/blogs.uef.fi\/karjalanelvytys\/#website"},"datePublished":"2023-02-02T13:10:22+00:00","breadcrumb":{"@id":"https:\/\/blogs.uef.fi\/karjalanelvytys\/livvinkarjalan-kielikurssi-2019\/#breadcrumb"},"inLanguage":"fi","potentialAction":[{"@type":"ReadAction","target":["https:\/\/blogs.uef.fi\/karjalanelvytys\/livvinkarjalan-kielikurssi-2019\/"]}]},{"@type":"BreadcrumbList","@id":"https:\/\/blogs.uef.fi\/karjalanelvytys\/livvinkarjalan-kielikurssi-2019\/#breadcrumb","itemListElement":[{"@type":"ListItem","position":1,"name":"Home","item":"https:\/\/blogs.uef.fi\/karjalanelvytys\/"},{"@type":"ListItem","position":2,"name":"Livvinkarjalan kielikurssi (2019)"}]},{"@type":"WebSite","@id":"https:\/\/blogs.uef.fi\/karjalanelvytys\/#website","url":"https:\/\/blogs.uef.fi\/karjalanelvytys\/","name":"Karjalan kielen elvytt\u00e4minen","description":"","potentialAction":[{"@type":"SearchAction","target":{"@type":"EntryPoint","urlTemplate":"https:\/\/blogs.uef.fi\/karjalanelvytys\/?s={search_term_string}"},"query-input":{"@type":"PropertyValueSpecification","valueRequired":true,"valueName":"search_term_string"}}],"inLanguage":"fi"}]}},"_links":{"self":[{"href":"https:\/\/blogs.uef.fi\/karjalanelvytys\/wp-json\/wp\/v2\/pages\/8994","targetHints":{"allow":["GET"]}}],"collection":[{"href":"https:\/\/blogs.uef.fi\/karjalanelvytys\/wp-json\/wp\/v2\/pages"}],"about":[{"href":"https:\/\/blogs.uef.fi\/karjalanelvytys\/wp-json\/wp\/v2\/types\/page"}],"author":[{"embeddable":true,"href":"https:\/\/blogs.uef.fi\/karjalanelvytys\/wp-json\/wp\/v2\/users\/580"}],"replies":[{"embeddable":true,"href":"https:\/\/blogs.uef.fi\/karjalanelvytys\/wp-json\/wp\/v2\/comments?post=8994"}],"version-history":[{"count":2,"href":"https:\/\/blogs.uef.fi\/karjalanelvytys\/wp-json\/wp\/v2\/pages\/8994\/revisions"}],"predecessor-version":[{"id":9078,"href":"https:\/\/blogs.uef.fi\/karjalanelvytys\/wp-json\/wp\/v2\/pages\/8994\/revisions\/9078"}],"wp:attachment":[{"href":"https:\/\/blogs.uef.fi\/karjalanelvytys\/wp-json\/wp\/v2\/media?parent=8994"}],"curies":[{"name":"wp","href":"https:\/\/api.w.org\/{rel}","templated":true}]}}