{"id":7513,"date":"2022-11-24T07:45:09","date_gmt":"2022-11-24T05:45:09","guid":{"rendered":"https:\/\/blogs.uef.fi\/karjalanelvytys\/?page_id=7513"},"modified":"2022-12-16T23:11:00","modified_gmt":"2022-12-16T21:11:00","slug":"karjalaine-iani","status":"publish","type":"page","link":"https:\/\/blogs.uef.fi\/karjalanelvytys\/karjalaine-iani\/","title":{"rendered":"Karjalaine i\u00e4ni"},"content":{"rendered":"<h1><span style=\"font-size: large\"><span lang=\"se-FI\">Karjalaine i\u00e4ni<\/span><\/span><\/h1>\n<div id=\"attachment_7516\" style=\"width: 310px\" class=\"wp-caption alignnone\"><img loading=\"lazy\" decoding=\"async\" aria-describedby=\"caption-attachment-7516\" class=\"wp-image-7516 size-medium\" src=\"https:\/\/blogs.uef.fi\/karjalanelvytys\/wp-content\/uploads\/sites\/155\/2022\/11\/Karjalaine-iani-2-1-300x169.png\" alt=\"Karjalaine i\u00e4ni\" width=\"300\" height=\"169\" srcset=\"https:\/\/blogs.uef.fi\/karjalanelvytys\/wp-content\/uploads\/sites\/155\/2022\/11\/Karjalaine-iani-2-1-300x169.png 300w, https:\/\/blogs.uef.fi\/karjalanelvytys\/wp-content\/uploads\/sites\/155\/2022\/11\/Karjalaine-iani-2-1-1024x575.png 1024w, https:\/\/blogs.uef.fi\/karjalanelvytys\/wp-content\/uploads\/sites\/155\/2022\/11\/Karjalaine-iani-2-1-768x431.png 768w, https:\/\/blogs.uef.fi\/karjalanelvytys\/wp-content\/uploads\/sites\/155\/2022\/11\/Karjalaine-iani-2-1.png 1280w\" sizes=\"auto, (max-width: 300px) 100vw, 300px\" \/><p id=\"caption-attachment-7516\" class=\"wp-caption-text\">Kuva: Juulia K\u00e4\u00e4ri\u00e4<\/p><\/div>\n<p><span lang=\"se-FI\">P\u00e4iv\u00e4nnou\u0161u-\u0160uomen yliopisto, Karjalan kielen elvyty\u0161projekti 2022<br \/>\nP\u00e4iv\u00e4nnouzu-Suomen yliopisto, Karjalan kielen elvytysprojekta 2022<br \/>\nP\u00e4iv\u00e4nnouzu-Suomen yliopisto, Karjalan kielen elvytysprojektu 2022<\/span><\/p>\n<p><span lang=\"se-FI\">Yhtehizes ruavos ker\u00e4l: Karjalazet Nuoret Suomes \u2013 Karjalaiset Nuoret \u0160uome\u0161\u0161a ry ja Anne Kalliola<\/span><\/p>\n<p><span lang=\"se-FI\">Karjalaine i\u00e4ni -videosarja antaa nimens\u00e4 mukaisesti \u00e4\u00e4nen karjalaisille. Videoiden keski\u00f6ss\u00e4 on ennen kaikkea nuori, moderni karjalaisuus, ja videoilla esiintyv\u00e4t nuoret suuntaavat katseensa tulevaan \u2013 millainen voisi olla karjalaisten ja karjalan kielen tulevaisuus?<\/span><\/p>\n<p><span lang=\"se-FI\">Karjalazet Nuoret Suomes \u2013 Karjalaiset Nuoret \u0160uome\u0161\u0161a -yhdistyksen ideoimat videot on toteutettu karjalaisnuorille suunnatun avoimen kyselyn pohjalta. Kyselyll\u00e4 kartutettiin juuri nuorten karjalaisten kokemuksia, ja vastausten ymp\u00e4rille muodostui viiden lyhytelokuvan mittainen videosarja. Videoissa k\u00e4sitelt\u00e4v\u00e4t teemat ovat <\/span><span lang=\"se-FI\"><b>kotiinpaluu<\/b><\/span><span lang=\"se-FI\"> (kotihmy\u00f6\u0161tymini), <\/span><span lang=\"se-FI\"><b>etsiminen<\/b><\/span><span lang=\"se-FI\"> (e\u010dind\u00e4), <\/span><span lang=\"se-FI\"><b>kipu<\/b><\/span><span lang=\"se-FI\"> (kibu), <\/span><span lang=\"se-FI\"><b>yhteis\u00f6<\/b><\/span><span lang=\"se-FI\"> (yhtehist\u00f6) ja <\/span><span lang=\"se-FI\"><b>ylpeys<\/b><\/span><span lang=\"se-FI\"> (ylbevys).<\/span><\/p>\n<p><span lang=\"se-FI\">Videoilla esiintyy joukko Karjalazet Nuoret Suomes \u2013 Karjalaiset Nuoret \u0160uome\u0161\u0161a -yhdistyksen aktiiveja. My\u00f6s tekstien lukijat ovat yhdistyksen j\u00e4seni\u00e4.<\/span><\/p>\n<p><span lang=\"se-FI\">Videoilla kuullaan karjalan kolmea p\u00e4\u00e4murretta (vienan-, etel\u00e4- ja livvinkarjala) sek\u00e4 suomen kielen karjalaisia kaakkoismurteita. Videot on tekstitetty suomeksi, karjalaksi ja englanniksi.<\/span><\/p>\n<p><span lang=\"se-FI\">\u00a0<\/span><\/p>\n<h3>Kotihmy\u00f6\u0161tymine<\/h3>\n<iframe loading=\"lazy\" src=\"https:\/\/uef.cloud.panopto.eu\/Panopto\/Pages\/Embed.aspx?id=6c49ae67-0f30-4c9d-ab7e-afe601126023&autoplay=false&offerviewer=false&showtitle=false&showbrand=false&captions=true&interactivity=search\" height=\"405\" width=\"720\" style=\"border: 1px solid #464646;\" allowfullscreen allow=\"autoplay\"><\/iframe>\n<h3><\/h3>\n<h3>Ecind\u00e4<\/h3>\n<iframe loading=\"lazy\" src=\"https:\/\/uef.cloud.panopto.eu\/Panopto\/Pages\/Embed.aspx?id=4cea209f-f700-4849-97a3-afe600fb0189&autoplay=false&offerviewer=false&showtitle=false&showbrand=false&captions=true&interactivity=search\" height=\"405\" width=\"720\" style=\"border: 1px solid #464646;\" allowfullscreen allow=\"autoplay\"><\/iframe>\r\n\n<p>&nbsp;<\/p>\n<h3>Kibu<\/h3>\n<iframe loading=\"lazy\" src=\"https:\/\/uef.cloud.panopto.eu\/Panopto\/Pages\/Embed.aspx?id=d707b708-88d9-4545-a84c-afe601118bfe&autoplay=false&offerviewer=false&showtitle=false&showbrand=false&captions=true&interactivity=search\" height=\"405\" width=\"720\" style=\"border: 1px solid #464646;\" allowfullscreen allow=\"autoplay\"><\/iframe>\n<h3><\/h3>\n<h3>Yhtehis\u00f6<\/h3>\n<iframe loading=\"lazy\" src=\"https:\/\/uef.cloud.panopto.eu\/Panopto\/Pages\/Embed.aspx?id=9619df38-1c60-4cb1-bdf0-afe60131135f&autoplay=false&offerviewer=false&showtitle=false&showbrand=false&captions=true&interactivity=search\" height=\"405\" width=\"720\" style=\"border: 1px solid #464646;\" allowfullscreen allow=\"autoplay\"><\/iframe>\n<h3><\/h3>\n<h3>Ylbevys<\/h3>\n<iframe loading=\"lazy\" src=\"https:\/\/uef.cloud.panopto.eu\/Panopto\/Pages\/Embed.aspx?id=165badfa-f6fa-4650-b4a8-afe60131cb5c&autoplay=false&offerviewer=false&showtitle=false&showbrand=false&captions=true&interactivity=search\" height=\"405\" width=\"720\" style=\"border: 1px solid #464646;\" allowfullscreen allow=\"autoplay\"><\/iframe>\n<h3><\/h3>\n<h3><span lang=\"se-FI\">Karjalaine i\u00e4ni -videosarja<\/span><\/h3>\n<iframe loading=\"lazy\" src=\"https:\/\/uef.cloud.panopto.eu\/Panopto\/Pages\/Embed.aspx?id=1967af39-4a78-404c-a118-afe601074842&autoplay=false&offerviewer=false&showtitle=false&showbrand=false&captions=true&interactivity=search\" height=\"405\" width=\"720\" style=\"border: 1px solid #464646;\" allowfullscreen allow=\"autoplay\"><\/iframe>\n<p>&nbsp;<\/p>\n<p>&nbsp;<\/p>\n","protected":false},"excerpt":{"rendered":"<p>Karjalaine i\u00e4ni P\u00e4iv\u00e4nnou\u0161u-\u0160uomen yliopisto, Karjalan kielen elvyty\u0161projekti 2022 P\u00e4iv\u00e4nnouzu-Suomen yliopisto, Karjalan kielen elvytysprojekta 2022 P\u00e4iv\u00e4nnouzu-Suomen yliopisto, Karjalan kielen elvytysprojektu 2022 Yhtehizes ruavos ker\u00e4l: Karjalazet Nuoret Suomes \u2013 Karjalaiset Nuoret \u0160uome\u0161\u0161a ry ja Anne Kalliola Karjalaine i\u00e4ni -videosarja antaa nimens\u00e4 mukaisesti \u00e4\u00e4nen karjalaisille. Videoiden keski\u00f6ss\u00e4 on ennen kaikkea nuori, moderni karjalaisuus, ja videoilla esiintyv\u00e4t nuoret suuntaavat [&hellip;]<\/p>\n","protected":false},"author":548,"featured_media":0,"parent":0,"menu_order":0,"comment_status":"closed","ping_status":"closed","template":"","meta":{"_acf_changed":false,"footnotes":""},"class_list":["post-7513","page","type-page","status-publish","hentry"],"acf":[],"yoast_head":"<!-- This site is optimized with the Yoast SEO plugin v27.1.1 - https:\/\/yoast.com\/product\/yoast-seo-wordpress\/ -->\n<title>Karjalaine i\u00e4ni - Karjalan kielen elvytt\u00e4minen<\/title>\n<meta name=\"robots\" content=\"index, follow, max-snippet:-1, max-image-preview:large, max-video-preview:-1\" \/>\n<link rel=\"canonical\" href=\"https:\/\/blogs.uef.fi\/karjalanelvytys\/karjalaine-iani\/\" \/>\n<meta property=\"og:locale\" content=\"fi_FI\" \/>\n<meta property=\"og:type\" content=\"article\" \/>\n<meta property=\"og:title\" content=\"Karjalaine i\u00e4ni - Karjalan kielen elvytt\u00e4minen\" \/>\n<meta property=\"og:description\" content=\"Karjalaine i\u00e4ni P\u00e4iv\u00e4nnou\u0161u-\u0160uomen yliopisto, Karjalan kielen elvyty\u0161projekti 2022 P\u00e4iv\u00e4nnouzu-Suomen yliopisto, Karjalan kielen elvytysprojekta 2022 P\u00e4iv\u00e4nnouzu-Suomen yliopisto, Karjalan kielen elvytysprojektu 2022 Yhtehizes ruavos ker\u00e4l: Karjalazet Nuoret Suomes \u2013 Karjalaiset Nuoret \u0160uome\u0161\u0161a ry ja Anne Kalliola Karjalaine i\u00e4ni -videosarja antaa nimens\u00e4 mukaisesti \u00e4\u00e4nen karjalaisille. Videoiden keski\u00f6ss\u00e4 on ennen kaikkea nuori, moderni karjalaisuus, ja videoilla esiintyv\u00e4t nuoret suuntaavat [&hellip;]\" \/>\n<meta property=\"og:url\" content=\"https:\/\/blogs.uef.fi\/karjalanelvytys\/karjalaine-iani\/\" \/>\n<meta property=\"og:site_name\" content=\"Karjalan kielen elvytt\u00e4minen\" \/>\n<meta property=\"article:modified_time\" content=\"2022-12-16T21:11:00+00:00\" \/>\n<meta property=\"og:image\" content=\"https:\/\/blogs.uef.fi\/karjalanelvytys\/wp-content\/uploads\/sites\/155\/2022\/11\/Karjalaine-iani-2-1-300x169.png\" \/>\n<meta name=\"twitter:card\" content=\"summary_large_image\" \/>\n<meta name=\"twitter:label1\" content=\"Arvioitu lukuaika\" \/>\n\t<meta name=\"twitter:data1\" content=\"2 minuuttia\" \/>\n<script type=\"application\/ld+json\" class=\"yoast-schema-graph\">{\"@context\":\"https:\/\/schema.org\",\"@graph\":[{\"@type\":\"WebPage\",\"@id\":\"https:\/\/blogs.uef.fi\/karjalanelvytys\/karjalaine-iani\/\",\"url\":\"https:\/\/blogs.uef.fi\/karjalanelvytys\/karjalaine-iani\/\",\"name\":\"Karjalaine i\u00e4ni - Karjalan kielen elvytt\u00e4minen\",\"isPartOf\":{\"@id\":\"https:\/\/blogs.uef.fi\/karjalanelvytys\/#website\"},\"primaryImageOfPage\":{\"@id\":\"https:\/\/blogs.uef.fi\/karjalanelvytys\/karjalaine-iani\/#primaryimage\"},\"image\":{\"@id\":\"https:\/\/blogs.uef.fi\/karjalanelvytys\/karjalaine-iani\/#primaryimage\"},\"thumbnailUrl\":\"https:\/\/blogs.uef.fi\/karjalanelvytys\/wp-content\/uploads\/sites\/155\/2022\/11\/Karjalaine-iani-2-1-300x169.png\",\"datePublished\":\"2022-11-24T05:45:09+00:00\",\"dateModified\":\"2022-12-16T21:11:00+00:00\",\"breadcrumb\":{\"@id\":\"https:\/\/blogs.uef.fi\/karjalanelvytys\/karjalaine-iani\/#breadcrumb\"},\"inLanguage\":\"fi\",\"potentialAction\":[{\"@type\":\"ReadAction\",\"target\":[\"https:\/\/blogs.uef.fi\/karjalanelvytys\/karjalaine-iani\/\"]}]},{\"@type\":\"ImageObject\",\"inLanguage\":\"fi\",\"@id\":\"https:\/\/blogs.uef.fi\/karjalanelvytys\/karjalaine-iani\/#primaryimage\",\"url\":\"https:\/\/blogs.uef.fi\/karjalanelvytys\/wp-content\/uploads\/sites\/155\/2022\/11\/Karjalaine-iani-2-1.png\",\"contentUrl\":\"https:\/\/blogs.uef.fi\/karjalanelvytys\/wp-content\/uploads\/sites\/155\/2022\/11\/Karjalaine-iani-2-1.png\",\"width\":1280,\"height\":719,\"caption\":\"Karjalaine i\u00e4ni\"},{\"@type\":\"BreadcrumbList\",\"@id\":\"https:\/\/blogs.uef.fi\/karjalanelvytys\/karjalaine-iani\/#breadcrumb\",\"itemListElement\":[{\"@type\":\"ListItem\",\"position\":1,\"name\":\"Home\",\"item\":\"https:\/\/blogs.uef.fi\/karjalanelvytys\/\"},{\"@type\":\"ListItem\",\"position\":2,\"name\":\"Karjalaine i\u00e4ni\"}]},{\"@type\":\"WebSite\",\"@id\":\"https:\/\/blogs.uef.fi\/karjalanelvytys\/#website\",\"url\":\"https:\/\/blogs.uef.fi\/karjalanelvytys\/\",\"name\":\"Karjalan kielen elvytt\u00e4minen\",\"description\":\"\",\"potentialAction\":[{\"@type\":\"SearchAction\",\"target\":{\"@type\":\"EntryPoint\",\"urlTemplate\":\"https:\/\/blogs.uef.fi\/karjalanelvytys\/?s={search_term_string}\"},\"query-input\":{\"@type\":\"PropertyValueSpecification\",\"valueRequired\":true,\"valueName\":\"search_term_string\"}}],\"inLanguage\":\"fi\"}]}<\/script>\n<!-- \/ Yoast SEO plugin. -->","yoast_head_json":{"title":"Karjalaine i\u00e4ni - Karjalan kielen elvytt\u00e4minen","robots":{"index":"index","follow":"follow","max-snippet":"max-snippet:-1","max-image-preview":"max-image-preview:large","max-video-preview":"max-video-preview:-1"},"canonical":"https:\/\/blogs.uef.fi\/karjalanelvytys\/karjalaine-iani\/","og_locale":"fi_FI","og_type":"article","og_title":"Karjalaine i\u00e4ni - Karjalan kielen elvytt\u00e4minen","og_description":"Karjalaine i\u00e4ni P\u00e4iv\u00e4nnou\u0161u-\u0160uomen yliopisto, Karjalan kielen elvyty\u0161projekti 2022 P\u00e4iv\u00e4nnouzu-Suomen yliopisto, Karjalan kielen elvytysprojekta 2022 P\u00e4iv\u00e4nnouzu-Suomen yliopisto, Karjalan kielen elvytysprojektu 2022 Yhtehizes ruavos ker\u00e4l: Karjalazet Nuoret Suomes \u2013 Karjalaiset Nuoret \u0160uome\u0161\u0161a ry ja Anne Kalliola Karjalaine i\u00e4ni -videosarja antaa nimens\u00e4 mukaisesti \u00e4\u00e4nen karjalaisille. Videoiden keski\u00f6ss\u00e4 on ennen kaikkea nuori, moderni karjalaisuus, ja videoilla esiintyv\u00e4t nuoret suuntaavat [&hellip;]","og_url":"https:\/\/blogs.uef.fi\/karjalanelvytys\/karjalaine-iani\/","og_site_name":"Karjalan kielen elvytt\u00e4minen","article_modified_time":"2022-12-16T21:11:00+00:00","og_image":[{"url":"https:\/\/blogs.uef.fi\/karjalanelvytys\/wp-content\/uploads\/sites\/155\/2022\/11\/Karjalaine-iani-2-1-300x169.png","type":"","width":"","height":""}],"twitter_card":"summary_large_image","twitter_misc":{"Arvioitu lukuaika":"2 minuuttia"},"schema":{"@context":"https:\/\/schema.org","@graph":[{"@type":"WebPage","@id":"https:\/\/blogs.uef.fi\/karjalanelvytys\/karjalaine-iani\/","url":"https:\/\/blogs.uef.fi\/karjalanelvytys\/karjalaine-iani\/","name":"Karjalaine i\u00e4ni - Karjalan kielen elvytt\u00e4minen","isPartOf":{"@id":"https:\/\/blogs.uef.fi\/karjalanelvytys\/#website"},"primaryImageOfPage":{"@id":"https:\/\/blogs.uef.fi\/karjalanelvytys\/karjalaine-iani\/#primaryimage"},"image":{"@id":"https:\/\/blogs.uef.fi\/karjalanelvytys\/karjalaine-iani\/#primaryimage"},"thumbnailUrl":"https:\/\/blogs.uef.fi\/karjalanelvytys\/wp-content\/uploads\/sites\/155\/2022\/11\/Karjalaine-iani-2-1-300x169.png","datePublished":"2022-11-24T05:45:09+00:00","dateModified":"2022-12-16T21:11:00+00:00","breadcrumb":{"@id":"https:\/\/blogs.uef.fi\/karjalanelvytys\/karjalaine-iani\/#breadcrumb"},"inLanguage":"fi","potentialAction":[{"@type":"ReadAction","target":["https:\/\/blogs.uef.fi\/karjalanelvytys\/karjalaine-iani\/"]}]},{"@type":"ImageObject","inLanguage":"fi","@id":"https:\/\/blogs.uef.fi\/karjalanelvytys\/karjalaine-iani\/#primaryimage","url":"https:\/\/blogs.uef.fi\/karjalanelvytys\/wp-content\/uploads\/sites\/155\/2022\/11\/Karjalaine-iani-2-1.png","contentUrl":"https:\/\/blogs.uef.fi\/karjalanelvytys\/wp-content\/uploads\/sites\/155\/2022\/11\/Karjalaine-iani-2-1.png","width":1280,"height":719,"caption":"Karjalaine i\u00e4ni"},{"@type":"BreadcrumbList","@id":"https:\/\/blogs.uef.fi\/karjalanelvytys\/karjalaine-iani\/#breadcrumb","itemListElement":[{"@type":"ListItem","position":1,"name":"Home","item":"https:\/\/blogs.uef.fi\/karjalanelvytys\/"},{"@type":"ListItem","position":2,"name":"Karjalaine i\u00e4ni"}]},{"@type":"WebSite","@id":"https:\/\/blogs.uef.fi\/karjalanelvytys\/#website","url":"https:\/\/blogs.uef.fi\/karjalanelvytys\/","name":"Karjalan kielen elvytt\u00e4minen","description":"","potentialAction":[{"@type":"SearchAction","target":{"@type":"EntryPoint","urlTemplate":"https:\/\/blogs.uef.fi\/karjalanelvytys\/?s={search_term_string}"},"query-input":{"@type":"PropertyValueSpecification","valueRequired":true,"valueName":"search_term_string"}}],"inLanguage":"fi"}]}},"_links":{"self":[{"href":"https:\/\/blogs.uef.fi\/karjalanelvytys\/wp-json\/wp\/v2\/pages\/7513","targetHints":{"allow":["GET"]}}],"collection":[{"href":"https:\/\/blogs.uef.fi\/karjalanelvytys\/wp-json\/wp\/v2\/pages"}],"about":[{"href":"https:\/\/blogs.uef.fi\/karjalanelvytys\/wp-json\/wp\/v2\/types\/page"}],"author":[{"embeddable":true,"href":"https:\/\/blogs.uef.fi\/karjalanelvytys\/wp-json\/wp\/v2\/users\/548"}],"replies":[{"embeddable":true,"href":"https:\/\/blogs.uef.fi\/karjalanelvytys\/wp-json\/wp\/v2\/comments?post=7513"}],"version-history":[{"count":2,"href":"https:\/\/blogs.uef.fi\/karjalanelvytys\/wp-json\/wp\/v2\/pages\/7513\/revisions"}],"predecessor-version":[{"id":8210,"href":"https:\/\/blogs.uef.fi\/karjalanelvytys\/wp-json\/wp\/v2\/pages\/7513\/revisions\/8210"}],"wp:attachment":[{"href":"https:\/\/blogs.uef.fi\/karjalanelvytys\/wp-json\/wp\/v2\/media?parent=7513"}],"curies":[{"name":"wp","href":"https:\/\/api.w.org\/{rel}","templated":true}]}}