{"id":6136,"date":"2022-08-24T01:03:46","date_gmt":"2022-08-23T22:03:46","guid":{"rendered":"https:\/\/blogs.uef.fi\/karjalanelvytys\/?page_id=6136"},"modified":"2022-08-24T01:20:13","modified_gmt":"2022-08-23T22:20:13","slug":"linkat-suvikarjalan-verkkoainehistoloih","status":"publish","type":"page","link":"https:\/\/blogs.uef.fi\/karjalanelvytys\/linkat-suvikarjalan-verkkoainehistoloih\/","title":{"rendered":"Linkat suvikarjalan verkkoainehistoloih"},"content":{"rendered":"<h3><strong>Sanakniigat, sanassot da sanat<\/strong><\/h3>\n<p><span style=\"font-family: Times New Roman, serif\"><span style=\"font-size: medium\"><span style=\"font-family: Calibri, serif\"><span style=\"font-size: small\">Karjalan kielen <\/span><\/span><span style=\"font-family: Calibri, serif\"><span style=\"font-size: small\"><span lang=\"se-FI\">verkko<\/span><\/span><\/span><span style=\"font-family: Calibri, serif\"><span style=\"font-size: small\">sanakirja (kaikki murdehet) <\/span><\/span><span style=\"color: #0000ff\"><u><a href=\"https:\/\/kaino.kotus.fi\/cgi-bin\/kks\/kks_etusivu.cgi\"><span style=\"font-family: Calibri, serif\"><span style=\"font-size: small\">https:\/\/kaino.kotus.fi\/cgi-bin\/kks\/kks_etusivu.cgi<\/span><\/span><\/a><\/u><\/span> <\/span><\/span><\/p>\n<p><span style=\"font-family: Times New Roman, serif\"><span style=\"font-size: medium\"><span style=\"font-family: Calibri, serif\"><span style=\"font-size: small\">P\u00e4iv\u00e4nnouzu-Suomen yliopisson karjalan kielen elvytysprojektan blogasta l\u00f6ydyj\u00e4t sanassot da sanat<\/span><\/span><\/span><\/span><\/p>\n<p><span style=\"font-family: Times New Roman, serif\"><span style=\"font-size: medium\"><span style=\"color: #0000ff\"><u><a href=\"https:\/\/blogs.uef.fi\/karjalanelvytys\/sanastoryhman-sanastoja\/\"><span style=\"font-family: Calibri, serif\"><span style=\"font-size: small\">https:\/\/blogs.uef.fi\/karjalanelvytys\/sanastoryhman-sanastoja\/<\/span><\/span><\/a><\/u><\/span> <\/span><\/span><\/p>\n<p><span style=\"font-family: Times New Roman, serif\"><span style=\"font-size: medium\"><span style=\"color: #0000ff\"><u><a href=\"https:\/\/blogs.uef.fi\/karjalanelvytys\/sananen-karjalaksi\/\"><span style=\"font-family: Calibri, serif\"><span style=\"font-size: small\">https:\/\/blogs.uef.fi\/karjalanelvytys\/sananen-karjalaksi\/<\/span><\/span><\/a><\/u><\/span> <\/span><\/span><\/p>\n<p><span style=\"font-family: Times New Roman, serif\"><span style=\"font-size: medium\"><span style=\"color: #0000ff\"><u><a href=\"https:\/\/blogs.uef.fi\/karjalanelvytys\/tervehdyksia-karjalaksi\/\"><span style=\"font-family: Calibri, serif\"><span style=\"font-size: small\">https:\/\/blogs.uef.fi\/karjalanelvytys\/tervehdyksia-karjalaksi\/<\/span><\/span><\/a><\/u><\/span> <\/span><\/span><\/p>\n<p><span style=\"font-family: Times New Roman, serif\"><span style=\"font-size: medium\"><span style=\"font-family: Calibri, serif\"><span style=\"font-size: small\">Sanoi kuvien avulla <\/span><\/span><span style=\"color: #0000ff\"><u><a href=\"https:\/\/www.facebook.com\/SuvikarjalaneSanasarai\"><span style=\"font-family: Calibri, serif\"><span style=\"font-size: small\">https:\/\/www.facebook.com\/SuvikarjalaneSanasarai<\/span><\/span><\/a><\/u><\/span><\/span><\/span><\/p>\n<p><span style=\"font-family: Times New Roman, serif\"><span style=\"font-size: medium\"><span style=\"font-family: Calibri, serif\"><span style=\"font-size: small\">Karjalan varzinaismurdehien sanakniiga = Slovar\u2019 sobstvenno-karel\u2019skih govorov Karelii (toim. V. P. Fedotova &amp; T. P. Boiko). Petroskoi, 2009. <\/span><\/span><\/span><\/span><span style=\"font-family: Times New Roman, serif\"><span style=\"font-size: medium\"><span style=\"color: #0000ff\"><u><a href=\"http:\/\/resources.krc.karelia.ru\/illh\/doc\/redkie\/slovar_fedotova.pdf\"><span style=\"font-family: Calibri, serif\"><span style=\"font-size: small\">http:\/\/resources.krc.karelia.ru\/illh\/doc\/redkie\/slovar_fedotova.pdf<\/span><\/span><\/a><\/u><\/span> <\/span><\/span><\/p>\n<p><span style=\"font-family: Times New Roman, serif\"><span style=\"font-size: medium\"><span style=\"font-family: Calibri, serif\"><span style=\"font-size: small\">Tverin karjalaismurdehien sanakniiga = Slovar\u2019 karel\u2019skogo jazyka, tverskie govory (toim. A. V. Pun\u017eina). Petroskoi, 1994. <\/span><\/span><span style=\"color: #0000ff\"><u><a href=\"http:\/\/resources.krc.karelia.ru\/illh\/doc\/redkie\/karelian_dict_tver.pdf\"><span style=\"font-family: Calibri, serif\"><span style=\"font-size: small\">http:\/\/resources.krc.karelia.ru\/illh\/doc\/redkie\/karelian_dict_tver.pdf<\/span><\/span><\/a><\/u><\/span><\/span><\/span><\/p>\n<h3><b>Tekstat suvikarjalaksi<\/b><\/h3>\n<p><span style=\"font-family: Times New Roman, serif\"><span style=\"font-size: medium\"><span style=\"font-family: Calibri, serif\"><span style=\"font-size: small\">P\u00e4iv\u00e4nnouzu-Suomen yliopisson karjalan kielen elvytysprojektan blogasta l\u00f6ydyj\u00e4t tekstat<\/span><\/span><\/span><\/span><\/p>\n<p><span style=\"font-family: Times New Roman, serif\"><span style=\"font-size: medium\"><span style=\"color: #0000ff\"><u><a href=\"https:\/\/blogs.uef.fi\/karjalanelvytys\/\"><span style=\"font-family: Calibri, serif\"><span style=\"font-size: small\">https:\/\/blogs.uef.fi\/karjalanelvytys\/<\/span><\/span><\/a><\/u><\/span><\/span><\/span><\/p>\n<p><span style=\"font-family: Times New Roman, serif\"><span style=\"font-size: medium\"><span style=\"color: #0000ff\"><u><a href=\"https:\/\/blogs.uef.fi\/karjalanelvytys\/sananen-karjalaksi\/\"><span style=\"font-family: Calibri, serif\"><span style=\"font-size: small\">https:\/\/blogs.uef.fi\/karjalanelvytys\/sananen-karjalaksi\/<\/span><\/span><\/a><\/u><\/span><\/span><\/span><\/p>\n<p><span style=\"font-family: Times New Roman, serif\"><span style=\"font-size: medium\"><span style=\"font-family: Calibri, serif\"><span style=\"font-size: small\">P\u00e4iv\u00e4nnouzu-Suomen yliopisto. Karjala da kielikontaktat. Videoluvendoloin tekstat suvikarjalaksi <\/span><\/span><\/span><\/span><span style=\"font-family: Times New Roman, serif\"><span style=\"font-size: medium\"><span style=\"color: #0000ff\"><u><a href=\"https:\/\/sites.uef.fi\/karjala\/videoluennot\/\"><span style=\"font-family: Calibri, serif\"><span style=\"font-size: small\">https:\/\/sites.uef.fi\/karjala\/videoluennot\/<\/span><\/span><\/a><\/u><\/span><\/span><\/span><\/p>\n<p><span style=\"font-family: Times New Roman, serif\"><span style=\"font-size: medium\"><span style=\"font-family: Calibri, serif\"><span style=\"font-size: small\">Karjalan Sivissysseuran sivut suvikarjalaksi <\/span><\/span><span style=\"color: #0000ff\"><u><a href=\"https:\/\/eur03.safelinks.protection.outlook.com\/?url=https%3A%2F%2Fwww.karjalansivistysseura.fi%2F%3Flang%3Dsu%26fbclid%3DIwAR1-S8Glh2mETE1SOVxKD_l4t1L766qGv4Ht0WjNUA-5_xHWAGkWOl1gulg&amp;data=04%7C01%7C%7Cd6361cf6b87040cd086e08da0719fba3%7C87879f2e73044bf2baf263e7f83f3c34%7C0%7C0%7C637830105433211267%7CUnknown%7CTWFpbGZsb3d8eyJWIjoiMC4wLjAwMDAiLCJQIjoiV2luMzIiLCJBTiI6Ik1haWwiLCJXVCI6Mn0%3D%7C3000&amp;sdata=5LAJl9XPs23FB%2FYa9mxnXmdQGJERqaLygmS7%2BfA2TXA%3D&amp;reserved=0\" target=\"_blank\" rel=\"noopener\"><span style=\"font-family: Calibri, serif\"><span style=\"font-size: small\">https:\/\/www.karjalansivistysseura.fi\/?lang=su<\/span><\/span><\/a><\/u><\/span><\/span><\/span><\/p>\n<h3><b>Opassusvideot<\/b><\/h3>\n<p><span style=\"font-family: Times New Roman, serif\"><span style=\"font-size: medium\"><span style=\"font-family: Calibri, serif\"><span style=\"font-size: small\">Katerina da Mi\u0161a opassetah suvikarjalua -videosarja <\/span><\/span><span style=\"color: #0000ff\"><u><a href=\"https:\/\/blogs.uef.fi\/karjalanelvytys\/katerina-da-misa-opassetah-suvikarjalua\/\"><span style=\"font-family: Calibri, serif\"><span style=\"font-size: small\">https:\/\/blogs.uef.fi\/karjalanelvytys\/katerina-da-misa-opassetah-suvikarjalua\/<\/span><\/span><\/a><\/u><\/span> <\/span><\/span><\/p>\n<p><span style=\"font-family: Times New Roman, serif\"><span style=\"font-size: medium\"><span style=\"font-family: Calibri, serif\"><span style=\"font-size: small\">Karjalan kieli el\u00e4y -opassusvideot, suvikarjalan videot <\/span><\/span><span style=\"color: #0000ff\"><u><a href=\"https:\/\/blogs.uef.fi\/karjalanelvytys\/opassusvideot-suvikarjala\/\"><span style=\"font-family: Calibri, serif\"><span style=\"font-size: small\">https:\/\/blogs.uef.fi\/karjalanelvytys\/opassusvideot-suvikarjala\/<\/span><\/span><\/a><\/u><\/span> <\/span><\/span><\/p>\n<p><span style=\"font-family: Times New Roman, serif\"><span style=\"font-size: medium\"><span style=\"font-family: Calibri, serif\"><span style=\"font-size: small\">Karjalan kieli el\u00e4y -opassusvideot, kudamissa paissah kaikkie murdehie <\/span><\/span><span style=\"color: #0000ff\"><u><a href=\"https:\/\/blogs.uef.fi\/karjalanelvytys\/opassusvideot-vienankarjalaksi-suvikarjalaksi-ta-livvinkarjalakse\/\"><span style=\"font-family: Calibri, serif\"><span style=\"font-size: small\">https:\/\/blogs.uef.fi\/karjalanelvytys\/opassusvideot-vienankarjalaksi-suvikarjalaksi-ta-livvinkarjalakse\/<\/span><\/span><\/a><\/u><\/span> <\/span><\/span><\/p>\n<h3><b>Karaoke karjalaksi (kaikki murdehet)<\/b><\/h3>\n<p><span style=\"font-family: Times New Roman, serif\"><span style=\"font-size: medium\"><span style=\"color: #0000ff\"><u><a href=\"https:\/\/www.pajot.fi\/karaoke\/\"><span style=\"font-family: Calibri, serif\"><span style=\"font-size: small\">https:\/\/www.pajot.fi\/karaoke\/<\/span><\/span><\/a><\/u><\/span><\/span><\/span><\/p>\n<h3><b>Ti\u00e4ld\u00e4 voibi l\u00f6ydi\u00e4 paginua suvikarjalan murdehilla<\/b><\/h3>\n<p><span style=\"font-family: Times New Roman, serif\"><span style=\"font-size: medium\"><span style=\"color: #0000ff\"><u><a href=\"https:\/\/eur03.safelinks.protection.outlook.com\/?url=https%3A%2F%2Fl.facebook.com%2Fl.php%3Fu%3Dhttp%253A%252F%252Ftv-karelia.ru%252Fkodirandaine-rodnoy-bereg%252F%253Ffbclid%253DIwAR1xd9lDxoDK4S6uftxDRM5EIrf08CIh0e1Ftku8zQ5yC_Y80Pgj_oG9xLc%26h%3DAT1hsyawDsNRuTJSqnTV2nTlvILKewO2wJBS05J0u8IUO-5UXazJy6AN1xsR1M_iIHIn9pQIU47Mi4xNa_R-LPGP25ey_DgyFe8PvHh6k_tBWXB5CdX_l1Ul4XhSigjqBw%26__tn__%3D-UK-R%26c%255b0%255d%3DAT3uZAxIWCB3a4yLMFnKsHJlfuLjg9cXQNCCuV049zjLPGEs4u3qkUYW1M1P7qckVRmWDTN-5YcyWPuOqUBzJm75qscZe7xDXP-Z94_XPZxuslWjProKdN9c50htH5eOzgenAJNVB5jRNUjxcqhGb4LZFIoeHgjGcp1gycT0_gvSVqwnznNgqF_OT_i-t3-erwVf2GBu9gzxz7HHpLDA&amp;data=04%7C01%7C%7Cd6361cf6b87040cd086e08da0719fba3%7C87879f2e73044bf2baf263e7f83f3c34%7C0%7C0%7C637830105433211267%7CUnknown%7CTWFpbGZsb3d8eyJWIjoiMC4wLjAwMDAiLCJQIjoiV2luMzIiLCJBTiI6Ik1haWwiLCJXVCI6Mn0%3D%7C3000&amp;sdata=L3P3dYRZ8XO5Dnl5RDF4bb2uOpYlafaJkokZEaKJDuU%3D&amp;reserved=0\" target=\"_blank\" rel=\"noopener\"><span style=\"font-family: Calibri, serif\"><span style=\"font-size: small\">http:\/\/tv-karelia.ru\/kodirandaine-rodnoy-bereg\/<\/span><\/span><\/a><\/u><\/span><\/span><\/span><\/p>\n<p><span style=\"font-family: Times New Roman, serif\"><span style=\"font-size: medium\"><span style=\"color: #0000ff\"><u><a href=\"http:\/\/tv-karelia.ru\/category\/natsionalnoe-veshhanie\/omin-silmin\/\"><span style=\"font-family: Calibri, serif\"><span style=\"font-size: small\">http:\/\/tv-karelia.ru\/category\/natsionalnoe-veshhanie\/omin-silmin\/<\/span><\/span><\/a><\/u><\/span> <\/span><\/span><\/p>\n<h3><b>Facebook-linkat<\/b><\/h3>\n<p><span style=\"font-family: Times New Roman, serif\"><span style=\"font-size: medium\"><span style=\"font-family: Calibri, serif\"><span style=\"font-size: small\">Karjalan kieli el\u00e4y <\/span><\/span><span style=\"color: #0000ff\"><u><a href=\"https:\/\/www.facebook.com\/Karjalan-kieli-el%C3%A4y-104724438093738\"><span style=\"font-family: Calibri, serif\"><span style=\"font-size: small\">https:\/\/www.facebook.com\/Karjalan-kieli-el%C3%A4y-104724438093738<\/span><\/span><\/a><\/u><\/span> <\/span><\/span><\/p>\n<p><span style=\"font-family: Times New Roman, serif\"><span style=\"font-size: medium\"><span style=\"font-family: Calibri, serif\"><span style=\"font-size: small\">Opassumma karjalan kieleh <\/span><\/span><span style=\"color: #0000ff\"><u><a href=\"https:\/\/www.facebook.com\/groups\/210633132436820\"><span style=\"font-family: Calibri, serif\"><span style=\"font-size: small\">https:\/\/www.facebook.com\/groups\/210633132436820<\/span><\/span><\/a><\/u><\/span><\/span><\/span><\/p>\n<p><span style=\"font-family: Times New Roman, serif\"><span style=\"font-size: medium\"><span style=\"font-family: Calibri, serif\"><span style=\"font-size: small\">Sanasarai<\/span><\/span> <span style=\"color: #0000ff\"><u><a href=\"https:\/\/www.facebook.com\/SuvikarjalaneSanasarai\"><span style=\"font-family: Calibri, serif\"><span style=\"font-size: small\">https:\/\/www.facebook.com\/SuvikarjalaneSanasarai<\/span><\/span><\/a><\/u><\/span><\/span><\/span><\/p>\n<p><span style=\"font-family: Times New Roman, serif\"><span style=\"font-size: medium\"><span style=\"font-family: Calibri, serif\"><span style=\"font-size: small\"><i>El\u00e4 unoha, jotta omah murdeheh voit opastuo i toizien murdehien ainehistoloin avulla!<\/i><\/span><\/span><\/span><\/span><\/p>\n","protected":false},"excerpt":{"rendered":"<p>Sanakniigat, sanassot da sanat Karjalan kielen verkkosanakirja (kaikki murdehet) https:\/\/kaino.kotus.fi\/cgi-bin\/kks\/kks_etusivu.cgi P\u00e4iv\u00e4nnouzu-Suomen yliopisson karjalan kielen elvytysprojektan blogasta l\u00f6ydyj\u00e4t sanassot da sanat https:\/\/blogs.uef.fi\/karjalanelvytys\/sanastoryhman-sanastoja\/ https:\/\/blogs.uef.fi\/karjalanelvytys\/sananen-karjalaksi\/ https:\/\/blogs.uef.fi\/karjalanelvytys\/tervehdyksia-karjalaksi\/ Sanoi kuvien avulla https:\/\/www.facebook.com\/SuvikarjalaneSanasarai Karjalan varzinaismurdehien sanakniiga = Slovar\u2019 sobstvenno-karel\u2019skih govorov Karelii (toim. V. P. Fedotova &amp; T. P. Boiko). Petroskoi, 2009. http:\/\/resources.krc.karelia.ru\/illh\/doc\/redkie\/slovar_fedotova.pdf Tverin karjalaismurdehien sanakniiga = Slovar\u2019 karel\u2019skogo jazyka, tverskie govory [&hellip;]<\/p>\n","protected":false},"author":548,"featured_media":0,"parent":0,"menu_order":0,"comment_status":"closed","ping_status":"closed","template":"","meta":{"_acf_changed":false,"footnotes":""},"class_list":["post-6136","page","type-page","status-publish","hentry"],"acf":[],"yoast_head":"<!-- This site is optimized with the Yoast SEO plugin v27.1.1 - https:\/\/yoast.com\/product\/yoast-seo-wordpress\/ -->\n<title>Linkat suvikarjalan verkkoainehistoloih - Karjalan kielen elvytt\u00e4minen<\/title>\n<meta name=\"robots\" content=\"index, follow, max-snippet:-1, max-image-preview:large, max-video-preview:-1\" \/>\n<link rel=\"canonical\" href=\"https:\/\/blogs.uef.fi\/karjalanelvytys\/linkat-suvikarjalan-verkkoainehistoloih\/\" \/>\n<meta property=\"og:locale\" content=\"fi_FI\" \/>\n<meta property=\"og:type\" content=\"article\" \/>\n<meta property=\"og:title\" content=\"Linkat suvikarjalan verkkoainehistoloih - Karjalan kielen elvytt\u00e4minen\" \/>\n<meta property=\"og:description\" content=\"Sanakniigat, sanassot da sanat Karjalan kielen verkkosanakirja (kaikki murdehet) https:\/\/kaino.kotus.fi\/cgi-bin\/kks\/kks_etusivu.cgi P\u00e4iv\u00e4nnouzu-Suomen yliopisson karjalan kielen elvytysprojektan blogasta l\u00f6ydyj\u00e4t sanassot da sanat https:\/\/blogs.uef.fi\/karjalanelvytys\/sanastoryhman-sanastoja\/ https:\/\/blogs.uef.fi\/karjalanelvytys\/sananen-karjalaksi\/ https:\/\/blogs.uef.fi\/karjalanelvytys\/tervehdyksia-karjalaksi\/ Sanoi kuvien avulla https:\/\/www.facebook.com\/SuvikarjalaneSanasarai Karjalan varzinaismurdehien sanakniiga = Slovar\u2019 sobstvenno-karel\u2019skih govorov Karelii (toim. V. P. Fedotova &amp; T. P. Boiko). Petroskoi, 2009. http:\/\/resources.krc.karelia.ru\/illh\/doc\/redkie\/slovar_fedotova.pdf Tverin karjalaismurdehien sanakniiga = Slovar\u2019 karel\u2019skogo jazyka, tverskie govory [&hellip;]\" \/>\n<meta property=\"og:url\" content=\"https:\/\/blogs.uef.fi\/karjalanelvytys\/linkat-suvikarjalan-verkkoainehistoloih\/\" \/>\n<meta property=\"og:site_name\" content=\"Karjalan kielen elvytt\u00e4minen\" \/>\n<meta property=\"article:modified_time\" content=\"2022-08-23T22:20:13+00:00\" \/>\n<meta name=\"twitter:card\" content=\"summary_large_image\" \/>\n<meta name=\"twitter:label1\" content=\"Arvioitu lukuaika\" \/>\n\t<meta name=\"twitter:data1\" content=\"1 minuutti\" \/>\n<script type=\"application\/ld+json\" class=\"yoast-schema-graph\">{\"@context\":\"https:\/\/schema.org\",\"@graph\":[{\"@type\":\"WebPage\",\"@id\":\"https:\/\/blogs.uef.fi\/karjalanelvytys\/linkat-suvikarjalan-verkkoainehistoloih\/\",\"url\":\"https:\/\/blogs.uef.fi\/karjalanelvytys\/linkat-suvikarjalan-verkkoainehistoloih\/\",\"name\":\"Linkat suvikarjalan verkkoainehistoloih - Karjalan kielen elvytt\u00e4minen\",\"isPartOf\":{\"@id\":\"https:\/\/blogs.uef.fi\/karjalanelvytys\/#website\"},\"datePublished\":\"2022-08-23T22:03:46+00:00\",\"dateModified\":\"2022-08-23T22:20:13+00:00\",\"breadcrumb\":{\"@id\":\"https:\/\/blogs.uef.fi\/karjalanelvytys\/linkat-suvikarjalan-verkkoainehistoloih\/#breadcrumb\"},\"inLanguage\":\"fi\",\"potentialAction\":[{\"@type\":\"ReadAction\",\"target\":[\"https:\/\/blogs.uef.fi\/karjalanelvytys\/linkat-suvikarjalan-verkkoainehistoloih\/\"]}]},{\"@type\":\"BreadcrumbList\",\"@id\":\"https:\/\/blogs.uef.fi\/karjalanelvytys\/linkat-suvikarjalan-verkkoainehistoloih\/#breadcrumb\",\"itemListElement\":[{\"@type\":\"ListItem\",\"position\":1,\"name\":\"Home\",\"item\":\"https:\/\/blogs.uef.fi\/karjalanelvytys\/\"},{\"@type\":\"ListItem\",\"position\":2,\"name\":\"Linkat suvikarjalan verkkoainehistoloih\"}]},{\"@type\":\"WebSite\",\"@id\":\"https:\/\/blogs.uef.fi\/karjalanelvytys\/#website\",\"url\":\"https:\/\/blogs.uef.fi\/karjalanelvytys\/\",\"name\":\"Karjalan kielen elvytt\u00e4minen\",\"description\":\"\",\"potentialAction\":[{\"@type\":\"SearchAction\",\"target\":{\"@type\":\"EntryPoint\",\"urlTemplate\":\"https:\/\/blogs.uef.fi\/karjalanelvytys\/?s={search_term_string}\"},\"query-input\":{\"@type\":\"PropertyValueSpecification\",\"valueRequired\":true,\"valueName\":\"search_term_string\"}}],\"inLanguage\":\"fi\"}]}<\/script>\n<!-- \/ Yoast SEO plugin. -->","yoast_head_json":{"title":"Linkat suvikarjalan verkkoainehistoloih - Karjalan kielen elvytt\u00e4minen","robots":{"index":"index","follow":"follow","max-snippet":"max-snippet:-1","max-image-preview":"max-image-preview:large","max-video-preview":"max-video-preview:-1"},"canonical":"https:\/\/blogs.uef.fi\/karjalanelvytys\/linkat-suvikarjalan-verkkoainehistoloih\/","og_locale":"fi_FI","og_type":"article","og_title":"Linkat suvikarjalan verkkoainehistoloih - Karjalan kielen elvytt\u00e4minen","og_description":"Sanakniigat, sanassot da sanat Karjalan kielen verkkosanakirja (kaikki murdehet) https:\/\/kaino.kotus.fi\/cgi-bin\/kks\/kks_etusivu.cgi P\u00e4iv\u00e4nnouzu-Suomen yliopisson karjalan kielen elvytysprojektan blogasta l\u00f6ydyj\u00e4t sanassot da sanat https:\/\/blogs.uef.fi\/karjalanelvytys\/sanastoryhman-sanastoja\/ https:\/\/blogs.uef.fi\/karjalanelvytys\/sananen-karjalaksi\/ https:\/\/blogs.uef.fi\/karjalanelvytys\/tervehdyksia-karjalaksi\/ Sanoi kuvien avulla https:\/\/www.facebook.com\/SuvikarjalaneSanasarai Karjalan varzinaismurdehien sanakniiga = Slovar\u2019 sobstvenno-karel\u2019skih govorov Karelii (toim. V. P. Fedotova &amp; T. P. Boiko). Petroskoi, 2009. http:\/\/resources.krc.karelia.ru\/illh\/doc\/redkie\/slovar_fedotova.pdf Tverin karjalaismurdehien sanakniiga = Slovar\u2019 karel\u2019skogo jazyka, tverskie govory [&hellip;]","og_url":"https:\/\/blogs.uef.fi\/karjalanelvytys\/linkat-suvikarjalan-verkkoainehistoloih\/","og_site_name":"Karjalan kielen elvytt\u00e4minen","article_modified_time":"2022-08-23T22:20:13+00:00","twitter_card":"summary_large_image","twitter_misc":{"Arvioitu lukuaika":"1 minuutti"},"schema":{"@context":"https:\/\/schema.org","@graph":[{"@type":"WebPage","@id":"https:\/\/blogs.uef.fi\/karjalanelvytys\/linkat-suvikarjalan-verkkoainehistoloih\/","url":"https:\/\/blogs.uef.fi\/karjalanelvytys\/linkat-suvikarjalan-verkkoainehistoloih\/","name":"Linkat suvikarjalan verkkoainehistoloih - Karjalan kielen elvytt\u00e4minen","isPartOf":{"@id":"https:\/\/blogs.uef.fi\/karjalanelvytys\/#website"},"datePublished":"2022-08-23T22:03:46+00:00","dateModified":"2022-08-23T22:20:13+00:00","breadcrumb":{"@id":"https:\/\/blogs.uef.fi\/karjalanelvytys\/linkat-suvikarjalan-verkkoainehistoloih\/#breadcrumb"},"inLanguage":"fi","potentialAction":[{"@type":"ReadAction","target":["https:\/\/blogs.uef.fi\/karjalanelvytys\/linkat-suvikarjalan-verkkoainehistoloih\/"]}]},{"@type":"BreadcrumbList","@id":"https:\/\/blogs.uef.fi\/karjalanelvytys\/linkat-suvikarjalan-verkkoainehistoloih\/#breadcrumb","itemListElement":[{"@type":"ListItem","position":1,"name":"Home","item":"https:\/\/blogs.uef.fi\/karjalanelvytys\/"},{"@type":"ListItem","position":2,"name":"Linkat suvikarjalan verkkoainehistoloih"}]},{"@type":"WebSite","@id":"https:\/\/blogs.uef.fi\/karjalanelvytys\/#website","url":"https:\/\/blogs.uef.fi\/karjalanelvytys\/","name":"Karjalan kielen elvytt\u00e4minen","description":"","potentialAction":[{"@type":"SearchAction","target":{"@type":"EntryPoint","urlTemplate":"https:\/\/blogs.uef.fi\/karjalanelvytys\/?s={search_term_string}"},"query-input":{"@type":"PropertyValueSpecification","valueRequired":true,"valueName":"search_term_string"}}],"inLanguage":"fi"}]}},"_links":{"self":[{"href":"https:\/\/blogs.uef.fi\/karjalanelvytys\/wp-json\/wp\/v2\/pages\/6136","targetHints":{"allow":["GET"]}}],"collection":[{"href":"https:\/\/blogs.uef.fi\/karjalanelvytys\/wp-json\/wp\/v2\/pages"}],"about":[{"href":"https:\/\/blogs.uef.fi\/karjalanelvytys\/wp-json\/wp\/v2\/types\/page"}],"author":[{"embeddable":true,"href":"https:\/\/blogs.uef.fi\/karjalanelvytys\/wp-json\/wp\/v2\/users\/548"}],"replies":[{"embeddable":true,"href":"https:\/\/blogs.uef.fi\/karjalanelvytys\/wp-json\/wp\/v2\/comments?post=6136"}],"version-history":[{"count":2,"href":"https:\/\/blogs.uef.fi\/karjalanelvytys\/wp-json\/wp\/v2\/pages\/6136\/revisions"}],"predecessor-version":[{"id":6157,"href":"https:\/\/blogs.uef.fi\/karjalanelvytys\/wp-json\/wp\/v2\/pages\/6136\/revisions\/6157"}],"wp:attachment":[{"href":"https:\/\/blogs.uef.fi\/karjalanelvytys\/wp-json\/wp\/v2\/media?parent=6136"}],"curies":[{"name":"wp","href":"https:\/\/api.w.org\/{rel}","templated":true}]}}