{"id":5120,"date":"2022-04-14T15:58:02","date_gmt":"2022-04-14T12:58:02","guid":{"rendered":"https:\/\/blogs.uef.fi\/karjalanelvytys\/?page_id=5120"},"modified":"2022-04-14T16:54:20","modified_gmt":"2022-04-14T13:54:20","slug":"aijahpaivah-liittyja-sanasto-suvikarjala-suomi","status":"publish","type":"page","link":"https:\/\/blogs.uef.fi\/karjalanelvytys\/aijahpaivah-liittyja-sanasto-suvikarjala-suomi\/","title":{"rendered":"\u00c4ij\u00e4hp\u00e4iv\u00e4h liittyj\u00e4 sanasto (suvikarjala\u2013suomi)"},"content":{"rendered":"<p>&nbsp;<\/p>\n<p><strong>\u00c4ij\u00e4hp\u00e4iv\u00e4h liittyj\u00e4 sanasto (suvikarjala\u2013suomi)<\/strong><\/p>\n<p><strong>P\u00e4\u00e4si\u00e4iseen liittyv\u00e4 sanasto (etel\u00e4karjala\u2013suomi)<\/strong><\/p>\n<p>&nbsp;<\/p>\n<p>Luadija: <strong>Katerina Paalamo<\/strong><\/p>\n<p>P\u00e4iv\u00e4nnouzu-Suomen yliopisto<\/p>\n<p>Karjalan kielen elvytysprojekta 2021\u20132022<\/p>\n<p>&nbsp;<\/p>\n<div id=\"attachment_5123\" style=\"width: 519px\" class=\"wp-caption alignnone\"><img loading=\"lazy\" decoding=\"async\" aria-describedby=\"caption-attachment-5123\" class=\"wp-image-5123\" src=\"https:\/\/blogs.uef.fi\/karjalanelvytys\/wp-content\/uploads\/sites\/155\/2022\/04\/Aijapaiva_Adaman-gruunu-300x86.png\" alt=\"Kuva kirjasta Adaman gruunu. Kuvassa p\u00e4\u00e4si\u00e4issanastoa.\" width=\"509\" height=\"146\" srcset=\"https:\/\/blogs.uef.fi\/karjalanelvytys\/wp-content\/uploads\/sites\/155\/2022\/04\/Aijapaiva_Adaman-gruunu-300x86.png 300w, https:\/\/blogs.uef.fi\/karjalanelvytys\/wp-content\/uploads\/sites\/155\/2022\/04\/Aijapaiva_Adaman-gruunu.png 643w\" sizes=\"auto, (max-width: 509px) 100vw, 509px\" \/><p id=\"caption-attachment-5123\" class=\"wp-caption-text\">Kuva kniigasta Adaman gruunu, luadijat: Katerina Paalamo da Sanna Hukkanen (kuvittaja)<\/p><\/div>\n<p>&nbsp;<\/p>\n<p>\u00c4ij\u00e4p\u00e4iv\u00e4 (\u00c4ij\u00e4np\u00e4iv\u00e4n, \u00c4iji\u00e4p\u00e4ivi\u00e4) \u2013 p\u00e4\u00e4si\u00e4inen<\/p>\n<p>pruazniekka \u2013 juhla<\/p>\n<p>kallis pruazniekka \u2013 t\u00e4rke\u00e4 juhla<\/p>\n<p>&nbsp;<\/p>\n<p>sra\u0161noi ned\u00e4li \u2013 suuri viikko, piinaviikko<\/p>\n<p>Virbopyh\u00e4p\u00e4iv\u00e4 \u2013 palmusunnuntai<\/p>\n<p>Suuri nell\u00e4sp\u00e4iv\u00e4 \u2013 kiirastorstai<\/p>\n<p>\u00c4ij\u00e4np\u00e4iv\u00e4npi\u00e4tin\u010d\u010d\u00e4 \u2013 pitk\u00e4perjantai<\/p>\n<p>\u00c4ij\u00e4p\u00e4iv\u00e4 \u2013 p\u00e4\u00e4si\u00e4inen<\/p>\n<p>&nbsp;<\/p>\n<p><strong>pyh\u00e4 \u2013 paasto<\/strong><\/p>\n<p>suuripyh\u00e4 \u2013 suuri paasto, p\u00e4\u00e4si\u00e4ispaasto<\/p>\n<p>pyhitti\u00e4 \u2013 paastota<\/p>\n<p>argehine sy\u00f6mine \u2013 paastottoman ajan ruoka<\/p>\n<p>pyh\u00e4hine sy\u00f6mine \u2013 paastoruoka<\/p>\n<p>kazvossy\u00f6mine \u2013 kasvisruoka<\/p>\n<p>pyh\u00e4voi \u2013 kasvi\u00f6ljy<\/p>\n<p>kapusta \u2013 kaali<\/p>\n<p>hernehrokka \u2013 hernekeitto<\/p>\n<p>marjavezi \u2013 marjamehu<\/p>\n<p>m\u00e4mmi \u2013 m\u00e4mmi<\/p>\n<p>ri\u00e4hk\u00e4 \u2013 synti<\/p>\n<p>k\u00e4yv\u00e4 ri\u00e4hkill\u00e4 \u2013 k\u00e4yd\u00e4 synnintunnustuksella<\/p>\n<p>k\u00e4yv\u00e4 pyhill\u00e4 \u2013 k\u00e4yd\u00e4 ehtoollisella<\/p>\n<p>pro\u0161ken\u2019n\u2019a \u2013 anteeksianto<\/p>\n<p>pakita pro\u0161ken\u2019n\u2019ua \u2013 pyyt\u00e4\u00e4 anteeksi<\/p>\n<p>prostie, andua andieksi \u2013 antaa anteeksi<\/p>\n<p>Prosti milma. \/ Anna miula andieksi. \u2013 Anna minulle anteeksi.<\/p>\n<p>molie \u2013 rukoilla<\/p>\n<p>malittu \u2013 rukous<\/p>\n<p>ristie silm\u00e4t \u2013 tehd\u00e4 ristinmerkki<\/p>\n<p>&nbsp;<\/p>\n<p>Kuva: Pixabay<\/p>\n<div id=\"attachment_5126\" style=\"width: 310px\" class=\"wp-caption alignnone\"><img loading=\"lazy\" decoding=\"async\" aria-describedby=\"caption-attachment-5126\" class=\"size-medium wp-image-5126\" src=\"https:\/\/blogs.uef.fi\/karjalanelvytys\/wp-content\/uploads\/sites\/155\/2022\/04\/candles-1238502_1920-300x199.jpg\" alt=\"Tuohukset\" width=\"300\" height=\"199\" srcset=\"https:\/\/blogs.uef.fi\/karjalanelvytys\/wp-content\/uploads\/sites\/155\/2022\/04\/candles-1238502_1920-300x199.jpg 300w, https:\/\/blogs.uef.fi\/karjalanelvytys\/wp-content\/uploads\/sites\/155\/2022\/04\/candles-1238502_1920-1024x680.jpg 1024w, https:\/\/blogs.uef.fi\/karjalanelvytys\/wp-content\/uploads\/sites\/155\/2022\/04\/candles-1238502_1920-768x510.jpg 768w, https:\/\/blogs.uef.fi\/karjalanelvytys\/wp-content\/uploads\/sites\/155\/2022\/04\/candles-1238502_1920-1536x1020.jpg 1536w, https:\/\/blogs.uef.fi\/karjalanelvytys\/wp-content\/uploads\/sites\/155\/2022\/04\/candles-1238502_1920.jpg 1920w\" sizes=\"auto, (max-width: 300px) 100vw, 300px\" \/><p id=\"caption-attachment-5126\" class=\"wp-caption-text\">Tuohukset<\/p><\/div>\n<p>&nbsp;<\/p>\n<p><strong>Virbopyh\u00e4p\u00e4iv\u00e4 \u2013 palmusunnuntai<\/strong><\/p>\n<p>virvottua \u2013 virpoa<\/p>\n<p>virbolugu, virbosanat \u2013 virpoluku, virpoloru<\/p>\n<p>virbovi\u010d\u010da \u2013 virpovitsa<\/p>\n<p>pajunlammas, lambahane \u2013 pajunkissa<\/p>\n<p>&nbsp;<\/p>\n<p>Kuva: Pixabay<\/p>\n<div id=\"attachment_5129\" style=\"width: 310px\" class=\"wp-caption alignnone\"><img loading=\"lazy\" decoding=\"async\" aria-describedby=\"caption-attachment-5129\" class=\"size-medium wp-image-5129\" src=\"https:\/\/blogs.uef.fi\/karjalanelvytys\/wp-content\/uploads\/sites\/155\/2022\/04\/chick-5014152_1920-300x200.jpg\" alt=\"Tipuja\" width=\"300\" height=\"200\" srcset=\"https:\/\/blogs.uef.fi\/karjalanelvytys\/wp-content\/uploads\/sites\/155\/2022\/04\/chick-5014152_1920-300x200.jpg 300w, https:\/\/blogs.uef.fi\/karjalanelvytys\/wp-content\/uploads\/sites\/155\/2022\/04\/chick-5014152_1920-1024x683.jpg 1024w, https:\/\/blogs.uef.fi\/karjalanelvytys\/wp-content\/uploads\/sites\/155\/2022\/04\/chick-5014152_1920-768x512.jpg 768w, https:\/\/blogs.uef.fi\/karjalanelvytys\/wp-content\/uploads\/sites\/155\/2022\/04\/chick-5014152_1920-1536x1024.jpg 1536w, https:\/\/blogs.uef.fi\/karjalanelvytys\/wp-content\/uploads\/sites\/155\/2022\/04\/chick-5014152_1920.jpg 1920w\" sizes=\"auto, (max-width: 300px) 100vw, 300px\" \/><p id=\"caption-attachment-5129\" class=\"wp-caption-text\">Tipazet<\/p><\/div>\n<p>&nbsp;<\/p>\n<p><strong>\u00c4ij\u00e4p\u00e4iv\u00e4 \u2013 p\u00e4\u00e4si\u00e4inen<\/strong><\/p>\n<p>sluu\u017eba \u2013 jumalanpalvelus<\/p>\n<p>ristahodu (-hovun, -hoduo) \u2013 ristisaatto<\/p>\n<p>tuohus \u2013 tuohus, kynttil\u00e4<\/p>\n<p>pruazniekkasy\u00f6mine \u2013 juhlaruoka<\/p>\n<p>j\u00e4i\u010d\u010d\u00e4 \u2013 (kanan)muna<\/p>\n<p>kruassittu j\u00e4i\u010d\u010d\u00e4 \u2013 maalattu, v\u00e4rj\u00e4tty muna<\/p>\n<p>ruskie \u2013 punainen<\/p>\n<p>luukka \u2013 sipuli<\/p>\n<p>kuori \u2013 kuori<\/p>\n<p>\u00e4ij\u00e4np\u00e4iv\u00e4nj\u00e4i\u010d\u010d\u00e4 \u2013 p\u00e4\u00e4si\u00e4ismuna<\/p>\n<p>\u0161okoluadaj\u00e4i\u010d\u010d\u00e4 \u2013 suklaamuna<\/p>\n<p>lambahanliha \u2013 lampaanliha<\/p>\n<p>viini \u2013 viini<\/p>\n<p>pasha \u2013 pasha<\/p>\n<p>kuli\u010d\u010da \u2013 kulitsa<\/p>\n<p>piirua \u2013 piirakka, karjalanpiirakka<\/p>\n<p>rahka \u2013 rahka<\/p>\n<p>rahkapiirua \u2013 rahkapiirakka<\/p>\n<p>\u010domennus \u2013 koriste<\/p>\n<p>raihein\u00e4 \u2013 rairuoho<\/p>\n<p>ozra \u2013 ohra<\/p>\n<p>tipane \u2013 tipu<\/p>\n<p>j\u00e4n\u00f6ne \u2013 pupu<\/p>\n<p>kana \u2013 kana<\/p>\n<p>kukko \u2013 kukko<\/p>\n<p>narsissa \u2013 narsissi<\/p>\n<p>&nbsp;<\/p>\n<p>Kuva: Pixabay<\/p>\n<div id=\"attachment_5132\" style=\"width: 310px\" class=\"wp-caption alignnone\"><img loading=\"lazy\" decoding=\"async\" aria-describedby=\"caption-attachment-5132\" class=\"size-medium wp-image-5132\" src=\"https:\/\/blogs.uef.fi\/karjalanelvytys\/wp-content\/uploads\/sites\/155\/2022\/04\/daffodils-2128850_1920-300x208.jpg\" alt=\"Narsisseja\" width=\"300\" height=\"208\" srcset=\"https:\/\/blogs.uef.fi\/karjalanelvytys\/wp-content\/uploads\/sites\/155\/2022\/04\/daffodils-2128850_1920-300x208.jpg 300w, https:\/\/blogs.uef.fi\/karjalanelvytys\/wp-content\/uploads\/sites\/155\/2022\/04\/daffodils-2128850_1920-1024x710.jpg 1024w, https:\/\/blogs.uef.fi\/karjalanelvytys\/wp-content\/uploads\/sites\/155\/2022\/04\/daffodils-2128850_1920-768x532.jpg 768w, https:\/\/blogs.uef.fi\/karjalanelvytys\/wp-content\/uploads\/sites\/155\/2022\/04\/daffodils-2128850_1920-1536x1065.jpg 1536w, https:\/\/blogs.uef.fi\/karjalanelvytys\/wp-content\/uploads\/sites\/155\/2022\/04\/daffodils-2128850_1920.jpg 1920w\" sizes=\"auto, (max-width: 300px) 100vw, 300px\" \/><p id=\"caption-attachment-5132\" class=\"wp-caption-text\">Narsissat<\/p><\/div>\n<p>&nbsp;<\/p>\n<p>Hyvi\u00e4 \u00c4iji\u00e4p\u00e4ivi\u00e4! Hyvi\u00e4 \u00c4ij\u00e4np\u00e4iv\u00e4n pruazniekkua! \u2013 Hyv\u00e4\u00e4 p\u00e4\u00e4si\u00e4ist\u00e4!<\/p>\n<p>Hristos nouzi kuolieloista! Hristos nouzi kuolluzista! \u2013 Kristus nousi kuolleista!<\/p>\n<p>Tovestah nouzi! Toven nouzi! \u2013 Totisesti nousi!<\/p>\n","protected":false},"excerpt":{"rendered":"<p>&nbsp; \u00c4ij\u00e4hp\u00e4iv\u00e4h liittyj\u00e4 sanasto (suvikarjala\u2013suomi) P\u00e4\u00e4si\u00e4iseen liittyv\u00e4 sanasto (etel\u00e4karjala\u2013suomi) &nbsp; Luadija: Katerina Paalamo P\u00e4iv\u00e4nnouzu-Suomen yliopisto Karjalan kielen elvytysprojekta 2021\u20132022 &nbsp; &nbsp; \u00c4ij\u00e4p\u00e4iv\u00e4 (\u00c4ij\u00e4np\u00e4iv\u00e4n, \u00c4iji\u00e4p\u00e4ivi\u00e4) \u2013 p\u00e4\u00e4si\u00e4inen pruazniekka \u2013 juhla kallis pruazniekka \u2013 t\u00e4rke\u00e4 juhla &nbsp; sra\u0161noi ned\u00e4li \u2013 suuri viikko, piinaviikko Virbopyh\u00e4p\u00e4iv\u00e4 \u2013 palmusunnuntai Suuri nell\u00e4sp\u00e4iv\u00e4 \u2013 kiirastorstai \u00c4ij\u00e4np\u00e4iv\u00e4npi\u00e4tin\u010d\u010d\u00e4 \u2013 pitk\u00e4perjantai \u00c4ij\u00e4p\u00e4iv\u00e4 \u2013 p\u00e4\u00e4si\u00e4inen &nbsp; [&hellip;]<\/p>\n","protected":false},"author":477,"featured_media":0,"parent":0,"menu_order":0,"comment_status":"closed","ping_status":"closed","template":"","meta":{"_acf_changed":false,"footnotes":""},"class_list":["post-5120","page","type-page","status-publish","hentry"],"acf":[],"yoast_head":"<!-- This site is optimized with the Yoast SEO plugin v27.3 - https:\/\/yoast.com\/product\/yoast-seo-wordpress\/ -->\n<title>\u00c4ij\u00e4hp\u00e4iv\u00e4h liittyj\u00e4 sanasto (suvikarjala\u2013suomi) - Karjalan kielen elvytt\u00e4minen<\/title>\n<meta name=\"robots\" content=\"index, follow, max-snippet:-1, max-image-preview:large, max-video-preview:-1\" \/>\n<link rel=\"canonical\" href=\"https:\/\/blogs.uef.fi\/karjalanelvytys\/aijahpaivah-liittyja-sanasto-suvikarjala-suomi\/\" \/>\n<meta property=\"og:locale\" content=\"fi_FI\" \/>\n<meta property=\"og:type\" content=\"article\" \/>\n<meta property=\"og:title\" content=\"\u00c4ij\u00e4hp\u00e4iv\u00e4h liittyj\u00e4 sanasto (suvikarjala\u2013suomi) - Karjalan kielen elvytt\u00e4minen\" \/>\n<meta property=\"og:description\" content=\"&nbsp; \u00c4ij\u00e4hp\u00e4iv\u00e4h liittyj\u00e4 sanasto (suvikarjala\u2013suomi) P\u00e4\u00e4si\u00e4iseen liittyv\u00e4 sanasto (etel\u00e4karjala\u2013suomi) &nbsp; Luadija: Katerina Paalamo P\u00e4iv\u00e4nnouzu-Suomen yliopisto Karjalan kielen elvytysprojekta 2021\u20132022 &nbsp; &nbsp; \u00c4ij\u00e4p\u00e4iv\u00e4 (\u00c4ij\u00e4np\u00e4iv\u00e4n, \u00c4iji\u00e4p\u00e4ivi\u00e4) \u2013 p\u00e4\u00e4si\u00e4inen pruazniekka \u2013 juhla kallis pruazniekka \u2013 t\u00e4rke\u00e4 juhla &nbsp; sra\u0161noi ned\u00e4li \u2013 suuri viikko, piinaviikko Virbopyh\u00e4p\u00e4iv\u00e4 \u2013 palmusunnuntai Suuri nell\u00e4sp\u00e4iv\u00e4 \u2013 kiirastorstai \u00c4ij\u00e4np\u00e4iv\u00e4npi\u00e4tin\u010d\u010d\u00e4 \u2013 pitk\u00e4perjantai \u00c4ij\u00e4p\u00e4iv\u00e4 \u2013 p\u00e4\u00e4si\u00e4inen &nbsp; [&hellip;]\" \/>\n<meta property=\"og:url\" content=\"https:\/\/blogs.uef.fi\/karjalanelvytys\/aijahpaivah-liittyja-sanasto-suvikarjala-suomi\/\" \/>\n<meta property=\"og:site_name\" content=\"Karjalan kielen elvytt\u00e4minen\" \/>\n<meta property=\"article:modified_time\" content=\"2022-04-14T13:54:20+00:00\" \/>\n<meta property=\"og:image\" content=\"https:\/\/blogs.uef.fi\/karjalanelvytys\/wp-content\/uploads\/sites\/155\/2022\/04\/Aijapaiva_Adaman-gruunu-300x86.png\" \/>\n<meta name=\"twitter:card\" content=\"summary_large_image\" \/>\n<meta name=\"twitter:label1\" content=\"Arvioitu lukuaika\" \/>\n\t<meta name=\"twitter:data1\" content=\"2 minuuttia\" \/>\n<script type=\"application\/ld+json\" class=\"yoast-schema-graph\">{\"@context\":\"https:\\\/\\\/schema.org\",\"@graph\":[{\"@type\":\"WebPage\",\"@id\":\"https:\\\/\\\/blogs.uef.fi\\\/karjalanelvytys\\\/aijahpaivah-liittyja-sanasto-suvikarjala-suomi\\\/\",\"url\":\"https:\\\/\\\/blogs.uef.fi\\\/karjalanelvytys\\\/aijahpaivah-liittyja-sanasto-suvikarjala-suomi\\\/\",\"name\":\"\u00c4ij\u00e4hp\u00e4iv\u00e4h liittyj\u00e4 sanasto (suvikarjala\u2013suomi) - Karjalan kielen elvytt\u00e4minen\",\"isPartOf\":{\"@id\":\"https:\\\/\\\/blogs.uef.fi\\\/karjalanelvytys\\\/#website\"},\"primaryImageOfPage\":{\"@id\":\"https:\\\/\\\/blogs.uef.fi\\\/karjalanelvytys\\\/aijahpaivah-liittyja-sanasto-suvikarjala-suomi\\\/#primaryimage\"},\"image\":{\"@id\":\"https:\\\/\\\/blogs.uef.fi\\\/karjalanelvytys\\\/aijahpaivah-liittyja-sanasto-suvikarjala-suomi\\\/#primaryimage\"},\"thumbnailUrl\":\"https:\\\/\\\/blogs.uef.fi\\\/karjalanelvytys\\\/wp-content\\\/uploads\\\/sites\\\/155\\\/2022\\\/04\\\/Aijapaiva_Adaman-gruunu-300x86.png\",\"datePublished\":\"2022-04-14T12:58:02+00:00\",\"dateModified\":\"2022-04-14T13:54:20+00:00\",\"breadcrumb\":{\"@id\":\"https:\\\/\\\/blogs.uef.fi\\\/karjalanelvytys\\\/aijahpaivah-liittyja-sanasto-suvikarjala-suomi\\\/#breadcrumb\"},\"inLanguage\":\"fi\",\"potentialAction\":[{\"@type\":\"ReadAction\",\"target\":[\"https:\\\/\\\/blogs.uef.fi\\\/karjalanelvytys\\\/aijahpaivah-liittyja-sanasto-suvikarjala-suomi\\\/\"]}]},{\"@type\":\"ImageObject\",\"inLanguage\":\"fi\",\"@id\":\"https:\\\/\\\/blogs.uef.fi\\\/karjalanelvytys\\\/aijahpaivah-liittyja-sanasto-suvikarjala-suomi\\\/#primaryimage\",\"url\":\"https:\\\/\\\/blogs.uef.fi\\\/karjalanelvytys\\\/wp-content\\\/uploads\\\/sites\\\/155\\\/2022\\\/04\\\/Aijapaiva_Adaman-gruunu.png\",\"contentUrl\":\"https:\\\/\\\/blogs.uef.fi\\\/karjalanelvytys\\\/wp-content\\\/uploads\\\/sites\\\/155\\\/2022\\\/04\\\/Aijapaiva_Adaman-gruunu.png\",\"width\":643,\"height\":185,\"caption\":\"Kuva kniigasta Adaman gruunu, luadijat: Katerina Paalamo da Sanna Hukkanen (kuvittaja)\"},{\"@type\":\"BreadcrumbList\",\"@id\":\"https:\\\/\\\/blogs.uef.fi\\\/karjalanelvytys\\\/aijahpaivah-liittyja-sanasto-suvikarjala-suomi\\\/#breadcrumb\",\"itemListElement\":[{\"@type\":\"ListItem\",\"position\":1,\"name\":\"Home\",\"item\":\"https:\\\/\\\/blogs.uef.fi\\\/karjalanelvytys\\\/\"},{\"@type\":\"ListItem\",\"position\":2,\"name\":\"\u00c4ij\u00e4hp\u00e4iv\u00e4h liittyj\u00e4 sanasto (suvikarjala\u2013suomi)\"}]},{\"@type\":\"WebSite\",\"@id\":\"https:\\\/\\\/blogs.uef.fi\\\/karjalanelvytys\\\/#website\",\"url\":\"https:\\\/\\\/blogs.uef.fi\\\/karjalanelvytys\\\/\",\"name\":\"Karjalan kielen elvytt\u00e4minen\",\"description\":\"\",\"potentialAction\":[{\"@type\":\"SearchAction\",\"target\":{\"@type\":\"EntryPoint\",\"urlTemplate\":\"https:\\\/\\\/blogs.uef.fi\\\/karjalanelvytys\\\/?s={search_term_string}\"},\"query-input\":{\"@type\":\"PropertyValueSpecification\",\"valueRequired\":true,\"valueName\":\"search_term_string\"}}],\"inLanguage\":\"fi\"}]}<\/script>\n<!-- \/ Yoast SEO plugin. -->","yoast_head_json":{"title":"\u00c4ij\u00e4hp\u00e4iv\u00e4h liittyj\u00e4 sanasto (suvikarjala\u2013suomi) - Karjalan kielen elvytt\u00e4minen","robots":{"index":"index","follow":"follow","max-snippet":"max-snippet:-1","max-image-preview":"max-image-preview:large","max-video-preview":"max-video-preview:-1"},"canonical":"https:\/\/blogs.uef.fi\/karjalanelvytys\/aijahpaivah-liittyja-sanasto-suvikarjala-suomi\/","og_locale":"fi_FI","og_type":"article","og_title":"\u00c4ij\u00e4hp\u00e4iv\u00e4h liittyj\u00e4 sanasto (suvikarjala\u2013suomi) - Karjalan kielen elvytt\u00e4minen","og_description":"&nbsp; \u00c4ij\u00e4hp\u00e4iv\u00e4h liittyj\u00e4 sanasto (suvikarjala\u2013suomi) P\u00e4\u00e4si\u00e4iseen liittyv\u00e4 sanasto (etel\u00e4karjala\u2013suomi) &nbsp; Luadija: Katerina Paalamo P\u00e4iv\u00e4nnouzu-Suomen yliopisto Karjalan kielen elvytysprojekta 2021\u20132022 &nbsp; &nbsp; \u00c4ij\u00e4p\u00e4iv\u00e4 (\u00c4ij\u00e4np\u00e4iv\u00e4n, \u00c4iji\u00e4p\u00e4ivi\u00e4) \u2013 p\u00e4\u00e4si\u00e4inen pruazniekka \u2013 juhla kallis pruazniekka \u2013 t\u00e4rke\u00e4 juhla &nbsp; sra\u0161noi ned\u00e4li \u2013 suuri viikko, piinaviikko Virbopyh\u00e4p\u00e4iv\u00e4 \u2013 palmusunnuntai Suuri nell\u00e4sp\u00e4iv\u00e4 \u2013 kiirastorstai \u00c4ij\u00e4np\u00e4iv\u00e4npi\u00e4tin\u010d\u010d\u00e4 \u2013 pitk\u00e4perjantai \u00c4ij\u00e4p\u00e4iv\u00e4 \u2013 p\u00e4\u00e4si\u00e4inen &nbsp; [&hellip;]","og_url":"https:\/\/blogs.uef.fi\/karjalanelvytys\/aijahpaivah-liittyja-sanasto-suvikarjala-suomi\/","og_site_name":"Karjalan kielen elvytt\u00e4minen","article_modified_time":"2022-04-14T13:54:20+00:00","og_image":[{"url":"https:\/\/blogs.uef.fi\/karjalanelvytys\/wp-content\/uploads\/sites\/155\/2022\/04\/Aijapaiva_Adaman-gruunu-300x86.png","type":"","width":"","height":""}],"twitter_card":"summary_large_image","twitter_misc":{"Arvioitu lukuaika":"2 minuuttia"},"schema":{"@context":"https:\/\/schema.org","@graph":[{"@type":"WebPage","@id":"https:\/\/blogs.uef.fi\/karjalanelvytys\/aijahpaivah-liittyja-sanasto-suvikarjala-suomi\/","url":"https:\/\/blogs.uef.fi\/karjalanelvytys\/aijahpaivah-liittyja-sanasto-suvikarjala-suomi\/","name":"\u00c4ij\u00e4hp\u00e4iv\u00e4h liittyj\u00e4 sanasto (suvikarjala\u2013suomi) - Karjalan kielen elvytt\u00e4minen","isPartOf":{"@id":"https:\/\/blogs.uef.fi\/karjalanelvytys\/#website"},"primaryImageOfPage":{"@id":"https:\/\/blogs.uef.fi\/karjalanelvytys\/aijahpaivah-liittyja-sanasto-suvikarjala-suomi\/#primaryimage"},"image":{"@id":"https:\/\/blogs.uef.fi\/karjalanelvytys\/aijahpaivah-liittyja-sanasto-suvikarjala-suomi\/#primaryimage"},"thumbnailUrl":"https:\/\/blogs.uef.fi\/karjalanelvytys\/wp-content\/uploads\/sites\/155\/2022\/04\/Aijapaiva_Adaman-gruunu-300x86.png","datePublished":"2022-04-14T12:58:02+00:00","dateModified":"2022-04-14T13:54:20+00:00","breadcrumb":{"@id":"https:\/\/blogs.uef.fi\/karjalanelvytys\/aijahpaivah-liittyja-sanasto-suvikarjala-suomi\/#breadcrumb"},"inLanguage":"fi","potentialAction":[{"@type":"ReadAction","target":["https:\/\/blogs.uef.fi\/karjalanelvytys\/aijahpaivah-liittyja-sanasto-suvikarjala-suomi\/"]}]},{"@type":"ImageObject","inLanguage":"fi","@id":"https:\/\/blogs.uef.fi\/karjalanelvytys\/aijahpaivah-liittyja-sanasto-suvikarjala-suomi\/#primaryimage","url":"https:\/\/blogs.uef.fi\/karjalanelvytys\/wp-content\/uploads\/sites\/155\/2022\/04\/Aijapaiva_Adaman-gruunu.png","contentUrl":"https:\/\/blogs.uef.fi\/karjalanelvytys\/wp-content\/uploads\/sites\/155\/2022\/04\/Aijapaiva_Adaman-gruunu.png","width":643,"height":185,"caption":"Kuva kniigasta Adaman gruunu, luadijat: Katerina Paalamo da Sanna Hukkanen (kuvittaja)"},{"@type":"BreadcrumbList","@id":"https:\/\/blogs.uef.fi\/karjalanelvytys\/aijahpaivah-liittyja-sanasto-suvikarjala-suomi\/#breadcrumb","itemListElement":[{"@type":"ListItem","position":1,"name":"Home","item":"https:\/\/blogs.uef.fi\/karjalanelvytys\/"},{"@type":"ListItem","position":2,"name":"\u00c4ij\u00e4hp\u00e4iv\u00e4h liittyj\u00e4 sanasto (suvikarjala\u2013suomi)"}]},{"@type":"WebSite","@id":"https:\/\/blogs.uef.fi\/karjalanelvytys\/#website","url":"https:\/\/blogs.uef.fi\/karjalanelvytys\/","name":"Karjalan kielen elvytt\u00e4minen","description":"","potentialAction":[{"@type":"SearchAction","target":{"@type":"EntryPoint","urlTemplate":"https:\/\/blogs.uef.fi\/karjalanelvytys\/?s={search_term_string}"},"query-input":{"@type":"PropertyValueSpecification","valueRequired":true,"valueName":"search_term_string"}}],"inLanguage":"fi"}]}},"_links":{"self":[{"href":"https:\/\/blogs.uef.fi\/karjalanelvytys\/wp-json\/wp\/v2\/pages\/5120","targetHints":{"allow":["GET"]}}],"collection":[{"href":"https:\/\/blogs.uef.fi\/karjalanelvytys\/wp-json\/wp\/v2\/pages"}],"about":[{"href":"https:\/\/blogs.uef.fi\/karjalanelvytys\/wp-json\/wp\/v2\/types\/page"}],"author":[{"embeddable":true,"href":"https:\/\/blogs.uef.fi\/karjalanelvytys\/wp-json\/wp\/v2\/users\/477"}],"replies":[{"embeddable":true,"href":"https:\/\/blogs.uef.fi\/karjalanelvytys\/wp-json\/wp\/v2\/comments?post=5120"}],"version-history":[{"count":1,"href":"https:\/\/blogs.uef.fi\/karjalanelvytys\/wp-json\/wp\/v2\/pages\/5120\/revisions"}],"predecessor-version":[{"id":5150,"href":"https:\/\/blogs.uef.fi\/karjalanelvytys\/wp-json\/wp\/v2\/pages\/5120\/revisions\/5150"}],"wp:attachment":[{"href":"https:\/\/blogs.uef.fi\/karjalanelvytys\/wp-json\/wp\/v2\/media?parent=5120"}],"curies":[{"name":"wp","href":"https:\/\/api.w.org\/{rel}","templated":true}]}}