{"id":4712,"date":"2022-03-31T10:40:55","date_gmt":"2022-03-31T07:40:55","guid":{"rendered":"https:\/\/blogs.uef.fi\/karjalanelvytys\/?page_id=4712"},"modified":"2023-08-21T10:18:09","modified_gmt":"2023-08-21T07:18:09","slug":"videot-ja-audio","status":"publish","type":"page","link":"https:\/\/blogs.uef.fi\/karjalanelvytys\/videot-ja-audio\/","title":{"rendered":"Videot ja audio"},"content":{"rendered":"<p>Varsinaiskarjalan etel\u00e4murteiden arkistonauhoitteet: <a href=\"https:\/\/blogs.uef.fi\/karjalanelvytys\/varsinaiskarjalan-etelamurteiden-arkistonauhoitteet\/\">linkki nauhoitteisiin<\/a><\/p>\n<p>Karjalaine i\u00e4ni -videosarja: <a href=\"https:\/\/blogs.uef.fi\/karjalanelvytys\/karjalaine-iani\/\">linkki videoihin<\/a><\/p>\n<p>Karjalan kieli el\u00e4y -opetusvideot: <a href=\"https:\/\/blogs.uef.fi\/karjalanelvytys\/opetusvideot\/\">linkki opetusvideoiden p\u00e4\u00e4sivulle<\/a><\/p>\n<p class=\"title style-scope ytd-video-primary-info-renderer\">Katerina da Mi\u0161a opassetah suvikarjalua: <a href=\"https:\/\/blogs.uef.fi\/karjalanelvytys\/katerina-da-misa-opassetah-suvikarjalua\/\">linkki videoihin<\/a>.<\/p>\n<p>Karjalankielinen Gostis-podcast: <a href=\"https:\/\/soundcloud.com\/karjalahipsteri\">linkki podcastiin.<\/a><\/p>\n<p>Suistamon paginua -arkistohaastatteluvideot: <a href=\"https:\/\/www.youtube.com\/@suistamonpaginua\">linkki videoihin<\/a>.<\/p>\n<p>Flammie Pirisen kieliteknologialuento: <a href=\"https:\/\/blogs.uef.fi\/karjalanelvytys\/flammie-pirisen-kieliteknologialuento\/\">linkki luentoon<\/a><\/p>\n<p>Ka\u010do ymp\u00e4rihis ta \u0161anele mit\u00e4 ni\u00e4t tahi ruat -videopakinat vienankarjalak\u0161i: <a href=\"https:\/\/blogs.uef.fi\/karjalanelvytys\/kaco-ymparihis-ta-sanele-mita-niat-tahi-ruat-videopakinat\/\">linkki videoihin<\/a><\/p>\n<p>Ig\u00e4 el\u00e4, ig\u00e4 opastu \u2013 ka\u010dahtus livvinkarjalah (2019): l<a href=\"https:\/\/blogs.uef.fi\/karjalanelvytys\/livvinkarjalan-kielikurssi-2019\/\">inkki livvinkarjalan opetusvideoihin vuodelta 2019<\/a><\/p>\n<p>Karjalan kielen tutkimuskysymyksi\u00e4 koskevat videot (2019): <a href=\"https:\/\/blogs.uef.fi\/karjalanelvytys\/karjalan-kielen-tutkimuskysymyksia-2019\/\">linkki videoihin<\/a><\/p>\n<p>Musiikin yst\u00e4v\u00e4t voivat tutustua my\u00f6s Karelia Folkin karjalankielisiin karaokevideoihin: <a href=\"http:\/\/www.pajot.fi\/karaoke\/\">linkki karaokevideoihin<\/a><\/p>\n<p>Karaokevideot l\u00f6yd\u00e4t my\u00f6s YouTubesta: <a href=\"https:\/\/www.youtube.com\/playlist?list=PLw0VjnWyWcwbHbZUvpDbRiGlML3zLXdkh\">linkki soittolistaan<\/a><\/p>\n","protected":false},"excerpt":{"rendered":"<p>Varsinaiskarjalan etel\u00e4murteiden arkistonauhoitteet: linkki nauhoitteisiin Karjalaine i\u00e4ni -videosarja: linkki videoihin Karjalan kieli el\u00e4y -opetusvideot: linkki opetusvideoiden p\u00e4\u00e4sivulle Katerina da Mi\u0161a opassetah suvikarjalua: linkki videoihin. Karjalankielinen Gostis-podcast: linkki podcastiin. Suistamon paginua -arkistohaastatteluvideot: linkki videoihin. Flammie Pirisen kieliteknologialuento: linkki luentoon Ka\u010do ymp\u00e4rihis ta \u0161anele mit\u00e4 ni\u00e4t tahi ruat -videopakinat vienankarjalak\u0161i: linkki videoihin Ig\u00e4 el\u00e4, ig\u00e4 opastu \u2013 [&hellip;]<\/p>\n","protected":false},"author":419,"featured_media":0,"parent":0,"menu_order":0,"comment_status":"closed","ping_status":"closed","template":"","meta":{"_acf_changed":false,"footnotes":""},"class_list":["post-4712","page","type-page","status-publish","hentry"],"acf":[],"yoast_head":"<!-- This site is optimized with the Yoast SEO plugin v27.1.1 - https:\/\/yoast.com\/product\/yoast-seo-wordpress\/ -->\n<title>Videot ja audio - Karjalan kielen elvytt\u00e4minen<\/title>\n<meta name=\"robots\" content=\"index, follow, max-snippet:-1, max-image-preview:large, max-video-preview:-1\" \/>\n<link rel=\"canonical\" href=\"https:\/\/blogs.uef.fi\/karjalanelvytys\/videot-ja-audio\/\" \/>\n<meta property=\"og:locale\" content=\"fi_FI\" \/>\n<meta property=\"og:type\" content=\"article\" \/>\n<meta property=\"og:title\" content=\"Videot ja audio - Karjalan kielen elvytt\u00e4minen\" \/>\n<meta property=\"og:description\" content=\"Varsinaiskarjalan etel\u00e4murteiden arkistonauhoitteet: linkki nauhoitteisiin Karjalaine i\u00e4ni -videosarja: linkki videoihin Karjalan kieli el\u00e4y -opetusvideot: linkki opetusvideoiden p\u00e4\u00e4sivulle Katerina da Mi\u0161a opassetah suvikarjalua: linkki videoihin. Karjalankielinen Gostis-podcast: linkki podcastiin. Suistamon paginua -arkistohaastatteluvideot: linkki videoihin. Flammie Pirisen kieliteknologialuento: linkki luentoon Ka\u010do ymp\u00e4rihis ta \u0161anele mit\u00e4 ni\u00e4t tahi ruat -videopakinat vienankarjalak\u0161i: linkki videoihin Ig\u00e4 el\u00e4, ig\u00e4 opastu \u2013 [&hellip;]\" \/>\n<meta property=\"og:url\" content=\"https:\/\/blogs.uef.fi\/karjalanelvytys\/videot-ja-audio\/\" \/>\n<meta property=\"og:site_name\" content=\"Karjalan kielen elvytt\u00e4minen\" \/>\n<meta property=\"article:modified_time\" content=\"2023-08-21T07:18:09+00:00\" \/>\n<meta name=\"twitter:card\" content=\"summary_large_image\" \/>\n<meta name=\"twitter:label1\" content=\"Arvioitu lukuaika\" \/>\n\t<meta name=\"twitter:data1\" content=\"1 minuutti\" \/>\n<script type=\"application\/ld+json\" class=\"yoast-schema-graph\">{\"@context\":\"https:\/\/schema.org\",\"@graph\":[{\"@type\":\"WebPage\",\"@id\":\"https:\/\/blogs.uef.fi\/karjalanelvytys\/videot-ja-audio\/\",\"url\":\"https:\/\/blogs.uef.fi\/karjalanelvytys\/videot-ja-audio\/\",\"name\":\"Videot ja audio - Karjalan kielen elvytt\u00e4minen\",\"isPartOf\":{\"@id\":\"https:\/\/blogs.uef.fi\/karjalanelvytys\/#website\"},\"datePublished\":\"2022-03-31T07:40:55+00:00\",\"dateModified\":\"2023-08-21T07:18:09+00:00\",\"breadcrumb\":{\"@id\":\"https:\/\/blogs.uef.fi\/karjalanelvytys\/videot-ja-audio\/#breadcrumb\"},\"inLanguage\":\"fi\",\"potentialAction\":[{\"@type\":\"ReadAction\",\"target\":[\"https:\/\/blogs.uef.fi\/karjalanelvytys\/videot-ja-audio\/\"]}]},{\"@type\":\"BreadcrumbList\",\"@id\":\"https:\/\/blogs.uef.fi\/karjalanelvytys\/videot-ja-audio\/#breadcrumb\",\"itemListElement\":[{\"@type\":\"ListItem\",\"position\":1,\"name\":\"Home\",\"item\":\"https:\/\/blogs.uef.fi\/karjalanelvytys\/\"},{\"@type\":\"ListItem\",\"position\":2,\"name\":\"Videot ja audio\"}]},{\"@type\":\"WebSite\",\"@id\":\"https:\/\/blogs.uef.fi\/karjalanelvytys\/#website\",\"url\":\"https:\/\/blogs.uef.fi\/karjalanelvytys\/\",\"name\":\"Karjalan kielen elvytt\u00e4minen\",\"description\":\"\",\"potentialAction\":[{\"@type\":\"SearchAction\",\"target\":{\"@type\":\"EntryPoint\",\"urlTemplate\":\"https:\/\/blogs.uef.fi\/karjalanelvytys\/?s={search_term_string}\"},\"query-input\":{\"@type\":\"PropertyValueSpecification\",\"valueRequired\":true,\"valueName\":\"search_term_string\"}}],\"inLanguage\":\"fi\"}]}<\/script>\n<!-- \/ Yoast SEO plugin. -->","yoast_head_json":{"title":"Videot ja audio - Karjalan kielen elvytt\u00e4minen","robots":{"index":"index","follow":"follow","max-snippet":"max-snippet:-1","max-image-preview":"max-image-preview:large","max-video-preview":"max-video-preview:-1"},"canonical":"https:\/\/blogs.uef.fi\/karjalanelvytys\/videot-ja-audio\/","og_locale":"fi_FI","og_type":"article","og_title":"Videot ja audio - Karjalan kielen elvytt\u00e4minen","og_description":"Varsinaiskarjalan etel\u00e4murteiden arkistonauhoitteet: linkki nauhoitteisiin Karjalaine i\u00e4ni -videosarja: linkki videoihin Karjalan kieli el\u00e4y -opetusvideot: linkki opetusvideoiden p\u00e4\u00e4sivulle Katerina da Mi\u0161a opassetah suvikarjalua: linkki videoihin. Karjalankielinen Gostis-podcast: linkki podcastiin. Suistamon paginua -arkistohaastatteluvideot: linkki videoihin. Flammie Pirisen kieliteknologialuento: linkki luentoon Ka\u010do ymp\u00e4rihis ta \u0161anele mit\u00e4 ni\u00e4t tahi ruat -videopakinat vienankarjalak\u0161i: linkki videoihin Ig\u00e4 el\u00e4, ig\u00e4 opastu \u2013 [&hellip;]","og_url":"https:\/\/blogs.uef.fi\/karjalanelvytys\/videot-ja-audio\/","og_site_name":"Karjalan kielen elvytt\u00e4minen","article_modified_time":"2023-08-21T07:18:09+00:00","twitter_card":"summary_large_image","twitter_misc":{"Arvioitu lukuaika":"1 minuutti"},"schema":{"@context":"https:\/\/schema.org","@graph":[{"@type":"WebPage","@id":"https:\/\/blogs.uef.fi\/karjalanelvytys\/videot-ja-audio\/","url":"https:\/\/blogs.uef.fi\/karjalanelvytys\/videot-ja-audio\/","name":"Videot ja audio - Karjalan kielen elvytt\u00e4minen","isPartOf":{"@id":"https:\/\/blogs.uef.fi\/karjalanelvytys\/#website"},"datePublished":"2022-03-31T07:40:55+00:00","dateModified":"2023-08-21T07:18:09+00:00","breadcrumb":{"@id":"https:\/\/blogs.uef.fi\/karjalanelvytys\/videot-ja-audio\/#breadcrumb"},"inLanguage":"fi","potentialAction":[{"@type":"ReadAction","target":["https:\/\/blogs.uef.fi\/karjalanelvytys\/videot-ja-audio\/"]}]},{"@type":"BreadcrumbList","@id":"https:\/\/blogs.uef.fi\/karjalanelvytys\/videot-ja-audio\/#breadcrumb","itemListElement":[{"@type":"ListItem","position":1,"name":"Home","item":"https:\/\/blogs.uef.fi\/karjalanelvytys\/"},{"@type":"ListItem","position":2,"name":"Videot ja audio"}]},{"@type":"WebSite","@id":"https:\/\/blogs.uef.fi\/karjalanelvytys\/#website","url":"https:\/\/blogs.uef.fi\/karjalanelvytys\/","name":"Karjalan kielen elvytt\u00e4minen","description":"","potentialAction":[{"@type":"SearchAction","target":{"@type":"EntryPoint","urlTemplate":"https:\/\/blogs.uef.fi\/karjalanelvytys\/?s={search_term_string}"},"query-input":{"@type":"PropertyValueSpecification","valueRequired":true,"valueName":"search_term_string"}}],"inLanguage":"fi"}]}},"_links":{"self":[{"href":"https:\/\/blogs.uef.fi\/karjalanelvytys\/wp-json\/wp\/v2\/pages\/4712","targetHints":{"allow":["GET"]}}],"collection":[{"href":"https:\/\/blogs.uef.fi\/karjalanelvytys\/wp-json\/wp\/v2\/pages"}],"about":[{"href":"https:\/\/blogs.uef.fi\/karjalanelvytys\/wp-json\/wp\/v2\/types\/page"}],"author":[{"embeddable":true,"href":"https:\/\/blogs.uef.fi\/karjalanelvytys\/wp-json\/wp\/v2\/users\/419"}],"replies":[{"embeddable":true,"href":"https:\/\/blogs.uef.fi\/karjalanelvytys\/wp-json\/wp\/v2\/comments?post=4712"}],"version-history":[{"count":2,"href":"https:\/\/blogs.uef.fi\/karjalanelvytys\/wp-json\/wp\/v2\/pages\/4712\/revisions"}],"predecessor-version":[{"id":9808,"href":"https:\/\/blogs.uef.fi\/karjalanelvytys\/wp-json\/wp\/v2\/pages\/4712\/revisions\/9808"}],"wp:attachment":[{"href":"https:\/\/blogs.uef.fi\/karjalanelvytys\/wp-json\/wp\/v2\/media?parent=4712"}],"curies":[{"name":"wp","href":"https:\/\/api.w.org\/{rel}","templated":true}]}}