{"id":3486,"date":"2022-01-24T11:59:16","date_gmt":"2022-01-24T09:59:16","guid":{"rendered":"https:\/\/blogs.uef.fi\/karjalanelvytys\/?page_id=3486"},"modified":"2022-01-24T14:44:44","modified_gmt":"2022-01-24T12:44:44","slug":"yliopisto-suomi-suvikarjala","status":"publish","type":"page","link":"https:\/\/blogs.uef.fi\/karjalanelvytys\/yliopisto-suomi-suvikarjala\/","title":{"rendered":"Yliopisto: suomi-suvikarjala"},"content":{"rendered":"<p><strong>Yliopisto<\/strong><\/p>\n<p><strong>suomi\u2013suvikarjala <\/strong><\/p>\n<p>&nbsp;<\/p>\n<p><strong>Luadija: Katerina Paalamo<\/strong><\/p>\n<p>P\u00e4iv\u00e4nnouzu-Suomen yliopisto<\/p>\n<p>Karjalan kielen elvytysprojekta 2021\u20132022<\/p>\n<p>&nbsp;<\/p>\n<p>Suvikarjalan kurssoi ruvettih pid\u00e4m\u00e4h P\u00e4iv\u00e4nnouzu-Suomen yliopissossa vuodena 2020, da yhell\u00e4 aigua tuli tarvis luadie suvikarjalaksi yliopistoh liittyji\u00e4 sanastuogi. T\u00e4h sanastoh on ker\u00e4tty yliopisson suvikarjalan kurssoilla k\u00e4ytetty\u00f6 da muudagi yliopistoh liittyji\u00e4 sanua.<\/p>\n<p><strong>\u00a0<\/strong><\/p>\n<p>yliopisto \u2013 yliopisto<\/p>\n<p>avoin yliopisto \u2013 avonane yliopisto<\/p>\n<p>tiede, tieto \u2013 tiedo<\/p>\n<p>tieteellinen \u2013 tiijolline<\/p>\n<p>tiedekunta \u2013 tiedokunda<\/p>\n<p>laitos \u2013 laitos<\/p>\n<p>luento \u2013 luvendo<\/p>\n<p>luentosali \u2013 luvendozuala<\/p>\n<p>kurssi \u2013 kurssa<\/p>\n<p>tentti \u2013 tentti, tentta, ekzuamena<\/p>\n<p>seminaari \u2013 seminuara<\/p>\n<p>opiskella, oppia \u2013 opastuo<\/p>\n<p>opiskelija \u2013 opastuja<\/p>\n<p>jatko-opiskelija \u2013 jatko-opastuja<\/p>\n<p>lukuvuosi \u2013 opassundavuozi<\/p>\n<p>lukukausi \u2013 opassundakauzi<\/p>\n<p>periodi \u2013 perioda<\/p>\n<p>oppiaine \u2013 opassunda-aineh<\/p>\n<p>p\u00e4\u00e4aine \u2013 pi\u00e4aineh<\/p>\n<p>sivuaine \u2013 sivuaineh<\/p>\n<p>opinto \u2013 opindo<\/p>\n<p>perusopinnot \u2013 perusopinnot<\/p>\n<p>aineopinnot \u2013 ainehopinnot<\/p>\n<p>syvent\u00e4v\u00e4t opinnot \u2013 syvend\u00e4j\u00e4t opinnot<\/p>\n<p>jatko-opinnot \u2013 jatko-opinnot<\/p>\n<p>opintopiste \u2013 opindo\u010d\u00f6keh<\/p>\n<p>opettaa \u2013 opastua<\/p>\n<p>opettaja \u2013 opastaja<\/p>\n<p>opetus, koulutus \u2013 opassus<\/p>\n<p>l\u00e4hiopetus \u2013 l\u00e4hiopassus<\/p>\n<p>et\u00e4opetus \u2013 loitto-opassus<\/p>\n<p>tutkia \u2013 tutkie<\/p>\n<p>tutkija \u2013 tutkija<\/p>\n<p>tutkimus \u2013 tutkimus<\/p>\n<p>tutkielma \u2013 tutkielma<\/p>\n<p>tutkinto \u2013 tutkindo<\/p>\n<p>kandidaatti \u2013 kandiduatta<\/p>\n<p>maisteri \u2013 magistra<\/p>\n<p>lisensiaatti \u2013 lisenziatta<\/p>\n<p>tohtori \u2013 dohtora<\/p>\n<p>v\u00e4it\u00f6skirja \u2013 v\u00e4it\u00f6skirja<\/p>\n<p>professori \u2013 professora<\/p>\n<p><img loading=\"lazy\" decoding=\"async\" class=\"alignnone size-medium wp-image-3513\" src=\"https:\/\/blogs.uef.fi\/karjalanelvytys\/wp-content\/uploads\/sites\/155\/2022\/01\/yliopisto_luentosali-300x214.jpg\" alt=\"\" width=\"300\" height=\"214\" srcset=\"https:\/\/blogs.uef.fi\/karjalanelvytys\/wp-content\/uploads\/sites\/155\/2022\/01\/yliopisto_luentosali-300x214.jpg 300w, https:\/\/blogs.uef.fi\/karjalanelvytys\/wp-content\/uploads\/sites\/155\/2022\/01\/yliopisto_luentosali-1024x731.jpg 1024w, https:\/\/blogs.uef.fi\/karjalanelvytys\/wp-content\/uploads\/sites\/155\/2022\/01\/yliopisto_luentosali-768x548.jpg 768w, https:\/\/blogs.uef.fi\/karjalanelvytys\/wp-content\/uploads\/sites\/155\/2022\/01\/yliopisto_luentosali-1536x1097.jpg 1536w, https:\/\/blogs.uef.fi\/karjalanelvytys\/wp-content\/uploads\/sites\/155\/2022\/01\/yliopisto_luentosali.jpg 1920w\" sizes=\"auto, (max-width: 300px) 100vw, 300px\" \/><\/p>\n<p>Kuva: Pixabay<\/p>\n","protected":false},"excerpt":{"rendered":"<p>Yliopisto suomi\u2013suvikarjala &nbsp; Luadija: Katerina Paalamo P\u00e4iv\u00e4nnouzu-Suomen yliopisto Karjalan kielen elvytysprojekta 2021\u20132022 &nbsp; Suvikarjalan kurssoi ruvettih pid\u00e4m\u00e4h P\u00e4iv\u00e4nnouzu-Suomen yliopissossa vuodena 2020, da yhell\u00e4 aigua tuli tarvis luadie suvikarjalaksi yliopistoh liittyji\u00e4 sanastuogi. T\u00e4h sanastoh on ker\u00e4tty yliopisson suvikarjalan kurssoilla k\u00e4ytetty\u00f6 da muudagi yliopistoh liittyji\u00e4 sanua. \u00a0 yliopisto \u2013 yliopisto avoin yliopisto \u2013 avonane yliopisto tiede, tieto [&hellip;]<\/p>\n","protected":false},"author":480,"featured_media":0,"parent":0,"menu_order":0,"comment_status":"closed","ping_status":"closed","template":"","meta":{"_acf_changed":false,"footnotes":""},"class_list":["post-3486","page","type-page","status-publish","hentry"],"acf":[],"yoast_head":"<!-- This site is optimized with the Yoast SEO plugin v27.1.1 - https:\/\/yoast.com\/product\/yoast-seo-wordpress\/ -->\n<title>Yliopisto: suomi-suvikarjala - Karjalan kielen elvytt\u00e4minen<\/title>\n<meta name=\"robots\" content=\"index, follow, max-snippet:-1, max-image-preview:large, max-video-preview:-1\" \/>\n<link rel=\"canonical\" href=\"https:\/\/blogs.uef.fi\/karjalanelvytys\/yliopisto-suomi-suvikarjala\/\" \/>\n<meta property=\"og:locale\" content=\"fi_FI\" \/>\n<meta property=\"og:type\" content=\"article\" \/>\n<meta property=\"og:title\" content=\"Yliopisto: suomi-suvikarjala - Karjalan kielen elvytt\u00e4minen\" \/>\n<meta property=\"og:description\" content=\"Yliopisto suomi\u2013suvikarjala &nbsp; Luadija: Katerina Paalamo P\u00e4iv\u00e4nnouzu-Suomen yliopisto Karjalan kielen elvytysprojekta 2021\u20132022 &nbsp; Suvikarjalan kurssoi ruvettih pid\u00e4m\u00e4h P\u00e4iv\u00e4nnouzu-Suomen yliopissossa vuodena 2020, da yhell\u00e4 aigua tuli tarvis luadie suvikarjalaksi yliopistoh liittyji\u00e4 sanastuogi. T\u00e4h sanastoh on ker\u00e4tty yliopisson suvikarjalan kurssoilla k\u00e4ytetty\u00f6 da muudagi yliopistoh liittyji\u00e4 sanua. \u00a0 yliopisto \u2013 yliopisto avoin yliopisto \u2013 avonane yliopisto tiede, tieto [&hellip;]\" \/>\n<meta property=\"og:url\" content=\"https:\/\/blogs.uef.fi\/karjalanelvytys\/yliopisto-suomi-suvikarjala\/\" \/>\n<meta property=\"og:site_name\" content=\"Karjalan kielen elvytt\u00e4minen\" \/>\n<meta property=\"article:modified_time\" content=\"2022-01-24T12:44:44+00:00\" \/>\n<meta property=\"og:image\" content=\"https:\/\/blogs.uef.fi\/karjalanelvytys\/wp-content\/uploads\/sites\/155\/2022\/01\/yliopisto_luentosali-300x214.jpg\" \/>\n<meta name=\"twitter:card\" content=\"summary_large_image\" \/>\n<meta name=\"twitter:label1\" content=\"Arvioitu lukuaika\" \/>\n\t<meta name=\"twitter:data1\" content=\"1 minuutti\" \/>\n<script type=\"application\/ld+json\" class=\"yoast-schema-graph\">{\"@context\":\"https:\/\/schema.org\",\"@graph\":[{\"@type\":\"WebPage\",\"@id\":\"https:\/\/blogs.uef.fi\/karjalanelvytys\/yliopisto-suomi-suvikarjala\/\",\"url\":\"https:\/\/blogs.uef.fi\/karjalanelvytys\/yliopisto-suomi-suvikarjala\/\",\"name\":\"Yliopisto: suomi-suvikarjala - Karjalan kielen elvytt\u00e4minen\",\"isPartOf\":{\"@id\":\"https:\/\/blogs.uef.fi\/karjalanelvytys\/#website\"},\"primaryImageOfPage\":{\"@id\":\"https:\/\/blogs.uef.fi\/karjalanelvytys\/yliopisto-suomi-suvikarjala\/#primaryimage\"},\"image\":{\"@id\":\"https:\/\/blogs.uef.fi\/karjalanelvytys\/yliopisto-suomi-suvikarjala\/#primaryimage\"},\"thumbnailUrl\":\"https:\/\/blogs.uef.fi\/karjalanelvytys\/wp-content\/uploads\/sites\/155\/2022\/01\/yliopisto_luentosali-300x214.jpg\",\"datePublished\":\"2022-01-24T09:59:16+00:00\",\"dateModified\":\"2022-01-24T12:44:44+00:00\",\"breadcrumb\":{\"@id\":\"https:\/\/blogs.uef.fi\/karjalanelvytys\/yliopisto-suomi-suvikarjala\/#breadcrumb\"},\"inLanguage\":\"fi\",\"potentialAction\":[{\"@type\":\"ReadAction\",\"target\":[\"https:\/\/blogs.uef.fi\/karjalanelvytys\/yliopisto-suomi-suvikarjala\/\"]}]},{\"@type\":\"ImageObject\",\"inLanguage\":\"fi\",\"@id\":\"https:\/\/blogs.uef.fi\/karjalanelvytys\/yliopisto-suomi-suvikarjala\/#primaryimage\",\"url\":\"https:\/\/blogs.uef.fi\/karjalanelvytys\/wp-content\/uploads\/sites\/155\/2022\/01\/yliopisto_luentosali.jpg\",\"contentUrl\":\"https:\/\/blogs.uef.fi\/karjalanelvytys\/wp-content\/uploads\/sites\/155\/2022\/01\/yliopisto_luentosali.jpg\",\"width\":1920,\"height\":1371,\"caption\":\"Luventozuala\"},{\"@type\":\"BreadcrumbList\",\"@id\":\"https:\/\/blogs.uef.fi\/karjalanelvytys\/yliopisto-suomi-suvikarjala\/#breadcrumb\",\"itemListElement\":[{\"@type\":\"ListItem\",\"position\":1,\"name\":\"Home\",\"item\":\"https:\/\/blogs.uef.fi\/karjalanelvytys\/\"},{\"@type\":\"ListItem\",\"position\":2,\"name\":\"Yliopisto: suomi-suvikarjala\"}]},{\"@type\":\"WebSite\",\"@id\":\"https:\/\/blogs.uef.fi\/karjalanelvytys\/#website\",\"url\":\"https:\/\/blogs.uef.fi\/karjalanelvytys\/\",\"name\":\"Karjalan kielen elvytt\u00e4minen\",\"description\":\"\",\"potentialAction\":[{\"@type\":\"SearchAction\",\"target\":{\"@type\":\"EntryPoint\",\"urlTemplate\":\"https:\/\/blogs.uef.fi\/karjalanelvytys\/?s={search_term_string}\"},\"query-input\":{\"@type\":\"PropertyValueSpecification\",\"valueRequired\":true,\"valueName\":\"search_term_string\"}}],\"inLanguage\":\"fi\"}]}<\/script>\n<!-- \/ Yoast SEO plugin. -->","yoast_head_json":{"title":"Yliopisto: suomi-suvikarjala - Karjalan kielen elvytt\u00e4minen","robots":{"index":"index","follow":"follow","max-snippet":"max-snippet:-1","max-image-preview":"max-image-preview:large","max-video-preview":"max-video-preview:-1"},"canonical":"https:\/\/blogs.uef.fi\/karjalanelvytys\/yliopisto-suomi-suvikarjala\/","og_locale":"fi_FI","og_type":"article","og_title":"Yliopisto: suomi-suvikarjala - Karjalan kielen elvytt\u00e4minen","og_description":"Yliopisto suomi\u2013suvikarjala &nbsp; Luadija: Katerina Paalamo P\u00e4iv\u00e4nnouzu-Suomen yliopisto Karjalan kielen elvytysprojekta 2021\u20132022 &nbsp; Suvikarjalan kurssoi ruvettih pid\u00e4m\u00e4h P\u00e4iv\u00e4nnouzu-Suomen yliopissossa vuodena 2020, da yhell\u00e4 aigua tuli tarvis luadie suvikarjalaksi yliopistoh liittyji\u00e4 sanastuogi. T\u00e4h sanastoh on ker\u00e4tty yliopisson suvikarjalan kurssoilla k\u00e4ytetty\u00f6 da muudagi yliopistoh liittyji\u00e4 sanua. \u00a0 yliopisto \u2013 yliopisto avoin yliopisto \u2013 avonane yliopisto tiede, tieto [&hellip;]","og_url":"https:\/\/blogs.uef.fi\/karjalanelvytys\/yliopisto-suomi-suvikarjala\/","og_site_name":"Karjalan kielen elvytt\u00e4minen","article_modified_time":"2022-01-24T12:44:44+00:00","og_image":[{"url":"https:\/\/blogs.uef.fi\/karjalanelvytys\/wp-content\/uploads\/sites\/155\/2022\/01\/yliopisto_luentosali-300x214.jpg","type":"","width":"","height":""}],"twitter_card":"summary_large_image","twitter_misc":{"Arvioitu lukuaika":"1 minuutti"},"schema":{"@context":"https:\/\/schema.org","@graph":[{"@type":"WebPage","@id":"https:\/\/blogs.uef.fi\/karjalanelvytys\/yliopisto-suomi-suvikarjala\/","url":"https:\/\/blogs.uef.fi\/karjalanelvytys\/yliopisto-suomi-suvikarjala\/","name":"Yliopisto: suomi-suvikarjala - Karjalan kielen elvytt\u00e4minen","isPartOf":{"@id":"https:\/\/blogs.uef.fi\/karjalanelvytys\/#website"},"primaryImageOfPage":{"@id":"https:\/\/blogs.uef.fi\/karjalanelvytys\/yliopisto-suomi-suvikarjala\/#primaryimage"},"image":{"@id":"https:\/\/blogs.uef.fi\/karjalanelvytys\/yliopisto-suomi-suvikarjala\/#primaryimage"},"thumbnailUrl":"https:\/\/blogs.uef.fi\/karjalanelvytys\/wp-content\/uploads\/sites\/155\/2022\/01\/yliopisto_luentosali-300x214.jpg","datePublished":"2022-01-24T09:59:16+00:00","dateModified":"2022-01-24T12:44:44+00:00","breadcrumb":{"@id":"https:\/\/blogs.uef.fi\/karjalanelvytys\/yliopisto-suomi-suvikarjala\/#breadcrumb"},"inLanguage":"fi","potentialAction":[{"@type":"ReadAction","target":["https:\/\/blogs.uef.fi\/karjalanelvytys\/yliopisto-suomi-suvikarjala\/"]}]},{"@type":"ImageObject","inLanguage":"fi","@id":"https:\/\/blogs.uef.fi\/karjalanelvytys\/yliopisto-suomi-suvikarjala\/#primaryimage","url":"https:\/\/blogs.uef.fi\/karjalanelvytys\/wp-content\/uploads\/sites\/155\/2022\/01\/yliopisto_luentosali.jpg","contentUrl":"https:\/\/blogs.uef.fi\/karjalanelvytys\/wp-content\/uploads\/sites\/155\/2022\/01\/yliopisto_luentosali.jpg","width":1920,"height":1371,"caption":"Luventozuala"},{"@type":"BreadcrumbList","@id":"https:\/\/blogs.uef.fi\/karjalanelvytys\/yliopisto-suomi-suvikarjala\/#breadcrumb","itemListElement":[{"@type":"ListItem","position":1,"name":"Home","item":"https:\/\/blogs.uef.fi\/karjalanelvytys\/"},{"@type":"ListItem","position":2,"name":"Yliopisto: suomi-suvikarjala"}]},{"@type":"WebSite","@id":"https:\/\/blogs.uef.fi\/karjalanelvytys\/#website","url":"https:\/\/blogs.uef.fi\/karjalanelvytys\/","name":"Karjalan kielen elvytt\u00e4minen","description":"","potentialAction":[{"@type":"SearchAction","target":{"@type":"EntryPoint","urlTemplate":"https:\/\/blogs.uef.fi\/karjalanelvytys\/?s={search_term_string}"},"query-input":{"@type":"PropertyValueSpecification","valueRequired":true,"valueName":"search_term_string"}}],"inLanguage":"fi"}]}},"_links":{"self":[{"href":"https:\/\/blogs.uef.fi\/karjalanelvytys\/wp-json\/wp\/v2\/pages\/3486","targetHints":{"allow":["GET"]}}],"collection":[{"href":"https:\/\/blogs.uef.fi\/karjalanelvytys\/wp-json\/wp\/v2\/pages"}],"about":[{"href":"https:\/\/blogs.uef.fi\/karjalanelvytys\/wp-json\/wp\/v2\/types\/page"}],"author":[{"embeddable":true,"href":"https:\/\/blogs.uef.fi\/karjalanelvytys\/wp-json\/wp\/v2\/users\/480"}],"replies":[{"embeddable":true,"href":"https:\/\/blogs.uef.fi\/karjalanelvytys\/wp-json\/wp\/v2\/comments?post=3486"}],"version-history":[{"count":2,"href":"https:\/\/blogs.uef.fi\/karjalanelvytys\/wp-json\/wp\/v2\/pages\/3486\/revisions"}],"predecessor-version":[{"id":3519,"href":"https:\/\/blogs.uef.fi\/karjalanelvytys\/wp-json\/wp\/v2\/pages\/3486\/revisions\/3519"}],"wp:attachment":[{"href":"https:\/\/blogs.uef.fi\/karjalanelvytys\/wp-json\/wp\/v2\/media?parent=3486"}],"curies":[{"name":"wp","href":"https:\/\/api.w.org\/{rel}","templated":true}]}}