{"id":2822,"date":"2021-11-30T17:23:35","date_gmt":"2021-11-30T15:23:35","guid":{"rendered":"https:\/\/blogs.uef.fi\/karjalanelvytys\/?page_id=2822"},"modified":"2021-12-23T21:17:01","modified_gmt":"2021-12-23T19:17:01","slug":"joulukalenteri-2021","status":"publish","type":"page","link":"https:\/\/blogs.uef.fi\/karjalanelvytys\/joulukalenteri-2021\/","title":{"rendered":"Joulukalenteri 2021"},"content":{"rendered":"<h1>Karjalaini ro\u0161tuonkalenteri ~ Karjalane ra\u0161tavankalendari ~ Karjalaine rastavankalenduaru<\/h1>\n<p>&nbsp;<\/p>\n<p><img loading=\"lazy\" decoding=\"async\" class=\"alignnone size-medium wp-image-2838\" src=\"https:\/\/blogs.uef.fi\/karjalanelvytys\/wp-content\/uploads\/sites\/155\/2021\/12\/aahaikka-62-300x225.jpg\" alt=\"Vett\u00e4 ja j\u00e4\u00e4t\u00e4\" width=\"300\" height=\"225\" srcset=\"https:\/\/blogs.uef.fi\/karjalanelvytys\/wp-content\/uploads\/sites\/155\/2021\/12\/aahaikka-62-300x225.jpg 300w, https:\/\/blogs.uef.fi\/karjalanelvytys\/wp-content\/uploads\/sites\/155\/2021\/12\/aahaikka-62-1024x768.jpg 1024w, https:\/\/blogs.uef.fi\/karjalanelvytys\/wp-content\/uploads\/sites\/155\/2021\/12\/aahaikka-62-768x576.jpg 768w, https:\/\/blogs.uef.fi\/karjalanelvytys\/wp-content\/uploads\/sites\/155\/2021\/12\/aahaikka-62-1536x1152.jpg 1536w, https:\/\/blogs.uef.fi\/karjalanelvytys\/wp-content\/uploads\/sites\/155\/2021\/12\/aahaikka-62.jpg 1919w\" sizes=\"auto, (max-width: 300px) 100vw, 300px\" \/><\/p>\n<p>Karjalaisen joulukalenterin tarkoitus on ilahduttaa ja tuoda joulumielt\u00e4 kaikille karjalan kielen yst\u00e4ville ja karjalaisista perinteist\u00e4 kiinnostuneille. Kalenterin luukuista paljastuu p\u00e4ivitt\u00e4in erilaisia jouluaiheisia tekstej\u00e4 eri karjalan murteilla ja suomeksi. Kalenterin tekij\u00e4t ovat karjalan kielen opiskelijoita, opettajia ja tutkijoita It\u00e4-Suomen yliopistosta sek\u00e4 <em>Karjalazet Nuoret Suomes<\/em> \u2013 <em>Karjalaiset<\/em> <em>Nuoret \u0160uome\u0161\u0161a<\/em> -yhdistyksen j\u00e4seni\u00e4. Kalenteri on alun perin julkaistu sivulla &#8221;Karjala ja kielikontaktit&#8221; vuonna 2020.<\/p>\n<p><strong>Luukku 1<\/strong>: Mibo on karjalan kieli da ketbo paissah karjalakse? <a href=\"https:\/\/sites.uef.fi\/karjala\/2020\/11\/27\/luukku-1\/\">Linkki luukkuun 1.<\/a><\/p>\n<p><strong>Luukku 2: <\/strong>Karjalaisuus kiinnostaa &#8211; kuka on karjalainen? <a href=\"https:\/\/sites.uef.fi\/karjala\/2020\/11\/27\/luukku-2\/\">Linkki luukkuun 2.<\/a><\/p>\n<p><strong>Luukku 3:<\/strong> Miten syntyi karjalaksi suomen <em>pikkujoulua<\/em> tarkoittava sana? <a href=\"https:\/\/sites.uef.fi\/karjala\/2020\/12\/01\/luukku-3\/\">Linkki luukkuun 3.<\/a><\/p>\n<p><strong>Luukku 4<\/strong>: Miten toivotat karjalaksi hyv\u00e4\u00e4 joulua ja uutta vuotta? <a href=\"https:\/\/blogs.uef.fi\/karjalanelvytys\/luukku-4\/\">Linkki luukkuun 4<\/a>.<\/p>\n<p><strong>Luukku 5:<\/strong> Millaista keskustelua voisi k\u00e4yd\u00e4 karjalaksi pikkujouluissa? <a href=\"https:\/\/sites.uef.fi\/karjala\/2020\/12\/05\/luukku-5\/\">Linkki luukkuun 5<\/a>.<\/p>\n<p><strong>Luukku 6<\/strong>:\u00a0 Miksi karjalaksi on linnan pruazniekku yksik\u00f6ss\u00e4, vaikka suomeksi on monikossa linnan juhlat? <a href=\"https:\/\/sites.uef.fi\/karjala\/2020\/12\/06\/luukku-6\/\">Linkki luukkuun 6<\/a>.<\/p>\n<p><strong>Luukku 7<\/strong>: Millaisia ovat karjalaisten nuorten jouluperinteet? <a href=\"https:\/\/sites.uef.fi\/karjala\/2020\/12\/07\/luukku-7-2\/\">Linkki luukkuun 7<\/a>.<\/p>\n<p><strong>Luukku 8<\/strong>: Miten karjalaksi k\u00e4\u00e4ntyy &#8221;En etsi valtaa loistoa&#8221;? <a href=\"https:\/\/blogs.uef.fi\/karjalanelvytys\/luukku-8\/\">Linkki luukkuun 8.<\/a><\/p>\n<p><strong>Luukku 9<\/strong>: Mit\u00e4 ovat arkisy\u00f6miset ortodoksisessa perinteess\u00e4? <a href=\"https:\/\/sites.uef.fi\/karjala\/2020\/12\/09\/luukku-9\/\">Linkki luukkuun 9<\/a>.<\/p>\n<p><strong>Luukku 10<\/strong>: Miten karjalaisuus n\u00e4kyy arjessa &#8211; ja miksi t\u00e4m\u00e4 on hieman hullu kysymys? <a href=\"https:\/\/sites.uef.fi\/karjala\/2020\/12\/10\/luukku-10\/\">Linkki luukkuun 10<\/a>.<\/p>\n<p><strong>Luukku 11<\/strong>: Millaista oli joulun vietto Raja-Karjalassa jatkosodan aikana? <a href=\"https:\/\/sites.uef.fi\/karjala\/2020\/12\/11\/luukku-11\/\">Linkki luukkuun 11<\/a>.<\/p>\n<p><strong>Luukku 12<\/strong>: Miksi joulun ja uuden vuoden karjalaiset perinteet ovat niin monimuotoiset?<a href=\"https:\/\/sites.uef.fi\/karjala\/2020\/12\/12\/luukku-12\/\"> Linkki luukkuun 12<\/a>.<\/p>\n<p><strong>Luukku 13<\/strong>: Miten karjalaiset ovat ennustaneet tulevaa vuotta? <a href=\"https:\/\/sites.uef.fi\/karjala\/2020\/12\/13\/luukku-13\/\">Linkki luukuuun 13<\/a>.<\/p>\n<p><strong>Luukku 14<\/strong>: Millaista on karjalankielinen joulusanasto? <a href=\"https:\/\/blogs.uef.fi\/karjalanelvytys\/luukku-14\/\">Linkki luukkuun 14<\/a>.<\/p>\n<p><strong>Luukku 15<\/strong>: Keit\u00e4 ovat huuhel&#8217;niekat ja vieriss\u00e4nakka? <a href=\"https:\/\/sites.uef.fi\/karjala\/2020\/12\/15\/luukku-15\/\">Linkki luukkuun 15<\/a>.<\/p>\n<p><strong>Luukku 16<\/strong>: Millainen on vanhauskoinen joulu? <a href=\"https:\/\/sites.uef.fi\/karjala\/2020\/12\/16\/luukku-16\/\">Linkki luukkuun 16<\/a>.<\/p>\n<p><strong>Luukku 17<\/strong>: Miten puhut joulusta karjalaksi? <a href=\"https:\/\/sites.uef.fi\/karjala\/2020\/12\/17\/luukku-17\/\">Linkki luukkuun 17<\/a>.<\/p>\n<p><strong>Luukku 18<\/strong>: Mit\u00e4 sis\u00e4ltyy aikaisemmin syksyll\u00e4 julkaistuun Euroopan kielten p\u00e4iv\u00e4n sanavakkaseen? <a href=\"https:\/\/blogs.uef.fi\/karjalanelvytys\/luukku-18\/\">Linkki luukkuun 18<\/a>.<\/p>\n<p><strong>Luukku 19<\/strong>:\u00a0 Miten kohtalo johti sodan erottamat sukuhaarat yhteen vuosikymmenten j\u00e4lkeen? <a href=\"https:\/\/sites.uef.fi\/karjala\/2020\/12\/19\/luukku-19\/\">Linkki luukkuun 19<\/a>.<\/p>\n<p><strong>Luukku 20<\/strong>: Mit\u00e4 on Jortanolla k\u00e4yminen? <a href=\"https:\/\/sites.uef.fi\/karjala\/2020\/12\/20\/luukku-20\/\">Linkki luukkuun 20<\/a>.<\/p>\n<p><strong>Luukku 21<\/strong>: Mit\u00e4 er\u00e4\u00e4t koirat puhuivat joulusta? <a href=\"https:\/\/sites.uef.fi\/karjala\/2020\/12\/21\/luukku-21\/\">Linkki luukkuun 21<\/a>.<\/p>\n<p><strong>Luukku 22<\/strong>: Mit\u00e4 voisi tapahtua, kun suomalainen ymm\u00e4rt\u00e4\u00e4 karjalan sanoja v\u00e4\u00e4rin? <a href=\"https:\/\/sites.uef.fi\/karjala\/2020\/12\/22\/luukku-22\/\">Linkki luukkuun 22<\/a>.<\/p>\n<p><strong>Luukku 23<\/strong>. Milt\u00e4 kuulostavat Joulukirkkoon ja Tonttujen jouluy\u00f6 karjalaksi? <a href=\"https:\/\/sites.uef.fi\/karjala\/2020\/12\/23\/luukku-23\/\">Linkki luukkuun 23<\/a>.<\/p>\n<p><strong>Luukku 24<\/strong>:\u00a0 Millainen on &#8221;Kun joulu on&#8221; k\u00e4\u00e4nnettyn\u00e4 karjalaksi? <a href=\"https:\/\/sites.uef.fi\/karjala\/2020\/12\/24\/luukku-24\/\">Linkki luukkuun 24<\/a>.<\/p>\n<p><strong>Luukku 25<\/strong>: Milt\u00e4 kuulostaa jouluevankeliumi vienankarjalaksi? <a href=\"https:\/\/sites.uef.fi\/karjala\/2020\/12\/25\/luukku-25\/\">Linkki luukkuun 25<\/a>.<\/p>\n","protected":false},"excerpt":{"rendered":"<p>Karjalaini ro\u0161tuonkalenteri ~ Karjalane ra\u0161tavankalendari ~ Karjalaine rastavankalenduaru &nbsp; Karjalaisen joulukalenterin tarkoitus on ilahduttaa ja tuoda joulumielt\u00e4 kaikille karjalan kielen yst\u00e4ville ja karjalaisista perinteist\u00e4 kiinnostuneille. Kalenterin luukuista paljastuu p\u00e4ivitt\u00e4in erilaisia jouluaiheisia tekstej\u00e4 eri karjalan murteilla ja suomeksi. Kalenterin tekij\u00e4t ovat karjalan kielen opiskelijoita, opettajia ja tutkijoita It\u00e4-Suomen yliopistosta sek\u00e4 Karjalazet Nuoret Suomes \u2013 Karjalaiset Nuoret [&hellip;]<\/p>\n","protected":false},"author":419,"featured_media":0,"parent":0,"menu_order":0,"comment_status":"closed","ping_status":"closed","template":"","meta":{"_acf_changed":false,"footnotes":""},"class_list":["post-2822","page","type-page","status-publish","hentry"],"acf":[],"yoast_head":"<!-- This site is optimized with the Yoast SEO plugin v27.3 - https:\/\/yoast.com\/product\/yoast-seo-wordpress\/ -->\n<title>Joulukalenteri 2021 - Karjalan kielen elvytt\u00e4minen<\/title>\n<meta name=\"robots\" content=\"index, follow, max-snippet:-1, max-image-preview:large, max-video-preview:-1\" \/>\n<link rel=\"canonical\" href=\"https:\/\/blogs.uef.fi\/karjalanelvytys\/joulukalenteri-2021\/\" \/>\n<meta property=\"og:locale\" content=\"fi_FI\" \/>\n<meta property=\"og:type\" content=\"article\" \/>\n<meta property=\"og:title\" content=\"Joulukalenteri 2021 - Karjalan kielen elvytt\u00e4minen\" \/>\n<meta property=\"og:description\" content=\"Karjalaini ro\u0161tuonkalenteri ~ Karjalane ra\u0161tavankalendari ~ Karjalaine rastavankalenduaru &nbsp; Karjalaisen joulukalenterin tarkoitus on ilahduttaa ja tuoda joulumielt\u00e4 kaikille karjalan kielen yst\u00e4ville ja karjalaisista perinteist\u00e4 kiinnostuneille. Kalenterin luukuista paljastuu p\u00e4ivitt\u00e4in erilaisia jouluaiheisia tekstej\u00e4 eri karjalan murteilla ja suomeksi. Kalenterin tekij\u00e4t ovat karjalan kielen opiskelijoita, opettajia ja tutkijoita It\u00e4-Suomen yliopistosta sek\u00e4 Karjalazet Nuoret Suomes \u2013 Karjalaiset Nuoret [&hellip;]\" \/>\n<meta property=\"og:url\" content=\"https:\/\/blogs.uef.fi\/karjalanelvytys\/joulukalenteri-2021\/\" \/>\n<meta property=\"og:site_name\" content=\"Karjalan kielen elvytt\u00e4minen\" \/>\n<meta property=\"article:modified_time\" content=\"2021-12-23T19:17:01+00:00\" \/>\n<meta property=\"og:image\" content=\"https:\/\/blogs.uef.fi\/karjalanelvytys\/wp-content\/uploads\/sites\/155\/2021\/12\/aahaikka-62-300x225.jpg\" \/>\n<meta name=\"twitter:card\" content=\"summary_large_image\" \/>\n<meta name=\"twitter:label1\" content=\"Arvioitu lukuaika\" \/>\n\t<meta name=\"twitter:data1\" content=\"2 minuuttia\" \/>\n<script type=\"application\/ld+json\" class=\"yoast-schema-graph\">{\"@context\":\"https:\\\/\\\/schema.org\",\"@graph\":[{\"@type\":\"WebPage\",\"@id\":\"https:\\\/\\\/blogs.uef.fi\\\/karjalanelvytys\\\/joulukalenteri-2021\\\/\",\"url\":\"https:\\\/\\\/blogs.uef.fi\\\/karjalanelvytys\\\/joulukalenteri-2021\\\/\",\"name\":\"Joulukalenteri 2021 - Karjalan kielen elvytt\u00e4minen\",\"isPartOf\":{\"@id\":\"https:\\\/\\\/blogs.uef.fi\\\/karjalanelvytys\\\/#website\"},\"primaryImageOfPage\":{\"@id\":\"https:\\\/\\\/blogs.uef.fi\\\/karjalanelvytys\\\/joulukalenteri-2021\\\/#primaryimage\"},\"image\":{\"@id\":\"https:\\\/\\\/blogs.uef.fi\\\/karjalanelvytys\\\/joulukalenteri-2021\\\/#primaryimage\"},\"thumbnailUrl\":\"https:\\\/\\\/blogs.uef.fi\\\/karjalanelvytys\\\/wp-content\\\/uploads\\\/sites\\\/155\\\/2021\\\/12\\\/aahaikka-62-300x225.jpg\",\"datePublished\":\"2021-11-30T15:23:35+00:00\",\"dateModified\":\"2021-12-23T19:17:01+00:00\",\"breadcrumb\":{\"@id\":\"https:\\\/\\\/blogs.uef.fi\\\/karjalanelvytys\\\/joulukalenteri-2021\\\/#breadcrumb\"},\"inLanguage\":\"fi\",\"potentialAction\":[{\"@type\":\"ReadAction\",\"target\":[\"https:\\\/\\\/blogs.uef.fi\\\/karjalanelvytys\\\/joulukalenteri-2021\\\/\"]}]},{\"@type\":\"ImageObject\",\"inLanguage\":\"fi\",\"@id\":\"https:\\\/\\\/blogs.uef.fi\\\/karjalanelvytys\\\/joulukalenteri-2021\\\/#primaryimage\",\"url\":\"https:\\\/\\\/blogs.uef.fi\\\/karjalanelvytys\\\/wp-content\\\/uploads\\\/sites\\\/155\\\/2021\\\/12\\\/aahaikka-62.jpg\",\"contentUrl\":\"https:\\\/\\\/blogs.uef.fi\\\/karjalanelvytys\\\/wp-content\\\/uploads\\\/sites\\\/155\\\/2021\\\/12\\\/aahaikka-62.jpg\",\"width\":1919,\"height\":1439,\"caption\":\"Vett\u00e4 ja j\u00e4\u00e4t\u00e4\"},{\"@type\":\"BreadcrumbList\",\"@id\":\"https:\\\/\\\/blogs.uef.fi\\\/karjalanelvytys\\\/joulukalenteri-2021\\\/#breadcrumb\",\"itemListElement\":[{\"@type\":\"ListItem\",\"position\":1,\"name\":\"Home\",\"item\":\"https:\\\/\\\/blogs.uef.fi\\\/karjalanelvytys\\\/\"},{\"@type\":\"ListItem\",\"position\":2,\"name\":\"Joulukalenteri 2021\"}]},{\"@type\":\"WebSite\",\"@id\":\"https:\\\/\\\/blogs.uef.fi\\\/karjalanelvytys\\\/#website\",\"url\":\"https:\\\/\\\/blogs.uef.fi\\\/karjalanelvytys\\\/\",\"name\":\"Karjalan kielen elvytt\u00e4minen\",\"description\":\"\",\"potentialAction\":[{\"@type\":\"SearchAction\",\"target\":{\"@type\":\"EntryPoint\",\"urlTemplate\":\"https:\\\/\\\/blogs.uef.fi\\\/karjalanelvytys\\\/?s={search_term_string}\"},\"query-input\":{\"@type\":\"PropertyValueSpecification\",\"valueRequired\":true,\"valueName\":\"search_term_string\"}}],\"inLanguage\":\"fi\"}]}<\/script>\n<!-- \/ Yoast SEO plugin. -->","yoast_head_json":{"title":"Joulukalenteri 2021 - Karjalan kielen elvytt\u00e4minen","robots":{"index":"index","follow":"follow","max-snippet":"max-snippet:-1","max-image-preview":"max-image-preview:large","max-video-preview":"max-video-preview:-1"},"canonical":"https:\/\/blogs.uef.fi\/karjalanelvytys\/joulukalenteri-2021\/","og_locale":"fi_FI","og_type":"article","og_title":"Joulukalenteri 2021 - Karjalan kielen elvytt\u00e4minen","og_description":"Karjalaini ro\u0161tuonkalenteri ~ Karjalane ra\u0161tavankalendari ~ Karjalaine rastavankalenduaru &nbsp; Karjalaisen joulukalenterin tarkoitus on ilahduttaa ja tuoda joulumielt\u00e4 kaikille karjalan kielen yst\u00e4ville ja karjalaisista perinteist\u00e4 kiinnostuneille. Kalenterin luukuista paljastuu p\u00e4ivitt\u00e4in erilaisia jouluaiheisia tekstej\u00e4 eri karjalan murteilla ja suomeksi. Kalenterin tekij\u00e4t ovat karjalan kielen opiskelijoita, opettajia ja tutkijoita It\u00e4-Suomen yliopistosta sek\u00e4 Karjalazet Nuoret Suomes \u2013 Karjalaiset Nuoret [&hellip;]","og_url":"https:\/\/blogs.uef.fi\/karjalanelvytys\/joulukalenteri-2021\/","og_site_name":"Karjalan kielen elvytt\u00e4minen","article_modified_time":"2021-12-23T19:17:01+00:00","og_image":[{"url":"https:\/\/blogs.uef.fi\/karjalanelvytys\/wp-content\/uploads\/sites\/155\/2021\/12\/aahaikka-62-300x225.jpg","type":"","width":"","height":""}],"twitter_card":"summary_large_image","twitter_misc":{"Arvioitu lukuaika":"2 minuuttia"},"schema":{"@context":"https:\/\/schema.org","@graph":[{"@type":"WebPage","@id":"https:\/\/blogs.uef.fi\/karjalanelvytys\/joulukalenteri-2021\/","url":"https:\/\/blogs.uef.fi\/karjalanelvytys\/joulukalenteri-2021\/","name":"Joulukalenteri 2021 - Karjalan kielen elvytt\u00e4minen","isPartOf":{"@id":"https:\/\/blogs.uef.fi\/karjalanelvytys\/#website"},"primaryImageOfPage":{"@id":"https:\/\/blogs.uef.fi\/karjalanelvytys\/joulukalenteri-2021\/#primaryimage"},"image":{"@id":"https:\/\/blogs.uef.fi\/karjalanelvytys\/joulukalenteri-2021\/#primaryimage"},"thumbnailUrl":"https:\/\/blogs.uef.fi\/karjalanelvytys\/wp-content\/uploads\/sites\/155\/2021\/12\/aahaikka-62-300x225.jpg","datePublished":"2021-11-30T15:23:35+00:00","dateModified":"2021-12-23T19:17:01+00:00","breadcrumb":{"@id":"https:\/\/blogs.uef.fi\/karjalanelvytys\/joulukalenteri-2021\/#breadcrumb"},"inLanguage":"fi","potentialAction":[{"@type":"ReadAction","target":["https:\/\/blogs.uef.fi\/karjalanelvytys\/joulukalenteri-2021\/"]}]},{"@type":"ImageObject","inLanguage":"fi","@id":"https:\/\/blogs.uef.fi\/karjalanelvytys\/joulukalenteri-2021\/#primaryimage","url":"https:\/\/blogs.uef.fi\/karjalanelvytys\/wp-content\/uploads\/sites\/155\/2021\/12\/aahaikka-62.jpg","contentUrl":"https:\/\/blogs.uef.fi\/karjalanelvytys\/wp-content\/uploads\/sites\/155\/2021\/12\/aahaikka-62.jpg","width":1919,"height":1439,"caption":"Vett\u00e4 ja j\u00e4\u00e4t\u00e4"},{"@type":"BreadcrumbList","@id":"https:\/\/blogs.uef.fi\/karjalanelvytys\/joulukalenteri-2021\/#breadcrumb","itemListElement":[{"@type":"ListItem","position":1,"name":"Home","item":"https:\/\/blogs.uef.fi\/karjalanelvytys\/"},{"@type":"ListItem","position":2,"name":"Joulukalenteri 2021"}]},{"@type":"WebSite","@id":"https:\/\/blogs.uef.fi\/karjalanelvytys\/#website","url":"https:\/\/blogs.uef.fi\/karjalanelvytys\/","name":"Karjalan kielen elvytt\u00e4minen","description":"","potentialAction":[{"@type":"SearchAction","target":{"@type":"EntryPoint","urlTemplate":"https:\/\/blogs.uef.fi\/karjalanelvytys\/?s={search_term_string}"},"query-input":{"@type":"PropertyValueSpecification","valueRequired":true,"valueName":"search_term_string"}}],"inLanguage":"fi"}]}},"_links":{"self":[{"href":"https:\/\/blogs.uef.fi\/karjalanelvytys\/wp-json\/wp\/v2\/pages\/2822","targetHints":{"allow":["GET"]}}],"collection":[{"href":"https:\/\/blogs.uef.fi\/karjalanelvytys\/wp-json\/wp\/v2\/pages"}],"about":[{"href":"https:\/\/blogs.uef.fi\/karjalanelvytys\/wp-json\/wp\/v2\/types\/page"}],"author":[{"embeddable":true,"href":"https:\/\/blogs.uef.fi\/karjalanelvytys\/wp-json\/wp\/v2\/users\/419"}],"replies":[{"embeddable":true,"href":"https:\/\/blogs.uef.fi\/karjalanelvytys\/wp-json\/wp\/v2\/comments?post=2822"}],"version-history":[{"count":2,"href":"https:\/\/blogs.uef.fi\/karjalanelvytys\/wp-json\/wp\/v2\/pages\/2822\/revisions"}],"predecessor-version":[{"id":3318,"href":"https:\/\/blogs.uef.fi\/karjalanelvytys\/wp-json\/wp\/v2\/pages\/2822\/revisions\/3318"}],"wp:attachment":[{"href":"https:\/\/blogs.uef.fi\/karjalanelvytys\/wp-json\/wp\/v2\/media?parent=2822"}],"curies":[{"name":"wp","href":"https:\/\/api.w.org\/{rel}","templated":true}]}}