{"id":2379,"date":"2021-11-09T17:40:55","date_gmt":"2021-11-09T15:40:55","guid":{"rendered":"https:\/\/blogs.uef.fi\/karjalanelvytys\/?page_id=2379"},"modified":"2025-12-01T10:00:13","modified_gmt":"2025-12-01T08:00:13","slug":"karjalan-kielen-netali","status":"publish","type":"page","link":"https:\/\/blogs.uef.fi\/karjalanelvytys\/karjalan-kielen-netali\/","title":{"rendered":"Karjalan kielen viikko"},"content":{"rendered":"\n<p>T\u00e4lle sivulle on ker\u00e4tty karjalan kielen viikkoa koskevaa tietoa, viikkojen aikana julkaistuja kirjoituksia ja tiedotusv\u00e4lineiden aihetta k\u00e4sittelevi\u00e4 uutisia. Karjalan kielen viikkoa on vietetty vuosina 2020, 2021, 2022, 2023, 2024 ja 2025. Vuoden 2026 karjalan kielen viikosta tiedotamme alkusyksyn 2026 aikana.<\/p>\n\n\n\n<h4 class=\"wp-block-heading\">Aiempien vuosien karjalan kielen viikot<\/h4>\n\n\n\n<p><a href=\"https:\/\/blogs.uef.fi\/karjalanelvytys\/karjalan-kielen-nedalin-2020-tekstat\/\">Linkki vuoden 2020 materiaaleihin.<\/a><\/p>\n\n\n\n<p><a href=\"https:\/\/blogs.uef.fi\/karjalanelvytys\/karjalan-kielen-netali-2021\/\">Linkki vuoden 2021 materiaaleihin.<\/a><\/p>\n\n\n\n<p><a href=\"https:\/\/blogs.uef.fi\/karjalanelvytys\/karjalan-kielen-netali-2022\/\">Linkki vuoden 2022 materiaaleihin.<\/a><\/p>\n\n\n\n<p><a href=\"https:\/\/blogs.uef.fi\/karjalanelvytys\/karjalan-kielen-netali-2023\/\">Linkki vuoden 2023 materiaaleihin.<\/a><\/p>\n\n\n\n<p><a href=\"https:\/\/blogs.uef.fi\/karjalanelvytys\/karjalan-kielen-nedali-2024\/\">Linkki vuoden 2024 materiaaleihin.<\/a><\/p>\n\n\n\n<p><a href=\"https:\/\/blogs.uef.fi\/karjalanelvytys\/karjalan-kielen-nedali-2025\/\">Linkki vuoden 2025 materiaaleihin.<\/a><\/p>\n","protected":false},"excerpt":{"rendered":"<p>T\u00e4lle sivulle on ker\u00e4tty karjalan kielen viikkoa koskevaa tietoa, viikkojen aikana julkaistuja kirjoituksia ja tiedotusv\u00e4lineiden aihetta k\u00e4sittelevi\u00e4 uutisia. Karjalan kielen viikkoa on vietetty vuosina 2020, 2021, 2022, 2023, 2024 ja 2025. Vuoden 2026 karjalan kielen viikosta tiedotamme alkusyksyn 2026 aikana. Aiempien vuosien karjalan kielen viikot Linkki vuoden 2020 materiaaleihin. Linkki vuoden 2021 materiaaleihin. Linkki vuoden [&hellip;]<\/p>\n","protected":false},"author":419,"featured_media":0,"parent":0,"menu_order":0,"comment_status":"closed","ping_status":"closed","template":"","meta":{"_acf_changed":false,"footnotes":""},"class_list":["post-2379","page","type-page","status-publish","hentry"],"acf":[],"yoast_head":"<!-- This site is optimized with the Yoast SEO plugin v27.1.1 - https:\/\/yoast.com\/product\/yoast-seo-wordpress\/ -->\n<title>Karjalan kielen viikko - Karjalan kielen elvytt\u00e4minen<\/title>\n<meta name=\"robots\" content=\"index, follow, max-snippet:-1, max-image-preview:large, max-video-preview:-1\" \/>\n<link rel=\"canonical\" href=\"https:\/\/blogs.uef.fi\/karjalanelvytys\/karjalan-kielen-netali\/\" \/>\n<meta property=\"og:locale\" content=\"fi_FI\" \/>\n<meta property=\"og:type\" content=\"article\" \/>\n<meta property=\"og:title\" content=\"Karjalan kielen viikko - Karjalan kielen elvytt\u00e4minen\" \/>\n<meta property=\"og:description\" content=\"T\u00e4lle sivulle on ker\u00e4tty karjalan kielen viikkoa koskevaa tietoa, viikkojen aikana julkaistuja kirjoituksia ja tiedotusv\u00e4lineiden aihetta k\u00e4sittelevi\u00e4 uutisia. Karjalan kielen viikkoa on vietetty vuosina 2020, 2021, 2022, 2023, 2024 ja 2025. Vuoden 2026 karjalan kielen viikosta tiedotamme alkusyksyn 2026 aikana. Aiempien vuosien karjalan kielen viikot Linkki vuoden 2020 materiaaleihin. Linkki vuoden 2021 materiaaleihin. Linkki vuoden [&hellip;]\" \/>\n<meta property=\"og:url\" content=\"https:\/\/blogs.uef.fi\/karjalanelvytys\/karjalan-kielen-netali\/\" \/>\n<meta property=\"og:site_name\" content=\"Karjalan kielen elvytt\u00e4minen\" \/>\n<meta property=\"article:modified_time\" content=\"2025-12-01T08:00:13+00:00\" \/>\n<meta name=\"twitter:card\" content=\"summary_large_image\" \/>\n<meta name=\"twitter:label1\" content=\"Arvioitu lukuaika\" \/>\n\t<meta name=\"twitter:data1\" content=\"1 minuutti\" \/>\n<script type=\"application\/ld+json\" class=\"yoast-schema-graph\">{\"@context\":\"https:\/\/schema.org\",\"@graph\":[{\"@type\":\"WebPage\",\"@id\":\"https:\/\/blogs.uef.fi\/karjalanelvytys\/karjalan-kielen-netali\/\",\"url\":\"https:\/\/blogs.uef.fi\/karjalanelvytys\/karjalan-kielen-netali\/\",\"name\":\"Karjalan kielen viikko - Karjalan kielen elvytt\u00e4minen\",\"isPartOf\":{\"@id\":\"https:\/\/blogs.uef.fi\/karjalanelvytys\/#website\"},\"datePublished\":\"2021-11-09T15:40:55+00:00\",\"dateModified\":\"2025-12-01T08:00:13+00:00\",\"breadcrumb\":{\"@id\":\"https:\/\/blogs.uef.fi\/karjalanelvytys\/karjalan-kielen-netali\/#breadcrumb\"},\"inLanguage\":\"fi\",\"potentialAction\":[{\"@type\":\"ReadAction\",\"target\":[\"https:\/\/blogs.uef.fi\/karjalanelvytys\/karjalan-kielen-netali\/\"]}]},{\"@type\":\"BreadcrumbList\",\"@id\":\"https:\/\/blogs.uef.fi\/karjalanelvytys\/karjalan-kielen-netali\/#breadcrumb\",\"itemListElement\":[{\"@type\":\"ListItem\",\"position\":1,\"name\":\"Home\",\"item\":\"https:\/\/blogs.uef.fi\/karjalanelvytys\/\"},{\"@type\":\"ListItem\",\"position\":2,\"name\":\"Karjalan kielen viikko\"}]},{\"@type\":\"WebSite\",\"@id\":\"https:\/\/blogs.uef.fi\/karjalanelvytys\/#website\",\"url\":\"https:\/\/blogs.uef.fi\/karjalanelvytys\/\",\"name\":\"Karjalan kielen elvytt\u00e4minen\",\"description\":\"\",\"potentialAction\":[{\"@type\":\"SearchAction\",\"target\":{\"@type\":\"EntryPoint\",\"urlTemplate\":\"https:\/\/blogs.uef.fi\/karjalanelvytys\/?s={search_term_string}\"},\"query-input\":{\"@type\":\"PropertyValueSpecification\",\"valueRequired\":true,\"valueName\":\"search_term_string\"}}],\"inLanguage\":\"fi\"}]}<\/script>\n<!-- \/ Yoast SEO plugin. -->","yoast_head_json":{"title":"Karjalan kielen viikko - Karjalan kielen elvytt\u00e4minen","robots":{"index":"index","follow":"follow","max-snippet":"max-snippet:-1","max-image-preview":"max-image-preview:large","max-video-preview":"max-video-preview:-1"},"canonical":"https:\/\/blogs.uef.fi\/karjalanelvytys\/karjalan-kielen-netali\/","og_locale":"fi_FI","og_type":"article","og_title":"Karjalan kielen viikko - Karjalan kielen elvytt\u00e4minen","og_description":"T\u00e4lle sivulle on ker\u00e4tty karjalan kielen viikkoa koskevaa tietoa, viikkojen aikana julkaistuja kirjoituksia ja tiedotusv\u00e4lineiden aihetta k\u00e4sittelevi\u00e4 uutisia. Karjalan kielen viikkoa on vietetty vuosina 2020, 2021, 2022, 2023, 2024 ja 2025. Vuoden 2026 karjalan kielen viikosta tiedotamme alkusyksyn 2026 aikana. Aiempien vuosien karjalan kielen viikot Linkki vuoden 2020 materiaaleihin. Linkki vuoden 2021 materiaaleihin. Linkki vuoden [&hellip;]","og_url":"https:\/\/blogs.uef.fi\/karjalanelvytys\/karjalan-kielen-netali\/","og_site_name":"Karjalan kielen elvytt\u00e4minen","article_modified_time":"2025-12-01T08:00:13+00:00","twitter_card":"summary_large_image","twitter_misc":{"Arvioitu lukuaika":"1 minuutti"},"schema":{"@context":"https:\/\/schema.org","@graph":[{"@type":"WebPage","@id":"https:\/\/blogs.uef.fi\/karjalanelvytys\/karjalan-kielen-netali\/","url":"https:\/\/blogs.uef.fi\/karjalanelvytys\/karjalan-kielen-netali\/","name":"Karjalan kielen viikko - Karjalan kielen elvytt\u00e4minen","isPartOf":{"@id":"https:\/\/blogs.uef.fi\/karjalanelvytys\/#website"},"datePublished":"2021-11-09T15:40:55+00:00","dateModified":"2025-12-01T08:00:13+00:00","breadcrumb":{"@id":"https:\/\/blogs.uef.fi\/karjalanelvytys\/karjalan-kielen-netali\/#breadcrumb"},"inLanguage":"fi","potentialAction":[{"@type":"ReadAction","target":["https:\/\/blogs.uef.fi\/karjalanelvytys\/karjalan-kielen-netali\/"]}]},{"@type":"BreadcrumbList","@id":"https:\/\/blogs.uef.fi\/karjalanelvytys\/karjalan-kielen-netali\/#breadcrumb","itemListElement":[{"@type":"ListItem","position":1,"name":"Home","item":"https:\/\/blogs.uef.fi\/karjalanelvytys\/"},{"@type":"ListItem","position":2,"name":"Karjalan kielen viikko"}]},{"@type":"WebSite","@id":"https:\/\/blogs.uef.fi\/karjalanelvytys\/#website","url":"https:\/\/blogs.uef.fi\/karjalanelvytys\/","name":"Karjalan kielen elvytt\u00e4minen","description":"","potentialAction":[{"@type":"SearchAction","target":{"@type":"EntryPoint","urlTemplate":"https:\/\/blogs.uef.fi\/karjalanelvytys\/?s={search_term_string}"},"query-input":{"@type":"PropertyValueSpecification","valueRequired":true,"valueName":"search_term_string"}}],"inLanguage":"fi"}]}},"_links":{"self":[{"href":"https:\/\/blogs.uef.fi\/karjalanelvytys\/wp-json\/wp\/v2\/pages\/2379","targetHints":{"allow":["GET"]}}],"collection":[{"href":"https:\/\/blogs.uef.fi\/karjalanelvytys\/wp-json\/wp\/v2\/pages"}],"about":[{"href":"https:\/\/blogs.uef.fi\/karjalanelvytys\/wp-json\/wp\/v2\/types\/page"}],"author":[{"embeddable":true,"href":"https:\/\/blogs.uef.fi\/karjalanelvytys\/wp-json\/wp\/v2\/users\/419"}],"replies":[{"embeddable":true,"href":"https:\/\/blogs.uef.fi\/karjalanelvytys\/wp-json\/wp\/v2\/comments?post=2379"}],"version-history":[{"count":2,"href":"https:\/\/blogs.uef.fi\/karjalanelvytys\/wp-json\/wp\/v2\/pages\/2379\/revisions"}],"predecessor-version":[{"id":22780,"href":"https:\/\/blogs.uef.fi\/karjalanelvytys\/wp-json\/wp\/v2\/pages\/2379\/revisions\/22780"}],"wp:attachment":[{"href":"https:\/\/blogs.uef.fi\/karjalanelvytys\/wp-json\/wp\/v2\/media?parent=2379"}],"curies":[{"name":"wp","href":"https:\/\/api.w.org\/{rel}","templated":true}]}}