{"id":22092,"date":"2025-05-07T12:02:14","date_gmt":"2025-05-07T09:02:14","guid":{"rendered":"https:\/\/blogs.uef.fi\/karjalanelvytys\/?page_id=22092"},"modified":"2025-05-21T13:10:15","modified_gmt":"2025-05-21T10:10:15","slug":"karjalan-kielen-elvytysohjelman-julkaisutilaisuus","status":"publish","type":"page","link":"https:\/\/blogs.uef.fi\/karjalanelvytys\/karjalan-kielen-elvytysohjelman-julkaisutilaisuus\/","title":{"rendered":"Karjalan kielen elvytysohjelman julkaisutilaisuus"},"content":{"rendered":"\n<p>Suomessa puhuttavalle uhanalaiselle karjalan kielelle on laadittu elvytysohjelma, joka esitell\u00e4\u00e4n kaikille avoimessa julkaisutilaisuudessa torstaina 22.5.2025 kello 10\u201312. Julkaisutilaisuuden j\u00e4rjest\u00e4\u00e4 It\u00e4-Suomen yliopisto yhteisty\u00f6ss\u00e4 Kotimaisten kielten keskuksen kanssa. Tilaisuus pidet\u00e4\u00e4n Joensuun kampuksella, ja sit\u00e4 voi seurata my\u00f6s Zoom-yhteydell\u00e4. <\/p>\n\n\n\n<p>Tilaisuuteen on ennakkoilmoittautuminen. Et\u00e4osallistujille l\u00e4hetet\u00e4\u00e4n Zoom-linkki s\u00e4hk\u00f6postitse keskiviikkona 21.5. My\u00f6s l\u00e4hiosallistujia suositellaan kahvitarjoilun vuoksi ilmoittautumaan.<\/p>\n\n\n\n<p><a href=\"https:\/\/link.webropolsurveys.com\/S\/07E92F0FDAA0BACE\">Linkki ilmoittautumislomakkeelle.<\/a><\/p>\n\n\n\n<p><a href=\"http:\/\/urn.fi\/URN:ISBN:978-952-415-301-0\">Linkki elvytysohjelmaan.<\/a><\/p>\n\n\n\n<h4 class=\"wp-block-heading\">Paikka ja aika<\/h4>\n\n\n\n<p>Torstaina 22.5. kello 10\u201312<\/p>\n\n\n\n<p>Carelia-rakennuksen sali C2<\/p>\n\n\n\n<p>Yliopistokatu 4, Joensuu<\/p>\n\n\n\n<h4 class=\"wp-block-heading\">Avauspuheenvuorot<\/h4>\n\n\n\n<p>Avauspuheenvuorot, osastonjohtaja <strong>Pirkko Kuutti <\/strong>(Kotimaisten kielten keskus) ja humanistisen osaston johtaja <strong>Esa Penttil\u00e4 <\/strong>(It\u00e4-Suomen yliopisto)<\/p>\n\n\n\n<p>Luettu tervehdys, opetusneuvos <strong>Marjo Vesalainen <\/strong>(opetus- ja kulttuuriministeri\u00f6)<\/p>\n\n\n\n<p>On aika karjalan\u2026 Karjalan kieliyhteis\u00f6 kohti tulevaisuutta, professori <strong>Pirkko Nuolij\u00e4rvi<\/strong>, asiantuntijaty\u00f6ryhm\u00e4n puheenjohtaja<\/p>\n\n\n\n<p>Elvytysohjelman esittely, karjalan kielen tilanne ja suuntaviivat kielen tuelle, projektitutkija <strong>Niko Tynnyrinen<\/strong> ja erityisasiantuntija <strong>Lotta Jalava<\/strong><\/p>\n\n\n\n<p>P\u00e4\u00e4t\u00f6spuheenvuoro ja kahvitarjoilu<\/p>\n\n\n\n<h4 class=\"wp-block-heading\">Lis\u00e4tietoja<\/h4>\n\n\n\n<p>Erityisasiantuntija <strong>Lotta Jalava <\/strong>(lotta.jalava@kotus.fi), karjalan kielen asiantuntijaty\u00f6ryhm\u00e4n sihteeri, Kotimaisten kielten keskus<\/p>\n\n\n\n<p>Projektitutkija <strong>Niko Tynnyrinen<\/strong> (niko.tynnyrinen@uef.fi), karjalan kielen elvytys, It\u00e4-Suomen yliopisto<\/p>\n","protected":false},"excerpt":{"rendered":"<p>Suomessa puhuttavalle uhanalaiselle karjalan kielelle on laadittu elvytysohjelma, joka esitell\u00e4\u00e4n kaikille avoimessa julkaisutilaisuudessa torstaina 22.5.2025 kello 10\u201312. Julkaisutilaisuuden j\u00e4rjest\u00e4\u00e4 It\u00e4-Suomen yliopisto yhteisty\u00f6ss\u00e4 Kotimaisten kielten keskuksen kanssa. Tilaisuus pidet\u00e4\u00e4n Joensuun kampuksella, ja sit\u00e4 voi seurata my\u00f6s Zoom-yhteydell\u00e4. Tilaisuuteen on ennakkoilmoittautuminen. Et\u00e4osallistujille l\u00e4hetet\u00e4\u00e4n Zoom-linkki s\u00e4hk\u00f6postitse keskiviikkona 21.5. My\u00f6s l\u00e4hiosallistujia suositellaan kahvitarjoilun vuoksi ilmoittautumaan. Linkki ilmoittautumislomakkeelle. Linkki elvytysohjelmaan. [&hellip;]<\/p>\n","protected":false},"author":580,"featured_media":0,"parent":0,"menu_order":0,"comment_status":"closed","ping_status":"closed","template":"","meta":{"_acf_changed":false,"footnotes":""},"class_list":["post-22092","page","type-page","status-publish","hentry"],"acf":[],"yoast_head":"<!-- This site is optimized with the Yoast SEO plugin v27.3 - https:\/\/yoast.com\/product\/yoast-seo-wordpress\/ -->\n<title>Karjalan kielen elvytysohjelman julkaisutilaisuus - Karjalan kielen elvytt\u00e4minen<\/title>\n<meta name=\"robots\" content=\"index, follow, max-snippet:-1, max-image-preview:large, max-video-preview:-1\" \/>\n<link rel=\"canonical\" href=\"https:\/\/blogs.uef.fi\/karjalanelvytys\/karjalan-kielen-elvytysohjelman-julkaisutilaisuus\/\" \/>\n<meta property=\"og:locale\" content=\"fi_FI\" \/>\n<meta property=\"og:type\" content=\"article\" \/>\n<meta property=\"og:title\" content=\"Karjalan kielen elvytysohjelman julkaisutilaisuus - Karjalan kielen elvytt\u00e4minen\" \/>\n<meta property=\"og:description\" content=\"Suomessa puhuttavalle uhanalaiselle karjalan kielelle on laadittu elvytysohjelma, joka esitell\u00e4\u00e4n kaikille avoimessa julkaisutilaisuudessa torstaina 22.5.2025 kello 10\u201312. Julkaisutilaisuuden j\u00e4rjest\u00e4\u00e4 It\u00e4-Suomen yliopisto yhteisty\u00f6ss\u00e4 Kotimaisten kielten keskuksen kanssa. Tilaisuus pidet\u00e4\u00e4n Joensuun kampuksella, ja sit\u00e4 voi seurata my\u00f6s Zoom-yhteydell\u00e4. Tilaisuuteen on ennakkoilmoittautuminen. Et\u00e4osallistujille l\u00e4hetet\u00e4\u00e4n Zoom-linkki s\u00e4hk\u00f6postitse keskiviikkona 21.5. My\u00f6s l\u00e4hiosallistujia suositellaan kahvitarjoilun vuoksi ilmoittautumaan. Linkki ilmoittautumislomakkeelle. Linkki elvytysohjelmaan. [&hellip;]\" \/>\n<meta property=\"og:url\" content=\"https:\/\/blogs.uef.fi\/karjalanelvytys\/karjalan-kielen-elvytysohjelman-julkaisutilaisuus\/\" \/>\n<meta property=\"og:site_name\" content=\"Karjalan kielen elvytt\u00e4minen\" \/>\n<meta property=\"article:modified_time\" content=\"2025-05-21T10:10:15+00:00\" \/>\n<meta name=\"twitter:card\" content=\"summary_large_image\" \/>\n<meta name=\"twitter:label1\" content=\"Arvioitu lukuaika\" \/>\n\t<meta name=\"twitter:data1\" content=\"1 minuutti\" \/>\n<script type=\"application\/ld+json\" class=\"yoast-schema-graph\">{\"@context\":\"https:\\\/\\\/schema.org\",\"@graph\":[{\"@type\":\"WebPage\",\"@id\":\"https:\\\/\\\/blogs.uef.fi\\\/karjalanelvytys\\\/karjalan-kielen-elvytysohjelman-julkaisutilaisuus\\\/\",\"url\":\"https:\\\/\\\/blogs.uef.fi\\\/karjalanelvytys\\\/karjalan-kielen-elvytysohjelman-julkaisutilaisuus\\\/\",\"name\":\"Karjalan kielen elvytysohjelman julkaisutilaisuus - Karjalan kielen elvytt\u00e4minen\",\"isPartOf\":{\"@id\":\"https:\\\/\\\/blogs.uef.fi\\\/karjalanelvytys\\\/#website\"},\"datePublished\":\"2025-05-07T09:02:14+00:00\",\"dateModified\":\"2025-05-21T10:10:15+00:00\",\"breadcrumb\":{\"@id\":\"https:\\\/\\\/blogs.uef.fi\\\/karjalanelvytys\\\/karjalan-kielen-elvytysohjelman-julkaisutilaisuus\\\/#breadcrumb\"},\"inLanguage\":\"fi\",\"potentialAction\":[{\"@type\":\"ReadAction\",\"target\":[\"https:\\\/\\\/blogs.uef.fi\\\/karjalanelvytys\\\/karjalan-kielen-elvytysohjelman-julkaisutilaisuus\\\/\"]}]},{\"@type\":\"BreadcrumbList\",\"@id\":\"https:\\\/\\\/blogs.uef.fi\\\/karjalanelvytys\\\/karjalan-kielen-elvytysohjelman-julkaisutilaisuus\\\/#breadcrumb\",\"itemListElement\":[{\"@type\":\"ListItem\",\"position\":1,\"name\":\"Home\",\"item\":\"https:\\\/\\\/blogs.uef.fi\\\/karjalanelvytys\\\/\"},{\"@type\":\"ListItem\",\"position\":2,\"name\":\"Karjalan kielen elvytysohjelman julkaisutilaisuus\"}]},{\"@type\":\"WebSite\",\"@id\":\"https:\\\/\\\/blogs.uef.fi\\\/karjalanelvytys\\\/#website\",\"url\":\"https:\\\/\\\/blogs.uef.fi\\\/karjalanelvytys\\\/\",\"name\":\"Karjalan kielen elvytt\u00e4minen\",\"description\":\"\",\"potentialAction\":[{\"@type\":\"SearchAction\",\"target\":{\"@type\":\"EntryPoint\",\"urlTemplate\":\"https:\\\/\\\/blogs.uef.fi\\\/karjalanelvytys\\\/?s={search_term_string}\"},\"query-input\":{\"@type\":\"PropertyValueSpecification\",\"valueRequired\":true,\"valueName\":\"search_term_string\"}}],\"inLanguage\":\"fi\"}]}<\/script>\n<!-- \/ Yoast SEO plugin. -->","yoast_head_json":{"title":"Karjalan kielen elvytysohjelman julkaisutilaisuus - Karjalan kielen elvytt\u00e4minen","robots":{"index":"index","follow":"follow","max-snippet":"max-snippet:-1","max-image-preview":"max-image-preview:large","max-video-preview":"max-video-preview:-1"},"canonical":"https:\/\/blogs.uef.fi\/karjalanelvytys\/karjalan-kielen-elvytysohjelman-julkaisutilaisuus\/","og_locale":"fi_FI","og_type":"article","og_title":"Karjalan kielen elvytysohjelman julkaisutilaisuus - Karjalan kielen elvytt\u00e4minen","og_description":"Suomessa puhuttavalle uhanalaiselle karjalan kielelle on laadittu elvytysohjelma, joka esitell\u00e4\u00e4n kaikille avoimessa julkaisutilaisuudessa torstaina 22.5.2025 kello 10\u201312. Julkaisutilaisuuden j\u00e4rjest\u00e4\u00e4 It\u00e4-Suomen yliopisto yhteisty\u00f6ss\u00e4 Kotimaisten kielten keskuksen kanssa. Tilaisuus pidet\u00e4\u00e4n Joensuun kampuksella, ja sit\u00e4 voi seurata my\u00f6s Zoom-yhteydell\u00e4. Tilaisuuteen on ennakkoilmoittautuminen. Et\u00e4osallistujille l\u00e4hetet\u00e4\u00e4n Zoom-linkki s\u00e4hk\u00f6postitse keskiviikkona 21.5. My\u00f6s l\u00e4hiosallistujia suositellaan kahvitarjoilun vuoksi ilmoittautumaan. Linkki ilmoittautumislomakkeelle. Linkki elvytysohjelmaan. [&hellip;]","og_url":"https:\/\/blogs.uef.fi\/karjalanelvytys\/karjalan-kielen-elvytysohjelman-julkaisutilaisuus\/","og_site_name":"Karjalan kielen elvytt\u00e4minen","article_modified_time":"2025-05-21T10:10:15+00:00","twitter_card":"summary_large_image","twitter_misc":{"Arvioitu lukuaika":"1 minuutti"},"schema":{"@context":"https:\/\/schema.org","@graph":[{"@type":"WebPage","@id":"https:\/\/blogs.uef.fi\/karjalanelvytys\/karjalan-kielen-elvytysohjelman-julkaisutilaisuus\/","url":"https:\/\/blogs.uef.fi\/karjalanelvytys\/karjalan-kielen-elvytysohjelman-julkaisutilaisuus\/","name":"Karjalan kielen elvytysohjelman julkaisutilaisuus - Karjalan kielen elvytt\u00e4minen","isPartOf":{"@id":"https:\/\/blogs.uef.fi\/karjalanelvytys\/#website"},"datePublished":"2025-05-07T09:02:14+00:00","dateModified":"2025-05-21T10:10:15+00:00","breadcrumb":{"@id":"https:\/\/blogs.uef.fi\/karjalanelvytys\/karjalan-kielen-elvytysohjelman-julkaisutilaisuus\/#breadcrumb"},"inLanguage":"fi","potentialAction":[{"@type":"ReadAction","target":["https:\/\/blogs.uef.fi\/karjalanelvytys\/karjalan-kielen-elvytysohjelman-julkaisutilaisuus\/"]}]},{"@type":"BreadcrumbList","@id":"https:\/\/blogs.uef.fi\/karjalanelvytys\/karjalan-kielen-elvytysohjelman-julkaisutilaisuus\/#breadcrumb","itemListElement":[{"@type":"ListItem","position":1,"name":"Home","item":"https:\/\/blogs.uef.fi\/karjalanelvytys\/"},{"@type":"ListItem","position":2,"name":"Karjalan kielen elvytysohjelman julkaisutilaisuus"}]},{"@type":"WebSite","@id":"https:\/\/blogs.uef.fi\/karjalanelvytys\/#website","url":"https:\/\/blogs.uef.fi\/karjalanelvytys\/","name":"Karjalan kielen elvytt\u00e4minen","description":"","potentialAction":[{"@type":"SearchAction","target":{"@type":"EntryPoint","urlTemplate":"https:\/\/blogs.uef.fi\/karjalanelvytys\/?s={search_term_string}"},"query-input":{"@type":"PropertyValueSpecification","valueRequired":true,"valueName":"search_term_string"}}],"inLanguage":"fi"}]}},"_links":{"self":[{"href":"https:\/\/blogs.uef.fi\/karjalanelvytys\/wp-json\/wp\/v2\/pages\/22092","targetHints":{"allow":["GET"]}}],"collection":[{"href":"https:\/\/blogs.uef.fi\/karjalanelvytys\/wp-json\/wp\/v2\/pages"}],"about":[{"href":"https:\/\/blogs.uef.fi\/karjalanelvytys\/wp-json\/wp\/v2\/types\/page"}],"author":[{"embeddable":true,"href":"https:\/\/blogs.uef.fi\/karjalanelvytys\/wp-json\/wp\/v2\/users\/580"}],"replies":[{"embeddable":true,"href":"https:\/\/blogs.uef.fi\/karjalanelvytys\/wp-json\/wp\/v2\/comments?post=22092"}],"version-history":[{"count":2,"href":"https:\/\/blogs.uef.fi\/karjalanelvytys\/wp-json\/wp\/v2\/pages\/22092\/revisions"}],"predecessor-version":[{"id":22151,"href":"https:\/\/blogs.uef.fi\/karjalanelvytys\/wp-json\/wp\/v2\/pages\/22092\/revisions\/22151"}],"wp:attachment":[{"href":"https:\/\/blogs.uef.fi\/karjalanelvytys\/wp-json\/wp\/v2\/media?parent=22092"}],"curies":[{"name":"wp","href":"https:\/\/api.w.org\/{rel}","templated":true}]}}