{"id":21345,"date":"2024-12-13T08:48:10","date_gmt":"2024-12-13T06:48:10","guid":{"rendered":"https:\/\/blogs.uef.fi\/karjalanelvytys\/?page_id=21345"},"modified":"2024-12-13T08:48:10","modified_gmt":"2024-12-13T06:48:10","slug":"tuula-da-pirjo-karjalan-kielen-paivy-kuopivos","status":"publish","type":"page","link":"https:\/\/blogs.uef.fi\/karjalanelvytys\/tuula-da-pirjo-karjalan-kielen-paivy-kuopivos\/","title":{"rendered":"Tuula da Pirjo: Karjalan kielen p\u00e4ivy Kuopivos"},"content":{"rendered":"\n<p>Karjalan kielen p\u00e4ivi\u00e4 piettih Kuopion kirjastos tiemal <em>Karjal \u2013 mieles, kieles da syd\u00e4mes<\/em>. Tapahtuman planiirui\u010dendas vastai himoruadojoukko <strong>Karjalazet Akkazet<\/strong>. Joukko planiirui\u010d\u010di programman da ozuttelijat, ker\u00e4i omis kniigois sego kuvis ozuttelun. Vuitti programmas oli joukon omua luajittuu. Ilmastu materjualua rahvahale suadih juattavakse <strong>Karjalan Sivistysseurasp\u00e4i<\/strong>, karjalan kielen elvytysprojektasp\u00e4i da <strong>Martti Penttozesp\u00e4i<\/strong>. Pienel avustuksel ruandua tugiettih <strong>Salmi-fondu <\/strong>da <strong>Man\u010dilan Nuori\u017eosebru<\/strong>. <strong>Salmi-sebru<\/strong> organizui\u010d\u010di kniigoin my\u00f6nd\u00e4n.<\/p>\n\n\n\n<p>Opis vai duumaija, a voi voi, mid\u00e4bo rodih luajittuu!<\/p>\n\n\n\n<p>Karjalan kielen p\u00e4ivy algoi olla jo illas, aigu l\u00e4heni sei\u010dendytostu \u010duassuu. Ristikanzua astui bibliotiekan pordahii my\u00f6te. Duumai\u010dimmo, ku hyv\u00e4h\u00e4i on, ehki kentahto tulou. Bibliotiekas meil oli sanottu, ku kolmekymmen stuulua vikse t\u00e4ydyy. Da alahazes kerrokses oli vie luvendo savolazis sugulois.<\/p>\n\n\n\n<p>Kodvazen per\u00e4s kuului: \u201dvahtimestarit, tarvitsemme lis\u00e4\u00e4 tuoleja\u201d. Bibliotiekan johtai k\u00e4vyi sanomah, ku paikal on 120 hengie da nenga kaksikymmen vie li\u017ei\u00e4 py\u00f6riy ka\u010d\u010delemas, mid\u00e4 kummua ti\u00e4 tapahtuu. Toinah kai stuulat oldih k\u00e4yt\u00f6s, ku alakerdahgi oli li\u010d\u010davunnuh yhtenjyttyine mi\u00e4ry ristikanzua. Savolazet da karjalazet samah aigah, da mollembat voitettih!<\/p>\n\n\n\n<figure class=\"wp-block-image size-large is-resized\"><img loading=\"lazy\" decoding=\"async\" width=\"1024\" height=\"682\" src=\"https:\/\/blogs.uef.fi\/karjalanelvytys\/wp-content\/uploads\/sites\/155\/2024\/12\/karjalan-kielen-paiva-KY7A2745KY7A2745-1024x682.jpg\" alt=\"\" class=\"wp-image-21348\" style=\"width:500px\" srcset=\"https:\/\/blogs.uef.fi\/karjalanelvytys\/wp-content\/uploads\/sites\/155\/2024\/12\/karjalan-kielen-paiva-KY7A2745KY7A2745-1024x682.jpg 1024w, https:\/\/blogs.uef.fi\/karjalanelvytys\/wp-content\/uploads\/sites\/155\/2024\/12\/karjalan-kielen-paiva-KY7A2745KY7A2745-300x200.jpg 300w, https:\/\/blogs.uef.fi\/karjalanelvytys\/wp-content\/uploads\/sites\/155\/2024\/12\/karjalan-kielen-paiva-KY7A2745KY7A2745-768x512.jpg 768w, https:\/\/blogs.uef.fi\/karjalanelvytys\/wp-content\/uploads\/sites\/155\/2024\/12\/karjalan-kielen-paiva-KY7A2745KY7A2745-1536x1024.jpg 1536w, https:\/\/blogs.uef.fi\/karjalanelvytys\/wp-content\/uploads\/sites\/155\/2024\/12\/karjalan-kielen-paiva-KY7A2745KY7A2745.jpg 2000w\" sizes=\"auto, (max-width: 1024px) 100vw, 1024px\" \/><figcaption class=\"wp-element-caption\">Mitropoliittu Panteleimon pagizou tapahtumas. Kuva: Tuula Iljin<\/figcaption><\/figure>\n\n\n\n<p><strong>Anneli <\/strong>vedi programmua da <strong>Jenni <\/strong>hel\u00e4hytti kandelehtu mones v\u00e4lis. <strong>Raija Py\u00f6li <\/strong>pagizi ylen hyvin tiedoi\u0161kun karjalan kieles. <strong>Tuula<\/strong> da <strong>Johannes<\/strong> annettih runomuodostu Juurihoiduo soiton ker, min j\u00e4lles <strong>Mitropoliittu Panteleimon <\/strong>opasti karjalazen kalenduaran peito\u010duksih.<\/p>\n\n\n\n<p><strong>Annikki<\/strong>, alguper\u00e4hine kielen pagizii, lugi runoloi da sit ozutelmujoukko, <strong>Aila<\/strong>, <strong>Marja<\/strong>, <strong>Silja <\/strong>da <strong>Anneli<\/strong>, ozutettih ske\u010d\u010di \u201dValli\u010d\u010dendat, Akkaine i\u00e4nest\u00e4m\u00e4s\u201d. <strong>Pirjo<\/strong> da <strong>Leena <\/strong>piettih huoldu ozutteluloin pystytt\u00e4mizes.<\/p>\n\n\n\n<figure class=\"wp-block-image size-large is-resized\"><img loading=\"lazy\" decoding=\"async\" width=\"1024\" height=\"682\" src=\"https:\/\/blogs.uef.fi\/karjalanelvytys\/wp-content\/uploads\/sites\/155\/2024\/12\/karjalan-kielen-paiva-KY7A2587KY7A2587-1024x682.jpg\" alt=\"\" class=\"wp-image-21351\" style=\"width:500px\" srcset=\"https:\/\/blogs.uef.fi\/karjalanelvytys\/wp-content\/uploads\/sites\/155\/2024\/12\/karjalan-kielen-paiva-KY7A2587KY7A2587-1024x682.jpg 1024w, https:\/\/blogs.uef.fi\/karjalanelvytys\/wp-content\/uploads\/sites\/155\/2024\/12\/karjalan-kielen-paiva-KY7A2587KY7A2587-300x200.jpg 300w, https:\/\/blogs.uef.fi\/karjalanelvytys\/wp-content\/uploads\/sites\/155\/2024\/12\/karjalan-kielen-paiva-KY7A2587KY7A2587-768x512.jpg 768w, https:\/\/blogs.uef.fi\/karjalanelvytys\/wp-content\/uploads\/sites\/155\/2024\/12\/karjalan-kielen-paiva-KY7A2587KY7A2587-1536x1024.jpg 1536w, https:\/\/blogs.uef.fi\/karjalanelvytys\/wp-content\/uploads\/sites\/155\/2024\/12\/karjalan-kielen-paiva-KY7A2587KY7A2587.jpg 2000w\" sizes=\"auto, (max-width: 1024px) 100vw, 1024px\" \/><figcaption class=\"wp-element-caption\">Raija Py\u00f6li tapahtumas. Kuva: Tuula Iljin<\/figcaption><\/figure>\n\n\n\n<p>Lopukse Akkazet eziteltih i\u010d\u010died\u00e4h rahvahale da kui lienn\u00f6y olluh, ku melgi jogahine oli kenentahto Iivanan bunukku! Yhtehizekse lopukse vie pajatimmo rahvahan ker Ruskei nei\u010dyt, valgei nei\u010dyt da \u010ciganaizet. <strong>Jenni <\/strong>meile pianol soitti.<\/p>\n\n\n\n<p>Ylen oli meil vessel ildu. Emm\u00f6 ni unis olis voinnuh uskuo, gu muga \u00e4ijy rahvastu tulou paikale. Kuulimmo, gu se\u017eo Yl\u00e4-Savosp\u00e4i oli l\u00e4htietty pimiedy dorogua my\u00f6te mualimannavale ajelemah.<\/p>\n\n\n\n<p>Rahvahan mieles programmu oli monipuoline da p\u00e4tt\u00e4v\u00e4n piduhine. Kentah kerdoi, buitegu olis vahnanaigahizih illa\u010d\u010duloih puuttunuh.<\/p>\n\n\n\n<figure class=\"wp-block-image size-large is-resized\"><img loading=\"lazy\" decoding=\"async\" width=\"1024\" height=\"768\" src=\"https:\/\/blogs.uef.fi\/karjalanelvytys\/wp-content\/uploads\/sites\/155\/2024\/12\/IMG-20241128-WA0009-1-1024x768.jpg\" alt=\"\" class=\"wp-image-21354\" style=\"width:500px\" srcset=\"https:\/\/blogs.uef.fi\/karjalanelvytys\/wp-content\/uploads\/sites\/155\/2024\/12\/IMG-20241128-WA0009-1-1024x768.jpg 1024w, https:\/\/blogs.uef.fi\/karjalanelvytys\/wp-content\/uploads\/sites\/155\/2024\/12\/IMG-20241128-WA0009-1-300x225.jpg 300w, https:\/\/blogs.uef.fi\/karjalanelvytys\/wp-content\/uploads\/sites\/155\/2024\/12\/IMG-20241128-WA0009-1-768x576.jpg 768w, https:\/\/blogs.uef.fi\/karjalanelvytys\/wp-content\/uploads\/sites\/155\/2024\/12\/IMG-20241128-WA0009-1-1536x1152.jpg 1536w, https:\/\/blogs.uef.fi\/karjalanelvytys\/wp-content\/uploads\/sites\/155\/2024\/12\/IMG-20241128-WA0009-1.jpg 2048w\" sizes=\"auto, (max-width: 1024px) 100vw, 1024px\" \/><figcaption class=\"wp-element-caption\">Tapahtuman j\u00e4rjest\u00e4jii. Kuva: Tuula Iljin<\/figcaption><\/figure>\n\n\n\n<p>Meilh\u00e4i on jo kyzytty, mid\u00e4bo my\u00f6 tulien vuon samah aigah piemm\u00f6! Vai sih olemmo sanonuh, ku nyg\u00f6i pid\u00e4y meile Akkazile putilleh huogavuo. Processu on olluh mieldykiinnitt\u00e4i, ga ylen \u00e4ijy ruaduo sih on tarvittu.<\/p>\n\n\n\n<p>Vie pid\u00e4y sanella, ku my\u00f6 kaikin hyv\u00e4s mieles kodih l\u00e4htimm\u00f6!<\/p>\n\n\n\n<p>Akkasjoukon puoles Tuula da Pirjo<\/p>\n","protected":false},"excerpt":{"rendered":"<p>Karjalan kielen p\u00e4ivi\u00e4 piettih Kuopion kirjastos tiemal Karjal \u2013 mieles, kieles da syd\u00e4mes. Tapahtuman planiirui\u010dendas vastai himoruadojoukko Karjalazet Akkazet. Joukko planiirui\u010d\u010di programman da ozuttelijat, ker\u00e4i omis kniigois sego kuvis ozuttelun. Vuitti programmas oli joukon omua luajittuu. Ilmastu materjualua rahvahale suadih juattavakse Karjalan Sivistysseurasp\u00e4i, karjalan kielen elvytysprojektasp\u00e4i da Martti Penttozesp\u00e4i. Pienel avustuksel ruandua tugiettih Salmi-fondu da [&hellip;]<\/p>\n","protected":false},"author":580,"featured_media":0,"parent":0,"menu_order":0,"comment_status":"closed","ping_status":"closed","template":"","meta":{"_acf_changed":false,"footnotes":""},"class_list":["post-21345","page","type-page","status-publish","hentry"],"acf":[],"yoast_head":"<!-- This site is optimized with the Yoast SEO plugin v27.3 - https:\/\/yoast.com\/product\/yoast-seo-wordpress\/ -->\n<title>Tuula da Pirjo: Karjalan kielen p\u00e4ivy Kuopivos - Karjalan kielen elvytt\u00e4minen<\/title>\n<meta name=\"robots\" content=\"index, follow, max-snippet:-1, max-image-preview:large, max-video-preview:-1\" \/>\n<link rel=\"canonical\" href=\"https:\/\/blogs.uef.fi\/karjalanelvytys\/tuula-da-pirjo-karjalan-kielen-paivy-kuopivos\/\" \/>\n<meta property=\"og:locale\" content=\"fi_FI\" \/>\n<meta property=\"og:type\" content=\"article\" \/>\n<meta property=\"og:title\" content=\"Tuula da Pirjo: Karjalan kielen p\u00e4ivy Kuopivos - Karjalan kielen elvytt\u00e4minen\" \/>\n<meta property=\"og:description\" content=\"Karjalan kielen p\u00e4ivi\u00e4 piettih Kuopion kirjastos tiemal Karjal \u2013 mieles, kieles da syd\u00e4mes. Tapahtuman planiirui\u010dendas vastai himoruadojoukko Karjalazet Akkazet. Joukko planiirui\u010d\u010di programman da ozuttelijat, ker\u00e4i omis kniigois sego kuvis ozuttelun. Vuitti programmas oli joukon omua luajittuu. Ilmastu materjualua rahvahale suadih juattavakse Karjalan Sivistysseurasp\u00e4i, karjalan kielen elvytysprojektasp\u00e4i da Martti Penttozesp\u00e4i. Pienel avustuksel ruandua tugiettih Salmi-fondu da [&hellip;]\" \/>\n<meta property=\"og:url\" content=\"https:\/\/blogs.uef.fi\/karjalanelvytys\/tuula-da-pirjo-karjalan-kielen-paivy-kuopivos\/\" \/>\n<meta property=\"og:site_name\" content=\"Karjalan kielen elvytt\u00e4minen\" \/>\n<meta property=\"og:image\" content=\"https:\/\/blogs.uef.fi\/karjalanelvytys\/wp-content\/uploads\/sites\/155\/2024\/12\/karjalan-kielen-paiva-KY7A2745KY7A2745.jpg\" \/>\n\t<meta property=\"og:image:width\" content=\"2000\" \/>\n\t<meta property=\"og:image:height\" content=\"1333\" \/>\n\t<meta property=\"og:image:type\" content=\"image\/jpeg\" \/>\n<meta name=\"twitter:card\" content=\"summary_large_image\" \/>\n<meta name=\"twitter:label1\" content=\"Arvioitu lukuaika\" \/>\n\t<meta name=\"twitter:data1\" content=\"3 minuuttia\" \/>\n<script type=\"application\/ld+json\" class=\"yoast-schema-graph\">{\"@context\":\"https:\\\/\\\/schema.org\",\"@graph\":[{\"@type\":\"WebPage\",\"@id\":\"https:\\\/\\\/blogs.uef.fi\\\/karjalanelvytys\\\/tuula-da-pirjo-karjalan-kielen-paivy-kuopivos\\\/\",\"url\":\"https:\\\/\\\/blogs.uef.fi\\\/karjalanelvytys\\\/tuula-da-pirjo-karjalan-kielen-paivy-kuopivos\\\/\",\"name\":\"Tuula da Pirjo: Karjalan kielen p\u00e4ivy Kuopivos - Karjalan kielen elvytt\u00e4minen\",\"isPartOf\":{\"@id\":\"https:\\\/\\\/blogs.uef.fi\\\/karjalanelvytys\\\/#website\"},\"primaryImageOfPage\":{\"@id\":\"https:\\\/\\\/blogs.uef.fi\\\/karjalanelvytys\\\/tuula-da-pirjo-karjalan-kielen-paivy-kuopivos\\\/#primaryimage\"},\"image\":{\"@id\":\"https:\\\/\\\/blogs.uef.fi\\\/karjalanelvytys\\\/tuula-da-pirjo-karjalan-kielen-paivy-kuopivos\\\/#primaryimage\"},\"thumbnailUrl\":\"https:\\\/\\\/blogs.uef.fi\\\/karjalanelvytys\\\/wp-content\\\/uploads\\\/sites\\\/155\\\/2024\\\/12\\\/karjalan-kielen-paiva-KY7A2745KY7A2745-1024x682.jpg\",\"datePublished\":\"2024-12-13T06:48:10+00:00\",\"breadcrumb\":{\"@id\":\"https:\\\/\\\/blogs.uef.fi\\\/karjalanelvytys\\\/tuula-da-pirjo-karjalan-kielen-paivy-kuopivos\\\/#breadcrumb\"},\"inLanguage\":\"fi\",\"potentialAction\":[{\"@type\":\"ReadAction\",\"target\":[\"https:\\\/\\\/blogs.uef.fi\\\/karjalanelvytys\\\/tuula-da-pirjo-karjalan-kielen-paivy-kuopivos\\\/\"]}]},{\"@type\":\"ImageObject\",\"inLanguage\":\"fi\",\"@id\":\"https:\\\/\\\/blogs.uef.fi\\\/karjalanelvytys\\\/tuula-da-pirjo-karjalan-kielen-paivy-kuopivos\\\/#primaryimage\",\"url\":\"https:\\\/\\\/blogs.uef.fi\\\/karjalanelvytys\\\/wp-content\\\/uploads\\\/sites\\\/155\\\/2024\\\/12\\\/karjalan-kielen-paiva-KY7A2745KY7A2745.jpg\",\"contentUrl\":\"https:\\\/\\\/blogs.uef.fi\\\/karjalanelvytys\\\/wp-content\\\/uploads\\\/sites\\\/155\\\/2024\\\/12\\\/karjalan-kielen-paiva-KY7A2745KY7A2745.jpg\",\"width\":2000,\"height\":1333},{\"@type\":\"BreadcrumbList\",\"@id\":\"https:\\\/\\\/blogs.uef.fi\\\/karjalanelvytys\\\/tuula-da-pirjo-karjalan-kielen-paivy-kuopivos\\\/#breadcrumb\",\"itemListElement\":[{\"@type\":\"ListItem\",\"position\":1,\"name\":\"Home\",\"item\":\"https:\\\/\\\/blogs.uef.fi\\\/karjalanelvytys\\\/\"},{\"@type\":\"ListItem\",\"position\":2,\"name\":\"Tuula da Pirjo: Karjalan kielen p\u00e4ivy Kuopivos\"}]},{\"@type\":\"WebSite\",\"@id\":\"https:\\\/\\\/blogs.uef.fi\\\/karjalanelvytys\\\/#website\",\"url\":\"https:\\\/\\\/blogs.uef.fi\\\/karjalanelvytys\\\/\",\"name\":\"Karjalan kielen elvytt\u00e4minen\",\"description\":\"\",\"potentialAction\":[{\"@type\":\"SearchAction\",\"target\":{\"@type\":\"EntryPoint\",\"urlTemplate\":\"https:\\\/\\\/blogs.uef.fi\\\/karjalanelvytys\\\/?s={search_term_string}\"},\"query-input\":{\"@type\":\"PropertyValueSpecification\",\"valueRequired\":true,\"valueName\":\"search_term_string\"}}],\"inLanguage\":\"fi\"}]}<\/script>\n<!-- \/ Yoast SEO plugin. -->","yoast_head_json":{"title":"Tuula da Pirjo: Karjalan kielen p\u00e4ivy Kuopivos - Karjalan kielen elvytt\u00e4minen","robots":{"index":"index","follow":"follow","max-snippet":"max-snippet:-1","max-image-preview":"max-image-preview:large","max-video-preview":"max-video-preview:-1"},"canonical":"https:\/\/blogs.uef.fi\/karjalanelvytys\/tuula-da-pirjo-karjalan-kielen-paivy-kuopivos\/","og_locale":"fi_FI","og_type":"article","og_title":"Tuula da Pirjo: Karjalan kielen p\u00e4ivy Kuopivos - Karjalan kielen elvytt\u00e4minen","og_description":"Karjalan kielen p\u00e4ivi\u00e4 piettih Kuopion kirjastos tiemal Karjal \u2013 mieles, kieles da syd\u00e4mes. Tapahtuman planiirui\u010dendas vastai himoruadojoukko Karjalazet Akkazet. Joukko planiirui\u010d\u010di programman da ozuttelijat, ker\u00e4i omis kniigois sego kuvis ozuttelun. Vuitti programmas oli joukon omua luajittuu. Ilmastu materjualua rahvahale suadih juattavakse Karjalan Sivistysseurasp\u00e4i, karjalan kielen elvytysprojektasp\u00e4i da Martti Penttozesp\u00e4i. Pienel avustuksel ruandua tugiettih Salmi-fondu da [&hellip;]","og_url":"https:\/\/blogs.uef.fi\/karjalanelvytys\/tuula-da-pirjo-karjalan-kielen-paivy-kuopivos\/","og_site_name":"Karjalan kielen elvytt\u00e4minen","og_image":[{"width":2000,"height":1333,"url":"https:\/\/blogs.uef.fi\/karjalanelvytys\/wp-content\/uploads\/sites\/155\/2024\/12\/karjalan-kielen-paiva-KY7A2745KY7A2745.jpg","type":"image\/jpeg"}],"twitter_card":"summary_large_image","twitter_misc":{"Arvioitu lukuaika":"3 minuuttia"},"schema":{"@context":"https:\/\/schema.org","@graph":[{"@type":"WebPage","@id":"https:\/\/blogs.uef.fi\/karjalanelvytys\/tuula-da-pirjo-karjalan-kielen-paivy-kuopivos\/","url":"https:\/\/blogs.uef.fi\/karjalanelvytys\/tuula-da-pirjo-karjalan-kielen-paivy-kuopivos\/","name":"Tuula da Pirjo: Karjalan kielen p\u00e4ivy Kuopivos - Karjalan kielen elvytt\u00e4minen","isPartOf":{"@id":"https:\/\/blogs.uef.fi\/karjalanelvytys\/#website"},"primaryImageOfPage":{"@id":"https:\/\/blogs.uef.fi\/karjalanelvytys\/tuula-da-pirjo-karjalan-kielen-paivy-kuopivos\/#primaryimage"},"image":{"@id":"https:\/\/blogs.uef.fi\/karjalanelvytys\/tuula-da-pirjo-karjalan-kielen-paivy-kuopivos\/#primaryimage"},"thumbnailUrl":"https:\/\/blogs.uef.fi\/karjalanelvytys\/wp-content\/uploads\/sites\/155\/2024\/12\/karjalan-kielen-paiva-KY7A2745KY7A2745-1024x682.jpg","datePublished":"2024-12-13T06:48:10+00:00","breadcrumb":{"@id":"https:\/\/blogs.uef.fi\/karjalanelvytys\/tuula-da-pirjo-karjalan-kielen-paivy-kuopivos\/#breadcrumb"},"inLanguage":"fi","potentialAction":[{"@type":"ReadAction","target":["https:\/\/blogs.uef.fi\/karjalanelvytys\/tuula-da-pirjo-karjalan-kielen-paivy-kuopivos\/"]}]},{"@type":"ImageObject","inLanguage":"fi","@id":"https:\/\/blogs.uef.fi\/karjalanelvytys\/tuula-da-pirjo-karjalan-kielen-paivy-kuopivos\/#primaryimage","url":"https:\/\/blogs.uef.fi\/karjalanelvytys\/wp-content\/uploads\/sites\/155\/2024\/12\/karjalan-kielen-paiva-KY7A2745KY7A2745.jpg","contentUrl":"https:\/\/blogs.uef.fi\/karjalanelvytys\/wp-content\/uploads\/sites\/155\/2024\/12\/karjalan-kielen-paiva-KY7A2745KY7A2745.jpg","width":2000,"height":1333},{"@type":"BreadcrumbList","@id":"https:\/\/blogs.uef.fi\/karjalanelvytys\/tuula-da-pirjo-karjalan-kielen-paivy-kuopivos\/#breadcrumb","itemListElement":[{"@type":"ListItem","position":1,"name":"Home","item":"https:\/\/blogs.uef.fi\/karjalanelvytys\/"},{"@type":"ListItem","position":2,"name":"Tuula da Pirjo: Karjalan kielen p\u00e4ivy Kuopivos"}]},{"@type":"WebSite","@id":"https:\/\/blogs.uef.fi\/karjalanelvytys\/#website","url":"https:\/\/blogs.uef.fi\/karjalanelvytys\/","name":"Karjalan kielen elvytt\u00e4minen","description":"","potentialAction":[{"@type":"SearchAction","target":{"@type":"EntryPoint","urlTemplate":"https:\/\/blogs.uef.fi\/karjalanelvytys\/?s={search_term_string}"},"query-input":{"@type":"PropertyValueSpecification","valueRequired":true,"valueName":"search_term_string"}}],"inLanguage":"fi"}]}},"_links":{"self":[{"href":"https:\/\/blogs.uef.fi\/karjalanelvytys\/wp-json\/wp\/v2\/pages\/21345","targetHints":{"allow":["GET"]}}],"collection":[{"href":"https:\/\/blogs.uef.fi\/karjalanelvytys\/wp-json\/wp\/v2\/pages"}],"about":[{"href":"https:\/\/blogs.uef.fi\/karjalanelvytys\/wp-json\/wp\/v2\/types\/page"}],"author":[{"embeddable":true,"href":"https:\/\/blogs.uef.fi\/karjalanelvytys\/wp-json\/wp\/v2\/users\/580"}],"replies":[{"embeddable":true,"href":"https:\/\/blogs.uef.fi\/karjalanelvytys\/wp-json\/wp\/v2\/comments?post=21345"}],"version-history":[{"count":1,"href":"https:\/\/blogs.uef.fi\/karjalanelvytys\/wp-json\/wp\/v2\/pages\/21345\/revisions"}],"predecessor-version":[{"id":21357,"href":"https:\/\/blogs.uef.fi\/karjalanelvytys\/wp-json\/wp\/v2\/pages\/21345\/revisions\/21357"}],"wp:attachment":[{"href":"https:\/\/blogs.uef.fi\/karjalanelvytys\/wp-json\/wp\/v2\/media?parent=21345"}],"curies":[{"name":"wp","href":"https:\/\/api.w.org\/{rel}","templated":true}]}}