{"id":21021,"date":"2024-12-05T14:48:47","date_gmt":"2024-12-05T12:48:47","guid":{"rendered":"https:\/\/blogs.uef.fi\/karjalanelvytys\/?page_id=21021"},"modified":"2024-12-05T16:03:22","modified_gmt":"2024-12-05T14:03:22","slug":"pieni-iccenazyspaivan-sanasto-vienankarjala-suvikarjala-livvinkarjala-suomi","status":"publish","type":"page","link":"https:\/\/blogs.uef.fi\/karjalanelvytys\/pieni-iccenazyspaivan-sanasto-vienankarjala-suvikarjala-livvinkarjala-suomi\/","title":{"rendered":"Pieni i\u010d\u010den\u00e4zysp\u00e4iv\u00e4n sanasto (vienankarjala\u2013suvikarjala\u2013livvinkarjala\u2013suomi)"},"content":{"rendered":"\n<p>Keri\u00e4j\u00e4 da suvikarjalan sanasto: <strong>Katerina Paalamo<\/strong><\/p>\n\n\n\n<p>Karjalan kielen elvytysprojekta 2023\u20132024<\/p>\n\n\n\n<p>P\u00e4iv\u00e4nnouzu-Suomen yliopisto<\/p>\n\n\n\n<p>*<\/p>\n\n\n\n<p><strong>i\u010d\u010den\u00e4ini <\/strong>\u2013 <strong>i\u010d\u010den\u00e4ne <\/strong>\u2013<strong> i\u010d\u010den\u00e4ine<\/strong> \u2013 itsen\u00e4inen<\/p>\n\n\n\n<p><strong>i\u010d\u010den\u00e4isty\u00f6 <\/strong>\u2013<strong> i\u010d\u010den\u00e4isty\u00f6 <\/strong>\u2013<strong> i\u010d\u010den\u00e4sty\u00f6<\/strong> \u2013 itsen\u00e4isty\u00e4<\/p>\n\n\n\n<p><strong>i\u010d\u010den\u00e4isy\u0161 <\/strong>\u2013<strong> i\u010d\u010den\u00e4zys <\/strong>\u2013<strong> i\u010d\u010den\u00e4\u017eys <\/strong>\u2013 itsen\u00e4isyys<\/p>\n\n\n\n<p><strong>i\u010d\u010den\u00e4isy\u0161p\u00e4iv\u00e4 <\/strong>\u2013<strong> i\u010d\u010den\u00e4zysp\u00e4iv\u00e4 <\/strong>\u2013<strong> i\u010d\u010den\u00e4\u017eysp\u00e4ivy <\/strong>\u2013 itsen\u00e4isyysp\u00e4iv\u00e4<\/p>\n\n\n\n<p><strong>pruasnuija, juhlie <\/strong>\u2013<strong> pruaznuija <\/strong>\u2013<strong> pruaznuija<\/strong> \u2013 juhlia<\/p>\n\n\n\n<p>*<\/p>\n\n\n\n<p>Hyvy\u00e4 i\u010d\u010den\u00e4isy\u0161p\u00e4ivy\u00e4! \u2013 Hyvi\u00e4 i\u010d\u010den\u00e4zysp\u00e4ivi\u00e4! \u2013 Hyvi\u00e4 i\u010d\u010den\u00e4\u017eysp\u00e4ivi\u00e4! \u2013 Hyv\u00e4\u00e4 itsen\u00e4isyysp\u00e4iv\u00e4\u00e4!<\/p>\n\n\n\n<figure class=\"wp-block-image size-full\"><img loading=\"lazy\" decoding=\"async\" width=\"300\" height=\"184\" src=\"https:\/\/blogs.uef.fi\/karjalanelvytys\/wp-content\/uploads\/sites\/155\/2024\/12\/Picture1.jpg\" alt=\"\" class=\"wp-image-21024\" \/><figcaption class=\"wp-element-caption\">Pri\u00e4dniek\u00f6iss\u00e4 Suomen lippu. Kuva: Pixabay<\/figcaption><\/figure>\n\n\n\n<p>*<\/p>\n\n\n\n<p>T\u00e4m\u00e4 sanasto on jullattu aigazembah vuodena 2022 Suomen i\u010d\u010den\u00e4zysp\u00e4iv\u00e4n kunnivoksi elvytysprojektan blogassa Sanane karjalaksi -kohassa.<\/p>\n","protected":false},"excerpt":{"rendered":"<p>Keri\u00e4j\u00e4 da suvikarjalan sanasto: Katerina Paalamo Karjalan kielen elvytysprojekta 2023\u20132024 P\u00e4iv\u00e4nnouzu-Suomen yliopisto * i\u010d\u010den\u00e4ini \u2013 i\u010d\u010den\u00e4ne \u2013 i\u010d\u010den\u00e4ine \u2013 itsen\u00e4inen i\u010d\u010den\u00e4isty\u00f6 \u2013 i\u010d\u010den\u00e4isty\u00f6 \u2013 i\u010d\u010den\u00e4sty\u00f6 \u2013 itsen\u00e4isty\u00e4 i\u010d\u010den\u00e4isy\u0161 \u2013 i\u010d\u010den\u00e4zys \u2013 i\u010d\u010den\u00e4\u017eys \u2013 itsen\u00e4isyys i\u010d\u010den\u00e4isy\u0161p\u00e4iv\u00e4 \u2013 i\u010d\u010den\u00e4zysp\u00e4iv\u00e4 \u2013 i\u010d\u010den\u00e4\u017eysp\u00e4ivy \u2013 itsen\u00e4isyysp\u00e4iv\u00e4 pruasnuija, juhlie \u2013 pruaznuija \u2013 pruaznuija \u2013 juhlia * Hyvy\u00e4 i\u010d\u010den\u00e4isy\u0161p\u00e4ivy\u00e4! \u2013 Hyvi\u00e4 i\u010d\u010den\u00e4zysp\u00e4ivi\u00e4! [&hellip;]<\/p>\n","protected":false},"author":580,"featured_media":0,"parent":0,"menu_order":0,"comment_status":"closed","ping_status":"closed","template":"","meta":{"_acf_changed":false,"footnotes":""},"class_list":["post-21021","page","type-page","status-publish","hentry"],"acf":[],"yoast_head":"<!-- This site is optimized with the Yoast SEO plugin v27.1.1 - https:\/\/yoast.com\/product\/yoast-seo-wordpress\/ -->\n<title>Pieni i\u010d\u010den\u00e4zysp\u00e4iv\u00e4n sanasto (vienankarjala\u2013suvikarjala\u2013livvinkarjala\u2013suomi) - Karjalan kielen elvytt\u00e4minen<\/title>\n<meta name=\"robots\" content=\"index, follow, max-snippet:-1, max-image-preview:large, max-video-preview:-1\" \/>\n<link rel=\"canonical\" href=\"https:\/\/blogs.uef.fi\/karjalanelvytys\/pieni-iccenazyspaivan-sanasto-vienankarjala-suvikarjala-livvinkarjala-suomi\/\" \/>\n<meta property=\"og:locale\" content=\"fi_FI\" \/>\n<meta property=\"og:type\" content=\"article\" \/>\n<meta property=\"og:title\" content=\"Pieni i\u010d\u010den\u00e4zysp\u00e4iv\u00e4n sanasto (vienankarjala\u2013suvikarjala\u2013livvinkarjala\u2013suomi) - Karjalan kielen elvytt\u00e4minen\" \/>\n<meta property=\"og:description\" content=\"Keri\u00e4j\u00e4 da suvikarjalan sanasto: Katerina Paalamo Karjalan kielen elvytysprojekta 2023\u20132024 P\u00e4iv\u00e4nnouzu-Suomen yliopisto * i\u010d\u010den\u00e4ini \u2013 i\u010d\u010den\u00e4ne \u2013 i\u010d\u010den\u00e4ine \u2013 itsen\u00e4inen i\u010d\u010den\u00e4isty\u00f6 \u2013 i\u010d\u010den\u00e4isty\u00f6 \u2013 i\u010d\u010den\u00e4sty\u00f6 \u2013 itsen\u00e4isty\u00e4 i\u010d\u010den\u00e4isy\u0161 \u2013 i\u010d\u010den\u00e4zys \u2013 i\u010d\u010den\u00e4\u017eys \u2013 itsen\u00e4isyys i\u010d\u010den\u00e4isy\u0161p\u00e4iv\u00e4 \u2013 i\u010d\u010den\u00e4zysp\u00e4iv\u00e4 \u2013 i\u010d\u010den\u00e4\u017eysp\u00e4ivy \u2013 itsen\u00e4isyysp\u00e4iv\u00e4 pruasnuija, juhlie \u2013 pruaznuija \u2013 pruaznuija \u2013 juhlia * Hyvy\u00e4 i\u010d\u010den\u00e4isy\u0161p\u00e4ivy\u00e4! \u2013 Hyvi\u00e4 i\u010d\u010den\u00e4zysp\u00e4ivi\u00e4! [&hellip;]\" \/>\n<meta property=\"og:url\" content=\"https:\/\/blogs.uef.fi\/karjalanelvytys\/pieni-iccenazyspaivan-sanasto-vienankarjala-suvikarjala-livvinkarjala-suomi\/\" \/>\n<meta property=\"og:site_name\" content=\"Karjalan kielen elvytt\u00e4minen\" \/>\n<meta property=\"article:modified_time\" content=\"2024-12-05T14:03:22+00:00\" \/>\n<meta property=\"og:image\" content=\"https:\/\/blogs.uef.fi\/karjalanelvytys\/wp-content\/uploads\/sites\/155\/2024\/12\/Picture1.jpg\" \/>\n\t<meta property=\"og:image:width\" content=\"300\" \/>\n\t<meta property=\"og:image:height\" content=\"184\" \/>\n\t<meta property=\"og:image:type\" content=\"image\/jpeg\" \/>\n<meta name=\"twitter:card\" content=\"summary_large_image\" \/>\n<meta name=\"twitter:label1\" content=\"Arvioitu lukuaika\" \/>\n\t<meta name=\"twitter:data1\" content=\"1 minuutti\" \/>\n<script type=\"application\/ld+json\" class=\"yoast-schema-graph\">{\"@context\":\"https:\/\/schema.org\",\"@graph\":[{\"@type\":\"WebPage\",\"@id\":\"https:\/\/blogs.uef.fi\/karjalanelvytys\/pieni-iccenazyspaivan-sanasto-vienankarjala-suvikarjala-livvinkarjala-suomi\/\",\"url\":\"https:\/\/blogs.uef.fi\/karjalanelvytys\/pieni-iccenazyspaivan-sanasto-vienankarjala-suvikarjala-livvinkarjala-suomi\/\",\"name\":\"Pieni i\u010d\u010den\u00e4zysp\u00e4iv\u00e4n sanasto (vienankarjala\u2013suvikarjala\u2013livvinkarjala\u2013suomi) - Karjalan kielen elvytt\u00e4minen\",\"isPartOf\":{\"@id\":\"https:\/\/blogs.uef.fi\/karjalanelvytys\/#website\"},\"primaryImageOfPage\":{\"@id\":\"https:\/\/blogs.uef.fi\/karjalanelvytys\/pieni-iccenazyspaivan-sanasto-vienankarjala-suvikarjala-livvinkarjala-suomi\/#primaryimage\"},\"image\":{\"@id\":\"https:\/\/blogs.uef.fi\/karjalanelvytys\/pieni-iccenazyspaivan-sanasto-vienankarjala-suvikarjala-livvinkarjala-suomi\/#primaryimage\"},\"thumbnailUrl\":\"https:\/\/blogs.uef.fi\/karjalanelvytys\/wp-content\/uploads\/sites\/155\/2024\/12\/Picture1.jpg\",\"datePublished\":\"2024-12-05T12:48:47+00:00\",\"dateModified\":\"2024-12-05T14:03:22+00:00\",\"breadcrumb\":{\"@id\":\"https:\/\/blogs.uef.fi\/karjalanelvytys\/pieni-iccenazyspaivan-sanasto-vienankarjala-suvikarjala-livvinkarjala-suomi\/#breadcrumb\"},\"inLanguage\":\"fi\",\"potentialAction\":[{\"@type\":\"ReadAction\",\"target\":[\"https:\/\/blogs.uef.fi\/karjalanelvytys\/pieni-iccenazyspaivan-sanasto-vienankarjala-suvikarjala-livvinkarjala-suomi\/\"]}]},{\"@type\":\"ImageObject\",\"inLanguage\":\"fi\",\"@id\":\"https:\/\/blogs.uef.fi\/karjalanelvytys\/pieni-iccenazyspaivan-sanasto-vienankarjala-suvikarjala-livvinkarjala-suomi\/#primaryimage\",\"url\":\"https:\/\/blogs.uef.fi\/karjalanelvytys\/wp-content\/uploads\/sites\/155\/2024\/12\/Picture1.jpg\",\"contentUrl\":\"https:\/\/blogs.uef.fi\/karjalanelvytys\/wp-content\/uploads\/sites\/155\/2024\/12\/Picture1.jpg\",\"width\":300,\"height\":184},{\"@type\":\"BreadcrumbList\",\"@id\":\"https:\/\/blogs.uef.fi\/karjalanelvytys\/pieni-iccenazyspaivan-sanasto-vienankarjala-suvikarjala-livvinkarjala-suomi\/#breadcrumb\",\"itemListElement\":[{\"@type\":\"ListItem\",\"position\":1,\"name\":\"Home\",\"item\":\"https:\/\/blogs.uef.fi\/karjalanelvytys\/\"},{\"@type\":\"ListItem\",\"position\":2,\"name\":\"Pieni i\u010d\u010den\u00e4zysp\u00e4iv\u00e4n sanasto (vienankarjala\u2013suvikarjala\u2013livvinkarjala\u2013suomi)\"}]},{\"@type\":\"WebSite\",\"@id\":\"https:\/\/blogs.uef.fi\/karjalanelvytys\/#website\",\"url\":\"https:\/\/blogs.uef.fi\/karjalanelvytys\/\",\"name\":\"Karjalan kielen elvytt\u00e4minen\",\"description\":\"\",\"potentialAction\":[{\"@type\":\"SearchAction\",\"target\":{\"@type\":\"EntryPoint\",\"urlTemplate\":\"https:\/\/blogs.uef.fi\/karjalanelvytys\/?s={search_term_string}\"},\"query-input\":{\"@type\":\"PropertyValueSpecification\",\"valueRequired\":true,\"valueName\":\"search_term_string\"}}],\"inLanguage\":\"fi\"}]}<\/script>\n<!-- \/ Yoast SEO plugin. -->","yoast_head_json":{"title":"Pieni i\u010d\u010den\u00e4zysp\u00e4iv\u00e4n sanasto (vienankarjala\u2013suvikarjala\u2013livvinkarjala\u2013suomi) - Karjalan kielen elvytt\u00e4minen","robots":{"index":"index","follow":"follow","max-snippet":"max-snippet:-1","max-image-preview":"max-image-preview:large","max-video-preview":"max-video-preview:-1"},"canonical":"https:\/\/blogs.uef.fi\/karjalanelvytys\/pieni-iccenazyspaivan-sanasto-vienankarjala-suvikarjala-livvinkarjala-suomi\/","og_locale":"fi_FI","og_type":"article","og_title":"Pieni i\u010d\u010den\u00e4zysp\u00e4iv\u00e4n sanasto (vienankarjala\u2013suvikarjala\u2013livvinkarjala\u2013suomi) - Karjalan kielen elvytt\u00e4minen","og_description":"Keri\u00e4j\u00e4 da suvikarjalan sanasto: Katerina Paalamo Karjalan kielen elvytysprojekta 2023\u20132024 P\u00e4iv\u00e4nnouzu-Suomen yliopisto * i\u010d\u010den\u00e4ini \u2013 i\u010d\u010den\u00e4ne \u2013 i\u010d\u010den\u00e4ine \u2013 itsen\u00e4inen i\u010d\u010den\u00e4isty\u00f6 \u2013 i\u010d\u010den\u00e4isty\u00f6 \u2013 i\u010d\u010den\u00e4sty\u00f6 \u2013 itsen\u00e4isty\u00e4 i\u010d\u010den\u00e4isy\u0161 \u2013 i\u010d\u010den\u00e4zys \u2013 i\u010d\u010den\u00e4\u017eys \u2013 itsen\u00e4isyys i\u010d\u010den\u00e4isy\u0161p\u00e4iv\u00e4 \u2013 i\u010d\u010den\u00e4zysp\u00e4iv\u00e4 \u2013 i\u010d\u010den\u00e4\u017eysp\u00e4ivy \u2013 itsen\u00e4isyysp\u00e4iv\u00e4 pruasnuija, juhlie \u2013 pruaznuija \u2013 pruaznuija \u2013 juhlia * Hyvy\u00e4 i\u010d\u010den\u00e4isy\u0161p\u00e4ivy\u00e4! \u2013 Hyvi\u00e4 i\u010d\u010den\u00e4zysp\u00e4ivi\u00e4! [&hellip;]","og_url":"https:\/\/blogs.uef.fi\/karjalanelvytys\/pieni-iccenazyspaivan-sanasto-vienankarjala-suvikarjala-livvinkarjala-suomi\/","og_site_name":"Karjalan kielen elvytt\u00e4minen","article_modified_time":"2024-12-05T14:03:22+00:00","og_image":[{"width":300,"height":184,"url":"https:\/\/blogs.uef.fi\/karjalanelvytys\/wp-content\/uploads\/sites\/155\/2024\/12\/Picture1.jpg","type":"image\/jpeg"}],"twitter_card":"summary_large_image","twitter_misc":{"Arvioitu lukuaika":"1 minuutti"},"schema":{"@context":"https:\/\/schema.org","@graph":[{"@type":"WebPage","@id":"https:\/\/blogs.uef.fi\/karjalanelvytys\/pieni-iccenazyspaivan-sanasto-vienankarjala-suvikarjala-livvinkarjala-suomi\/","url":"https:\/\/blogs.uef.fi\/karjalanelvytys\/pieni-iccenazyspaivan-sanasto-vienankarjala-suvikarjala-livvinkarjala-suomi\/","name":"Pieni i\u010d\u010den\u00e4zysp\u00e4iv\u00e4n sanasto (vienankarjala\u2013suvikarjala\u2013livvinkarjala\u2013suomi) - Karjalan kielen elvytt\u00e4minen","isPartOf":{"@id":"https:\/\/blogs.uef.fi\/karjalanelvytys\/#website"},"primaryImageOfPage":{"@id":"https:\/\/blogs.uef.fi\/karjalanelvytys\/pieni-iccenazyspaivan-sanasto-vienankarjala-suvikarjala-livvinkarjala-suomi\/#primaryimage"},"image":{"@id":"https:\/\/blogs.uef.fi\/karjalanelvytys\/pieni-iccenazyspaivan-sanasto-vienankarjala-suvikarjala-livvinkarjala-suomi\/#primaryimage"},"thumbnailUrl":"https:\/\/blogs.uef.fi\/karjalanelvytys\/wp-content\/uploads\/sites\/155\/2024\/12\/Picture1.jpg","datePublished":"2024-12-05T12:48:47+00:00","dateModified":"2024-12-05T14:03:22+00:00","breadcrumb":{"@id":"https:\/\/blogs.uef.fi\/karjalanelvytys\/pieni-iccenazyspaivan-sanasto-vienankarjala-suvikarjala-livvinkarjala-suomi\/#breadcrumb"},"inLanguage":"fi","potentialAction":[{"@type":"ReadAction","target":["https:\/\/blogs.uef.fi\/karjalanelvytys\/pieni-iccenazyspaivan-sanasto-vienankarjala-suvikarjala-livvinkarjala-suomi\/"]}]},{"@type":"ImageObject","inLanguage":"fi","@id":"https:\/\/blogs.uef.fi\/karjalanelvytys\/pieni-iccenazyspaivan-sanasto-vienankarjala-suvikarjala-livvinkarjala-suomi\/#primaryimage","url":"https:\/\/blogs.uef.fi\/karjalanelvytys\/wp-content\/uploads\/sites\/155\/2024\/12\/Picture1.jpg","contentUrl":"https:\/\/blogs.uef.fi\/karjalanelvytys\/wp-content\/uploads\/sites\/155\/2024\/12\/Picture1.jpg","width":300,"height":184},{"@type":"BreadcrumbList","@id":"https:\/\/blogs.uef.fi\/karjalanelvytys\/pieni-iccenazyspaivan-sanasto-vienankarjala-suvikarjala-livvinkarjala-suomi\/#breadcrumb","itemListElement":[{"@type":"ListItem","position":1,"name":"Home","item":"https:\/\/blogs.uef.fi\/karjalanelvytys\/"},{"@type":"ListItem","position":2,"name":"Pieni i\u010d\u010den\u00e4zysp\u00e4iv\u00e4n sanasto (vienankarjala\u2013suvikarjala\u2013livvinkarjala\u2013suomi)"}]},{"@type":"WebSite","@id":"https:\/\/blogs.uef.fi\/karjalanelvytys\/#website","url":"https:\/\/blogs.uef.fi\/karjalanelvytys\/","name":"Karjalan kielen elvytt\u00e4minen","description":"","potentialAction":[{"@type":"SearchAction","target":{"@type":"EntryPoint","urlTemplate":"https:\/\/blogs.uef.fi\/karjalanelvytys\/?s={search_term_string}"},"query-input":{"@type":"PropertyValueSpecification","valueRequired":true,"valueName":"search_term_string"}}],"inLanguage":"fi"}]}},"_links":{"self":[{"href":"https:\/\/blogs.uef.fi\/karjalanelvytys\/wp-json\/wp\/v2\/pages\/21021","targetHints":{"allow":["GET"]}}],"collection":[{"href":"https:\/\/blogs.uef.fi\/karjalanelvytys\/wp-json\/wp\/v2\/pages"}],"about":[{"href":"https:\/\/blogs.uef.fi\/karjalanelvytys\/wp-json\/wp\/v2\/types\/page"}],"author":[{"embeddable":true,"href":"https:\/\/blogs.uef.fi\/karjalanelvytys\/wp-json\/wp\/v2\/users\/580"}],"replies":[{"embeddable":true,"href":"https:\/\/blogs.uef.fi\/karjalanelvytys\/wp-json\/wp\/v2\/comments?post=21021"}],"version-history":[{"count":2,"href":"https:\/\/blogs.uef.fi\/karjalanelvytys\/wp-json\/wp\/v2\/pages\/21021\/revisions"}],"predecessor-version":[{"id":21044,"href":"https:\/\/blogs.uef.fi\/karjalanelvytys\/wp-json\/wp\/v2\/pages\/21021\/revisions\/21044"}],"wp:attachment":[{"href":"https:\/\/blogs.uef.fi\/karjalanelvytys\/wp-json\/wp\/v2\/media?parent=21021"}],"curies":[{"name":"wp","href":"https:\/\/api.w.org\/{rel}","templated":true}]}}