{"id":20389,"date":"2024-11-01T09:44:45","date_gmt":"2024-11-01T07:44:45","guid":{"rendered":"https:\/\/blogs.uef.fi\/karjalanelvytys\/?page_id=20389"},"modified":"2024-12-03T11:01:51","modified_gmt":"2024-12-03T09:01:51","slug":"karjalan-kielen-nedali-2024","status":"publish","type":"page","link":"https:\/\/blogs.uef.fi\/karjalanelvytys\/karjalan-kielen-nedali-2024\/","title":{"rendered":"Karjalan kielen ned\u00e4li (2024)"},"content":{"rendered":"\n<p>T\u00e4lle sivulle on ker\u00e4tty tietoa karjalan kielen viikolla 25.11.\u20131.12.2024 j\u00e4rjestett\u00e4vist\u00e4 tapahtumista. <\/p>\n\n\n\n<p><a href=\"https:\/\/blogs.uef.fi\/karjalanelvytys\/karjalan-kielen-nedalin-tekstat-2024\/\">Linkki karjalan kielen viikon 2024 teksteihin elvytyshankkeen blogissa.<\/a><\/p>\n\n\n\n<h2 class=\"wp-block-heading\">Tapahtumat<\/h2>\n\n\n\n<h3 class=\"wp-block-heading\">Hil&#8217;l&#8217;aine kniiguker\u00e4hm\u00f6<\/h3>\n\n\n\n<p>It\u00e4-Suomen yliopiston Joensuun kampuksen Agora-rakennuksen kahvilassa pidet\u00e4\u00e4n torstaina 28.11. kello 16 alkaen hiljainen lukuhetki karjalaksi. Tule lukemaan karjalankielist\u00e4 kirjallisuutta yhdess\u00e4 muiden kanssa. Jos et ymm\u00e4rr\u00e4 jotain, toiset lukijat auttavat! Voit ottaa mukaan oman kirjan tai lukea tapahtuman j\u00e4rjest\u00e4jien tuomia kirjoja. Vapaa p\u00e4\u00e4sy.<\/p>\n\n\n\n<h3 class=\"wp-block-heading\">Karjala \u2013 mieles, kieles da syd\u00e4mes -tapahtuma<\/h3>\n\n\n\n<p>Kuopion p\u00e4\u00e4kirjaston yl\u00e4lavalla j\u00e4rjestet\u00e4\u00e4n karjalankielist\u00e4 ohjelmaa keskiviikkona 27.11. kello 17 alkaen. Ohjelmassa runoa, laulua, pakinaa, sketsi\u00e4, musiikkia ja soittoa sek\u00e4 tietoa karjalan kielest\u00e4 (<strong>Raija Py\u00f6li<\/strong>), tietoa karjalaisesta kalenduarusta (<strong>Metropoliitta Panteleimon<\/strong>) ja kanteleensoittoa (<strong>Jenni Ven\u00e4l\u00e4inen<\/strong>). Vapaa p\u00e4\u00e4sy.<\/p>\n\n\n\n<h3 class=\"wp-block-heading\">Karjalasta kolttien maille -kieliwebinaari<\/h3>\n\n\n\n<p>Karjalasta kolttien maille -hanke j\u00e4rjest\u00e4\u00e4 lauantaina 30.11. kello 13\u201318 yhteisty\u00f6ss\u00e4 karjalan kielen elvytyshankkeen kanssa kaikille avoimen webinaarin koltansaamen ja karjalan kielist\u00e4. Webinaarissa keskustellaan muun muassa uhanalaisen kielen puhumisesta lapselle, koltansaamen ja karjalan kielten yhtenev\u00e4isyysikst\u00e4 sek\u00e4 karjalan- ja koltansaamenkielisest\u00e4 musiikista. Webinaarin kielet ovat suomi, karjala ja koltansaame, mutta pelk\u00e4ll\u00e4 suomellakin p\u00e4rj\u00e4\u00e4. Vapaa p\u00e4\u00e4sy. Lis\u00e4tiedot ja linkki ilmoittautumislomakkeelle osoitteesta karjalastakolttienmaille@gmail.com.<\/p>\n\n\n\n<h3 class=\"wp-block-heading\">Karjalua lapsilla -tapahtuma Helsingiss\u00e4<\/h3>\n\n\n\n<p>Helsingin Paginperti-keskustelukerhon aktiivit j\u00e4rjest\u00e4v\u00e4t lauantaina 30.11. kello 13\u201315 lapsiperheille suunnatun karjalankielisen tapahtuman Helsingin keskustakirjasto Oodissa (lasten tapahtumatila, 3. kerros). Tapahtumassa tutustutaan karjalan kieleen leikkien. Vapaa p\u00e4\u00e4sy.<\/p>\n\n\n\n<h3 class=\"wp-block-heading\">Karjalazen kruugan kieli-illa\u010d\u010du 27.11.2024<\/h3>\n\n\n\n<p>Karjalan kielen p\u00e4iv\u00e4nny Karjalaine kruugu pid\u00e4y kieli-illa\u010dun runoprogrammanke Zoomas. Briegut ollah kolmanpi\u00e4n 27. kylmykuudu 14-16 aigah. Tulgua terveh!<\/p>\n\n\n\n<p>Linkua voi pakita <strong>Miikul Pahomovalp\u00e4i <\/strong>(miikul.pahomov@helsinki.fi).<\/p>\n\n\n\n<h3 class=\"wp-block-heading\">Vuokkiniemen alueen arkistovideoiden julkistamistilaisuus<\/h3>\n\n\n\n<p>Karjalan kielen elvytyshanke ja Vuokkiniemi-seura julkaisevat 12.11. videosarjan, jossa esitell\u00e4\u00e4n <strong>Pertti Virtarannan <\/strong>Vuokkiniemess\u00e4 vuonna 1968 tekemi\u00e4 haastatteluja. Hankkeen julkistamistilaisuutta pidet\u00e4\u00e4n aivan karjalan kielen viikon alla perjantaina 22.11. kello 17. Tapahtuma pidet\u00e4\u00e4n Karjalan Sivistysseuran tiloissa (Luotsikatu 9 D). Vapaa p\u00e4\u00e4sy.<\/p>\n\n\n\n<h3 class=\"wp-block-heading\">Karjalaisen kulttuurin jatkumossa -luento H\u00e4meenlinnassa<\/h3>\n\n\n\n<p><strong>Mika Saatsi <\/strong>pit\u00e4\u00e4 26.11. kello 17.30\u201318.30 soivan Karjalaisen kulttuurin jatkumossa -luennon H\u00e4meenlinnan p\u00e4\u00e4kirjastossa (Lukiokatu 2). Soivassa luennossa avataan rajakarjalaista kulttuuriperint\u00f6\u00e4 ja karjalan kielt\u00e4 ja luodaan katsaus karjalankielisten historiaan ja asemaan 2020-luvun Suomessa tarinoin ja lauluin. Vapaa p\u00e4\u00e4sy.<\/p>\n\n\n\n<h3 class=\"wp-block-heading\">Paginua da pajatusta -tapahtuma Tuusulassa<\/h3>\n\n\n\n<p><strong>Mika Saatsi <\/strong>esitt\u00e4\u00e4 karjalankielist\u00e4 musiikkia Tuusulan kirjastossa 27.11. kello 18. Vapaa p\u00e4\u00e4sy.<\/p>\n\n\n\n<h2 class=\"wp-block-heading\">Tiedotusv\u00e4lineiden juttuja karjalan kielen viikosta (ja karjalan kielest\u00e4 viikon aikana)<\/h2>\n\n\n\n<p><a href=\"https:\/\/yle.fi\/aihe\/a\/20-10007129\">Yle, 25.11.2024<\/a><\/p>\n\n\n\n<p><a href=\"https:\/\/yle.fi\/a\/74-20127180\">Yle, 26.11.2024<\/a><\/p>\n\n\n\n<p><a href=\"https:\/\/yle.fi\/a\/74-20127489\">Yle, 27.11.2024<\/a><\/p>\n\n\n\n<p><a href=\"https:\/\/www.karjalainen.fi\/paikalliset\/8098410\">Karjalainen, 27.11.2024<\/a><\/p>\n","protected":false},"excerpt":{"rendered":"<p>T\u00e4lle sivulle on ker\u00e4tty tietoa karjalan kielen viikolla 25.11.\u20131.12.2024 j\u00e4rjestett\u00e4vist\u00e4 tapahtumista. Linkki karjalan kielen viikon 2024 teksteihin elvytyshankkeen blogissa. Tapahtumat Hil&#8217;l&#8217;aine kniiguker\u00e4hm\u00f6 It\u00e4-Suomen yliopiston Joensuun kampuksen Agora-rakennuksen kahvilassa pidet\u00e4\u00e4n torstaina 28.11. kello 16 alkaen hiljainen lukuhetki karjalaksi. Tule lukemaan karjalankielist\u00e4 kirjallisuutta yhdess\u00e4 muiden kanssa. Jos et ymm\u00e4rr\u00e4 jotain, toiset lukijat auttavat! Voit ottaa mukaan oman [&hellip;]<\/p>\n","protected":false},"author":580,"featured_media":0,"parent":0,"menu_order":0,"comment_status":"closed","ping_status":"closed","template":"","meta":{"_acf_changed":false,"footnotes":""},"class_list":["post-20389","page","type-page","status-publish","hentry"],"acf":[],"yoast_head":"<!-- This site is optimized with the Yoast SEO plugin v27.1.1 - https:\/\/yoast.com\/product\/yoast-seo-wordpress\/ -->\n<title>Karjalan kielen ned\u00e4li (2024) - Karjalan kielen elvytt\u00e4minen<\/title>\n<meta name=\"robots\" content=\"index, follow, max-snippet:-1, max-image-preview:large, max-video-preview:-1\" \/>\n<link rel=\"canonical\" href=\"https:\/\/blogs.uef.fi\/karjalanelvytys\/karjalan-kielen-nedali-2024\/\" \/>\n<meta property=\"og:locale\" content=\"fi_FI\" \/>\n<meta property=\"og:type\" content=\"article\" \/>\n<meta property=\"og:title\" content=\"Karjalan kielen ned\u00e4li (2024) - Karjalan kielen elvytt\u00e4minen\" \/>\n<meta property=\"og:description\" content=\"T\u00e4lle sivulle on ker\u00e4tty tietoa karjalan kielen viikolla 25.11.\u20131.12.2024 j\u00e4rjestett\u00e4vist\u00e4 tapahtumista. Linkki karjalan kielen viikon 2024 teksteihin elvytyshankkeen blogissa. Tapahtumat Hil&#8217;l&#8217;aine kniiguker\u00e4hm\u00f6 It\u00e4-Suomen yliopiston Joensuun kampuksen Agora-rakennuksen kahvilassa pidet\u00e4\u00e4n torstaina 28.11. kello 16 alkaen hiljainen lukuhetki karjalaksi. Tule lukemaan karjalankielist\u00e4 kirjallisuutta yhdess\u00e4 muiden kanssa. Jos et ymm\u00e4rr\u00e4 jotain, toiset lukijat auttavat! Voit ottaa mukaan oman [&hellip;]\" \/>\n<meta property=\"og:url\" content=\"https:\/\/blogs.uef.fi\/karjalanelvytys\/karjalan-kielen-nedali-2024\/\" \/>\n<meta property=\"og:site_name\" content=\"Karjalan kielen elvytt\u00e4minen\" \/>\n<meta property=\"article:modified_time\" content=\"2024-12-03T09:01:51+00:00\" \/>\n<meta name=\"twitter:card\" content=\"summary_large_image\" \/>\n<meta name=\"twitter:label1\" content=\"Arvioitu lukuaika\" \/>\n\t<meta name=\"twitter:data1\" content=\"3 minuuttia\" \/>\n<script type=\"application\/ld+json\" class=\"yoast-schema-graph\">{\"@context\":\"https:\/\/schema.org\",\"@graph\":[{\"@type\":\"WebPage\",\"@id\":\"https:\/\/blogs.uef.fi\/karjalanelvytys\/karjalan-kielen-nedali-2024\/\",\"url\":\"https:\/\/blogs.uef.fi\/karjalanelvytys\/karjalan-kielen-nedali-2024\/\",\"name\":\"Karjalan kielen ned\u00e4li (2024) - Karjalan kielen elvytt\u00e4minen\",\"isPartOf\":{\"@id\":\"https:\/\/blogs.uef.fi\/karjalanelvytys\/#website\"},\"datePublished\":\"2024-11-01T07:44:45+00:00\",\"dateModified\":\"2024-12-03T09:01:51+00:00\",\"breadcrumb\":{\"@id\":\"https:\/\/blogs.uef.fi\/karjalanelvytys\/karjalan-kielen-nedali-2024\/#breadcrumb\"},\"inLanguage\":\"fi\",\"potentialAction\":[{\"@type\":\"ReadAction\",\"target\":[\"https:\/\/blogs.uef.fi\/karjalanelvytys\/karjalan-kielen-nedali-2024\/\"]}]},{\"@type\":\"BreadcrumbList\",\"@id\":\"https:\/\/blogs.uef.fi\/karjalanelvytys\/karjalan-kielen-nedali-2024\/#breadcrumb\",\"itemListElement\":[{\"@type\":\"ListItem\",\"position\":1,\"name\":\"Home\",\"item\":\"https:\/\/blogs.uef.fi\/karjalanelvytys\/\"},{\"@type\":\"ListItem\",\"position\":2,\"name\":\"Karjalan kielen ned\u00e4li (2024)\"}]},{\"@type\":\"WebSite\",\"@id\":\"https:\/\/blogs.uef.fi\/karjalanelvytys\/#website\",\"url\":\"https:\/\/blogs.uef.fi\/karjalanelvytys\/\",\"name\":\"Karjalan kielen elvytt\u00e4minen\",\"description\":\"\",\"potentialAction\":[{\"@type\":\"SearchAction\",\"target\":{\"@type\":\"EntryPoint\",\"urlTemplate\":\"https:\/\/blogs.uef.fi\/karjalanelvytys\/?s={search_term_string}\"},\"query-input\":{\"@type\":\"PropertyValueSpecification\",\"valueRequired\":true,\"valueName\":\"search_term_string\"}}],\"inLanguage\":\"fi\"}]}<\/script>\n<!-- \/ Yoast SEO plugin. -->","yoast_head_json":{"title":"Karjalan kielen ned\u00e4li (2024) - Karjalan kielen elvytt\u00e4minen","robots":{"index":"index","follow":"follow","max-snippet":"max-snippet:-1","max-image-preview":"max-image-preview:large","max-video-preview":"max-video-preview:-1"},"canonical":"https:\/\/blogs.uef.fi\/karjalanelvytys\/karjalan-kielen-nedali-2024\/","og_locale":"fi_FI","og_type":"article","og_title":"Karjalan kielen ned\u00e4li (2024) - Karjalan kielen elvytt\u00e4minen","og_description":"T\u00e4lle sivulle on ker\u00e4tty tietoa karjalan kielen viikolla 25.11.\u20131.12.2024 j\u00e4rjestett\u00e4vist\u00e4 tapahtumista. Linkki karjalan kielen viikon 2024 teksteihin elvytyshankkeen blogissa. Tapahtumat Hil&#8217;l&#8217;aine kniiguker\u00e4hm\u00f6 It\u00e4-Suomen yliopiston Joensuun kampuksen Agora-rakennuksen kahvilassa pidet\u00e4\u00e4n torstaina 28.11. kello 16 alkaen hiljainen lukuhetki karjalaksi. Tule lukemaan karjalankielist\u00e4 kirjallisuutta yhdess\u00e4 muiden kanssa. Jos et ymm\u00e4rr\u00e4 jotain, toiset lukijat auttavat! Voit ottaa mukaan oman [&hellip;]","og_url":"https:\/\/blogs.uef.fi\/karjalanelvytys\/karjalan-kielen-nedali-2024\/","og_site_name":"Karjalan kielen elvytt\u00e4minen","article_modified_time":"2024-12-03T09:01:51+00:00","twitter_card":"summary_large_image","twitter_misc":{"Arvioitu lukuaika":"3 minuuttia"},"schema":{"@context":"https:\/\/schema.org","@graph":[{"@type":"WebPage","@id":"https:\/\/blogs.uef.fi\/karjalanelvytys\/karjalan-kielen-nedali-2024\/","url":"https:\/\/blogs.uef.fi\/karjalanelvytys\/karjalan-kielen-nedali-2024\/","name":"Karjalan kielen ned\u00e4li (2024) - Karjalan kielen elvytt\u00e4minen","isPartOf":{"@id":"https:\/\/blogs.uef.fi\/karjalanelvytys\/#website"},"datePublished":"2024-11-01T07:44:45+00:00","dateModified":"2024-12-03T09:01:51+00:00","breadcrumb":{"@id":"https:\/\/blogs.uef.fi\/karjalanelvytys\/karjalan-kielen-nedali-2024\/#breadcrumb"},"inLanguage":"fi","potentialAction":[{"@type":"ReadAction","target":["https:\/\/blogs.uef.fi\/karjalanelvytys\/karjalan-kielen-nedali-2024\/"]}]},{"@type":"BreadcrumbList","@id":"https:\/\/blogs.uef.fi\/karjalanelvytys\/karjalan-kielen-nedali-2024\/#breadcrumb","itemListElement":[{"@type":"ListItem","position":1,"name":"Home","item":"https:\/\/blogs.uef.fi\/karjalanelvytys\/"},{"@type":"ListItem","position":2,"name":"Karjalan kielen ned\u00e4li (2024)"}]},{"@type":"WebSite","@id":"https:\/\/blogs.uef.fi\/karjalanelvytys\/#website","url":"https:\/\/blogs.uef.fi\/karjalanelvytys\/","name":"Karjalan kielen elvytt\u00e4minen","description":"","potentialAction":[{"@type":"SearchAction","target":{"@type":"EntryPoint","urlTemplate":"https:\/\/blogs.uef.fi\/karjalanelvytys\/?s={search_term_string}"},"query-input":{"@type":"PropertyValueSpecification","valueRequired":true,"valueName":"search_term_string"}}],"inLanguage":"fi"}]}},"_links":{"self":[{"href":"https:\/\/blogs.uef.fi\/karjalanelvytys\/wp-json\/wp\/v2\/pages\/20389","targetHints":{"allow":["GET"]}}],"collection":[{"href":"https:\/\/blogs.uef.fi\/karjalanelvytys\/wp-json\/wp\/v2\/pages"}],"about":[{"href":"https:\/\/blogs.uef.fi\/karjalanelvytys\/wp-json\/wp\/v2\/types\/page"}],"author":[{"embeddable":true,"href":"https:\/\/blogs.uef.fi\/karjalanelvytys\/wp-json\/wp\/v2\/users\/580"}],"replies":[{"embeddable":true,"href":"https:\/\/blogs.uef.fi\/karjalanelvytys\/wp-json\/wp\/v2\/comments?post=20389"}],"version-history":[{"count":2,"href":"https:\/\/blogs.uef.fi\/karjalanelvytys\/wp-json\/wp\/v2\/pages\/20389\/revisions"}],"predecessor-version":[{"id":20914,"href":"https:\/\/blogs.uef.fi\/karjalanelvytys\/wp-json\/wp\/v2\/pages\/20389\/revisions\/20914"}],"wp:attachment":[{"href":"https:\/\/blogs.uef.fi\/karjalanelvytys\/wp-json\/wp\/v2\/media?parent=20389"}],"curies":[{"name":"wp","href":"https:\/\/api.w.org\/{rel}","templated":true}]}}