{"id":14688,"date":"2024-01-11T09:22:23","date_gmt":"2024-01-11T07:22:23","guid":{"rendered":"https:\/\/blogs.uef.fi\/karjalanelvytys\/?page_id=14688"},"modified":"2024-01-11T09:55:04","modified_gmt":"2024-01-11T07:55:04","slug":"vienankarjalaisen-pakinaklupin-vastauvunnat-kevyalla-2023-kerahmo-18-4","status":"publish","type":"page","link":"https:\/\/blogs.uef.fi\/karjalanelvytys\/vienankarjalaisen-pakinaklupin-vastauvunnat-kevyalla-2023-kerahmo-18-4\/","title":{"rendered":"Vienankarjalaisen pakinaklupin va\u0161tauvunnat kevy\u00e4ll\u00e4 2023, ker\u00e4hm\u00f6 18.4."},"content":{"rendered":"\n<p>Kirjuttan talteh: Olga Karlova<\/p>\n\n\n\n<h2 class=\"wp-block-heading\"><strong>Vienankarjalaisen pakinaklupin toini Zoom-ker\u00e4hm\u00f6 18.4.<\/strong><\/h2>\n\n\n\n<p>Pakinaklupin ekliseh Zoom-va\u0161tauvuntah ker\u00e4yty 11 klupilaista. Alkuh oli v\u00e4h\u00e4sen \u0161eikkua, kun kolme hairivo\u0161\u0161a m\u00e4ni Paginperti-Pakinapirtti -Zoom-linkin tuak\u0161i ta kotvan kokotettih \u0161iel\u00e4 kolmovehena kuni hok\u0161attih, jotta hairahettih vi\u00e4r\u00e4h Zoom-ker\u00e4hm\u00f6pirttih. Kak\u0161i luki L\u00f6nnivuaran Eemelin tilah Huoti-ti\u00e4ty\u00e4. Er\u00e4h\u00e4t ei ehitty lukie nimit\u00e4, \u0161ent\u00e4h kun kevy\u00e4n kiirehet kuavutah kaiken aikua pi\u00e4ll\u00e4. Ei ni \u0161e meit\u00e4 t\u00e4r\u00e4ht\u00e4n paikoiltah, \u0161ent\u00e4h kun l\u00f6rp\u00f6ttelima muuta ta aikua ei tahton tua\u0161\u0161en riitty\u00e4. Klupin vet\u00e4j\u00e4ki v\u00e4lill\u00e4 joutu juok\u0161omah hoitamah \u201dkotilampahien\u201d tarpehie, kun piti Zoom-ker\u00e4hmy\u00f6 koistah. Nakroma, jotta yht\u00e4 \u00e4lvisky\u00f6 olemma kaikin. Emm\u00e4 muissa toista k\u00e4tt\u00e4. My\u00f6hemp\u00e4h tuli viesti yhelt\u00e4 pakinaklupilaiselta, kumpani huomenek\u0161ella oli viel\u00e4 \u0161uorinnun loittoker\u00e4hm\u00f6iseh, ka iltap\u00e4iv\u00e4ll\u00e4 istuo taiva\u0161teliutu kotirappusillah, \u010d\u00e4ijy\u00f6 h\u00f6rppi ta ki\u0161\u0161uah huvitti (vain toisinko p\u00e4in \u0161e m\u00e4ni?) ta \u0161iih ni unahutti muut m\u00e4n\u00f6t ta pluanit.<\/p>\n\n\n\n<p>Alempana kerron, mit\u00e4 kerkeim\u00e4 paissa. <\/p>\n\n\n\n<p>Piemm\u00e4 <strong>Sirpa M\u00e4nnyn<\/strong> kera <em>Olemma, el\u00e4mm\u00e4, pakajamma \u2013 Kieli matkuau mi\u00e4n keralla<\/em> -taijehn\u00e4yttely\u00f6 Kuhmo\u0161\u0161a \u0160ommelon aikana. <\/p>\n\n\n\n<p><a href=\"https:\/\/blogs.uef.fi\/karjalanelvytys\/2023\/05\/24\/olemma-elamma-pakajamma-kieli-matkuau-mian-keralla-taitonayttely-kuhmossa\/\" target=\"_blank\" rel=\"noreferrer noopener\">Linkki n\u00e4yttelyn tiijotteheh.<\/a><\/p>\n\n\n\n<p>K\u00e4yt\u00e4mm\u00e4 n\u00e4yttely\u0161\u0161\u00e4 mi\u00e4n pakinaklupilaisienki tekstij\u00e4, niit\u00e4 olemma vali\u010d\u010doma\u0161\u0161a ta pa\u0161\u0161autteloma\u0161\u0161a Sirpan erin\u00e4k\u00f6sih ve\u0161\u0161ok\u0161ih ta kuvih, esim. vappukuva (miss\u00e4 oli tytt\u00f6ni ilmapallon kera). Karjalan kielen kirjaimikko -kuvah ei ole viel\u00e4 l\u00f6ytyn tekstie. Ollou kell\u00e4nih tahtuo kirjuttua mit\u00e4ki? <strong>Mari R.<\/strong> oli ehottan runuoh \u0160yky\u0161y, kumpase\u0161\u0161a on vienalaisen \u0161:n \u0161uhinua. Ihan hyv\u00e4 ideja, a kun tullou lisy\u00e4, olisima ruati ottamah va\u0161tah. Ta tullou lis\u00e4k\u0161i muuta tekstie, ilolla otamma va\u0161tah 10.5.23 \u0161uaten. Ei m\u00e4nne n\u00e4yttelyh, \u0161it\u00e4 voipi k\u00e4ytty\u00e4 muitenki karjalan kielen opa\u0161\u0161uk\u0161e\u0161\u0161a. Elvyty\u0161projektin blogih panemma kaikensorttisie tekstij\u00e4 karjalak\u0161i. Passipo!<\/p>\n\n\n\n<p><\/p>\n","protected":false},"excerpt":{"rendered":"<p>Kirjuttan talteh: Olga Karlova Vienankarjalaisen pakinaklupin toini Zoom-ker\u00e4hm\u00f6 18.4. Pakinaklupin ekliseh Zoom-va\u0161tauvuntah ker\u00e4yty 11 klupilaista. Alkuh oli v\u00e4h\u00e4sen \u0161eikkua, kun kolme hairivo\u0161\u0161a m\u00e4ni Paginperti-Pakinapirtti -Zoom-linkin tuak\u0161i ta kotvan kokotettih \u0161iel\u00e4 kolmovehena kuni hok\u0161attih, jotta hairahettih vi\u00e4r\u00e4h Zoom-ker\u00e4hm\u00f6pirttih. Kak\u0161i luki L\u00f6nnivuaran Eemelin tilah Huoti-ti\u00e4ty\u00e4. Er\u00e4h\u00e4t ei ehitty lukie nimit\u00e4, \u0161ent\u00e4h kun kevy\u00e4n kiirehet kuavutah kaiken aikua [&hellip;]<\/p>\n","protected":false},"author":480,"featured_media":0,"parent":0,"menu_order":0,"comment_status":"closed","ping_status":"closed","template":"","meta":{"_acf_changed":false,"footnotes":""},"class_list":["post-14688","page","type-page","status-publish","hentry"],"acf":[],"yoast_head":"<!-- This site is optimized with the Yoast SEO plugin v27.3 - https:\/\/yoast.com\/product\/yoast-seo-wordpress\/ -->\n<title>Vienankarjalaisen pakinaklupin va\u0161tauvunnat kevy\u00e4ll\u00e4 2023, ker\u00e4hm\u00f6 18.4. - Karjalan kielen elvytt\u00e4minen<\/title>\n<meta name=\"robots\" content=\"index, follow, max-snippet:-1, max-image-preview:large, max-video-preview:-1\" \/>\n<link rel=\"canonical\" href=\"https:\/\/blogs.uef.fi\/karjalanelvytys\/vienankarjalaisen-pakinaklupin-vastauvunnat-kevyalla-2023-kerahmo-18-4\/\" \/>\n<meta property=\"og:locale\" content=\"fi_FI\" \/>\n<meta property=\"og:type\" content=\"article\" \/>\n<meta property=\"og:title\" content=\"Vienankarjalaisen pakinaklupin va\u0161tauvunnat kevy\u00e4ll\u00e4 2023, ker\u00e4hm\u00f6 18.4. - Karjalan kielen elvytt\u00e4minen\" \/>\n<meta property=\"og:description\" content=\"Kirjuttan talteh: Olga Karlova Vienankarjalaisen pakinaklupin toini Zoom-ker\u00e4hm\u00f6 18.4. Pakinaklupin ekliseh Zoom-va\u0161tauvuntah ker\u00e4yty 11 klupilaista. Alkuh oli v\u00e4h\u00e4sen \u0161eikkua, kun kolme hairivo\u0161\u0161a m\u00e4ni Paginperti-Pakinapirtti -Zoom-linkin tuak\u0161i ta kotvan kokotettih \u0161iel\u00e4 kolmovehena kuni hok\u0161attih, jotta hairahettih vi\u00e4r\u00e4h Zoom-ker\u00e4hm\u00f6pirttih. Kak\u0161i luki L\u00f6nnivuaran Eemelin tilah Huoti-ti\u00e4ty\u00e4. Er\u00e4h\u00e4t ei ehitty lukie nimit\u00e4, \u0161ent\u00e4h kun kevy\u00e4n kiirehet kuavutah kaiken aikua [&hellip;]\" \/>\n<meta property=\"og:url\" content=\"https:\/\/blogs.uef.fi\/karjalanelvytys\/vienankarjalaisen-pakinaklupin-vastauvunnat-kevyalla-2023-kerahmo-18-4\/\" \/>\n<meta property=\"og:site_name\" content=\"Karjalan kielen elvytt\u00e4minen\" \/>\n<meta property=\"article:modified_time\" content=\"2024-01-11T07:55:04+00:00\" \/>\n<meta name=\"twitter:card\" content=\"summary_large_image\" \/>\n<meta name=\"twitter:label1\" content=\"Arvioitu lukuaika\" \/>\n\t<meta name=\"twitter:data1\" content=\"2 minuuttia\" \/>\n<script type=\"application\/ld+json\" class=\"yoast-schema-graph\">{\"@context\":\"https:\\\/\\\/schema.org\",\"@graph\":[{\"@type\":\"WebPage\",\"@id\":\"https:\\\/\\\/blogs.uef.fi\\\/karjalanelvytys\\\/vienankarjalaisen-pakinaklupin-vastauvunnat-kevyalla-2023-kerahmo-18-4\\\/\",\"url\":\"https:\\\/\\\/blogs.uef.fi\\\/karjalanelvytys\\\/vienankarjalaisen-pakinaklupin-vastauvunnat-kevyalla-2023-kerahmo-18-4\\\/\",\"name\":\"Vienankarjalaisen pakinaklupin va\u0161tauvunnat kevy\u00e4ll\u00e4 2023, ker\u00e4hm\u00f6 18.4. - Karjalan kielen elvytt\u00e4minen\",\"isPartOf\":{\"@id\":\"https:\\\/\\\/blogs.uef.fi\\\/karjalanelvytys\\\/#website\"},\"datePublished\":\"2024-01-11T07:22:23+00:00\",\"dateModified\":\"2024-01-11T07:55:04+00:00\",\"breadcrumb\":{\"@id\":\"https:\\\/\\\/blogs.uef.fi\\\/karjalanelvytys\\\/vienankarjalaisen-pakinaklupin-vastauvunnat-kevyalla-2023-kerahmo-18-4\\\/#breadcrumb\"},\"inLanguage\":\"fi\",\"potentialAction\":[{\"@type\":\"ReadAction\",\"target\":[\"https:\\\/\\\/blogs.uef.fi\\\/karjalanelvytys\\\/vienankarjalaisen-pakinaklupin-vastauvunnat-kevyalla-2023-kerahmo-18-4\\\/\"]}]},{\"@type\":\"BreadcrumbList\",\"@id\":\"https:\\\/\\\/blogs.uef.fi\\\/karjalanelvytys\\\/vienankarjalaisen-pakinaklupin-vastauvunnat-kevyalla-2023-kerahmo-18-4\\\/#breadcrumb\",\"itemListElement\":[{\"@type\":\"ListItem\",\"position\":1,\"name\":\"Home\",\"item\":\"https:\\\/\\\/blogs.uef.fi\\\/karjalanelvytys\\\/\"},{\"@type\":\"ListItem\",\"position\":2,\"name\":\"Vienankarjalaisen pakinaklupin va\u0161tauvunnat kevy\u00e4ll\u00e4 2023, ker\u00e4hm\u00f6 18.4.\"}]},{\"@type\":\"WebSite\",\"@id\":\"https:\\\/\\\/blogs.uef.fi\\\/karjalanelvytys\\\/#website\",\"url\":\"https:\\\/\\\/blogs.uef.fi\\\/karjalanelvytys\\\/\",\"name\":\"Karjalan kielen elvytt\u00e4minen\",\"description\":\"\",\"potentialAction\":[{\"@type\":\"SearchAction\",\"target\":{\"@type\":\"EntryPoint\",\"urlTemplate\":\"https:\\\/\\\/blogs.uef.fi\\\/karjalanelvytys\\\/?s={search_term_string}\"},\"query-input\":{\"@type\":\"PropertyValueSpecification\",\"valueRequired\":true,\"valueName\":\"search_term_string\"}}],\"inLanguage\":\"fi\"}]}<\/script>\n<!-- \/ Yoast SEO plugin. -->","yoast_head_json":{"title":"Vienankarjalaisen pakinaklupin va\u0161tauvunnat kevy\u00e4ll\u00e4 2023, ker\u00e4hm\u00f6 18.4. - Karjalan kielen elvytt\u00e4minen","robots":{"index":"index","follow":"follow","max-snippet":"max-snippet:-1","max-image-preview":"max-image-preview:large","max-video-preview":"max-video-preview:-1"},"canonical":"https:\/\/blogs.uef.fi\/karjalanelvytys\/vienankarjalaisen-pakinaklupin-vastauvunnat-kevyalla-2023-kerahmo-18-4\/","og_locale":"fi_FI","og_type":"article","og_title":"Vienankarjalaisen pakinaklupin va\u0161tauvunnat kevy\u00e4ll\u00e4 2023, ker\u00e4hm\u00f6 18.4. - Karjalan kielen elvytt\u00e4minen","og_description":"Kirjuttan talteh: Olga Karlova Vienankarjalaisen pakinaklupin toini Zoom-ker\u00e4hm\u00f6 18.4. Pakinaklupin ekliseh Zoom-va\u0161tauvuntah ker\u00e4yty 11 klupilaista. Alkuh oli v\u00e4h\u00e4sen \u0161eikkua, kun kolme hairivo\u0161\u0161a m\u00e4ni Paginperti-Pakinapirtti -Zoom-linkin tuak\u0161i ta kotvan kokotettih \u0161iel\u00e4 kolmovehena kuni hok\u0161attih, jotta hairahettih vi\u00e4r\u00e4h Zoom-ker\u00e4hm\u00f6pirttih. Kak\u0161i luki L\u00f6nnivuaran Eemelin tilah Huoti-ti\u00e4ty\u00e4. Er\u00e4h\u00e4t ei ehitty lukie nimit\u00e4, \u0161ent\u00e4h kun kevy\u00e4n kiirehet kuavutah kaiken aikua [&hellip;]","og_url":"https:\/\/blogs.uef.fi\/karjalanelvytys\/vienankarjalaisen-pakinaklupin-vastauvunnat-kevyalla-2023-kerahmo-18-4\/","og_site_name":"Karjalan kielen elvytt\u00e4minen","article_modified_time":"2024-01-11T07:55:04+00:00","twitter_card":"summary_large_image","twitter_misc":{"Arvioitu lukuaika":"2 minuuttia"},"schema":{"@context":"https:\/\/schema.org","@graph":[{"@type":"WebPage","@id":"https:\/\/blogs.uef.fi\/karjalanelvytys\/vienankarjalaisen-pakinaklupin-vastauvunnat-kevyalla-2023-kerahmo-18-4\/","url":"https:\/\/blogs.uef.fi\/karjalanelvytys\/vienankarjalaisen-pakinaklupin-vastauvunnat-kevyalla-2023-kerahmo-18-4\/","name":"Vienankarjalaisen pakinaklupin va\u0161tauvunnat kevy\u00e4ll\u00e4 2023, ker\u00e4hm\u00f6 18.4. - Karjalan kielen elvytt\u00e4minen","isPartOf":{"@id":"https:\/\/blogs.uef.fi\/karjalanelvytys\/#website"},"datePublished":"2024-01-11T07:22:23+00:00","dateModified":"2024-01-11T07:55:04+00:00","breadcrumb":{"@id":"https:\/\/blogs.uef.fi\/karjalanelvytys\/vienankarjalaisen-pakinaklupin-vastauvunnat-kevyalla-2023-kerahmo-18-4\/#breadcrumb"},"inLanguage":"fi","potentialAction":[{"@type":"ReadAction","target":["https:\/\/blogs.uef.fi\/karjalanelvytys\/vienankarjalaisen-pakinaklupin-vastauvunnat-kevyalla-2023-kerahmo-18-4\/"]}]},{"@type":"BreadcrumbList","@id":"https:\/\/blogs.uef.fi\/karjalanelvytys\/vienankarjalaisen-pakinaklupin-vastauvunnat-kevyalla-2023-kerahmo-18-4\/#breadcrumb","itemListElement":[{"@type":"ListItem","position":1,"name":"Home","item":"https:\/\/blogs.uef.fi\/karjalanelvytys\/"},{"@type":"ListItem","position":2,"name":"Vienankarjalaisen pakinaklupin va\u0161tauvunnat kevy\u00e4ll\u00e4 2023, ker\u00e4hm\u00f6 18.4."}]},{"@type":"WebSite","@id":"https:\/\/blogs.uef.fi\/karjalanelvytys\/#website","url":"https:\/\/blogs.uef.fi\/karjalanelvytys\/","name":"Karjalan kielen elvytt\u00e4minen","description":"","potentialAction":[{"@type":"SearchAction","target":{"@type":"EntryPoint","urlTemplate":"https:\/\/blogs.uef.fi\/karjalanelvytys\/?s={search_term_string}"},"query-input":{"@type":"PropertyValueSpecification","valueRequired":true,"valueName":"search_term_string"}}],"inLanguage":"fi"}]}},"_links":{"self":[{"href":"https:\/\/blogs.uef.fi\/karjalanelvytys\/wp-json\/wp\/v2\/pages\/14688","targetHints":{"allow":["GET"]}}],"collection":[{"href":"https:\/\/blogs.uef.fi\/karjalanelvytys\/wp-json\/wp\/v2\/pages"}],"about":[{"href":"https:\/\/blogs.uef.fi\/karjalanelvytys\/wp-json\/wp\/v2\/types\/page"}],"author":[{"embeddable":true,"href":"https:\/\/blogs.uef.fi\/karjalanelvytys\/wp-json\/wp\/v2\/users\/480"}],"replies":[{"embeddable":true,"href":"https:\/\/blogs.uef.fi\/karjalanelvytys\/wp-json\/wp\/v2\/comments?post=14688"}],"version-history":[{"count":2,"href":"https:\/\/blogs.uef.fi\/karjalanelvytys\/wp-json\/wp\/v2\/pages\/14688\/revisions"}],"predecessor-version":[{"id":14712,"href":"https:\/\/blogs.uef.fi\/karjalanelvytys\/wp-json\/wp\/v2\/pages\/14688\/revisions\/14712"}],"wp:attachment":[{"href":"https:\/\/blogs.uef.fi\/karjalanelvytys\/wp-json\/wp\/v2\/media?parent=14688"}],"curies":[{"name":"wp","href":"https:\/\/api.w.org\/{rel}","templated":true}]}}