{"id":13078,"date":"2023-11-01T10:02:37","date_gmt":"2023-11-01T08:02:37","guid":{"rendered":"https:\/\/blogs.uef.fi\/karjalanelvytys\/?page_id=13078"},"modified":"2023-11-01T11:25:43","modified_gmt":"2023-11-01T09:25:43","slug":"skumbria-maura-hakin-kiannos","status":"publish","type":"page","link":"https:\/\/blogs.uef.fi\/karjalanelvytys\/skumbria-maura-hakin-kiannos\/","title":{"rendered":"Skumbria (Maura H\u00e4kin k\u00e4\u00e4nn\u00f6s)"},"content":{"rendered":"\n<p>Kielentarkistus:\u00a0<strong>Natalia Giloeva<\/strong>, karjalan opettaja, kielentarkistaja ja k\u00e4\u00e4nt\u00e4j\u00e4<\/p>\n\n\n\n<p>Butkiazettajua oli kaksi. Huomain, hy\u00f6 oldih preda da abuniekku. Nenga kui sit \u0161uutkas, kudamas butkiazettai punaldah i\u00e4res ligakaivos da sanou abuniekale: \u201cOpastu, muite puutut kogo ij\u00e4kse seizomah kaivon reunal da oijendamah jagoavaindu\u201d.<\/p>\n\n\n\n<p>\u201cTeilgo ne\u010de \u0161ittuperti\u201d, sanoi starikku.<\/p>\n\n\n\n<p>\u201cOn ti\u00e4 tostugi.\u201d<\/p>\n\n\n\n<p>Bratanat mar\u0161itah pezopertih.<\/p>\n\n\n\n<p>\u201cKehno! Ti\u00e4h\u00e4i on s\u00e4iliv\u00f6 murennuh. Ongo sinul uuttu?\u201d<\/p>\n\n\n\n<p>\u201cGa eule. Eigo se ole teij\u00e4n ruaduo. Min\u00e4 maksan.\u201d<\/p>\n\n\n\n<p>\u201cEi meil ole ma\u0161inua.\u201d<\/p>\n\n\n\n<p>\u201cKirjuta t\u00e4h, mittuine pid\u00e4y\u201d, oijendin bumuagulippuzen da piirdimen.<\/p>\n\n\n\n<p>Mu\u017eikku \u010dirni mid\u00e4tah noumerua lippuzeh da k\u00e4ski ozuttamah sid\u00e4 laukas.<\/p>\n\n\n\n<p>\u201cMereckovanuuli\u010dal niil\u00f6i on\u201d, h\u00e4i sanoi. \u201cMuga da musta \u0161langu, ne\u010de on ihan r\u00f6pi\u0161k\u00f6. Tulemmo eht\u00e4l. T\u00e4s roih sit tonnu.\u201d<\/p>\n\n\n\n<p>\u201cKuibo kruanat. Net vuvvetah.\u201d<\/p>\n\n\n\n<p>Bratan punoi kruanua da rubei vintim\u00e4h pi\u00e4butken ventili\u00e4 kiinni. Kuului pra\u010dkahus da vezisuihku i\u0161ki butkes suoras \u010dupus vastazeh sein\u00e4h.<\/p>\n\n\n\n<p>\u201cVentily vie. Da toven sanuo, kruanugi pid\u00e4s vaihtua.\u201d<\/p>\n\n\n\n<p>Butkiazettai k\u00e4ski abuniekkua haldivoimah painehtu da l\u00e4hti i\u00e4reh.<\/p>\n\n\n\n<p>\u201cKatkuan vien podvualas.\u201d, h\u00e4i heitti olgupi\u00e4n pi\u00e4li\u010di.<\/p>\n\n\n\n<p>Abuniekku ki\u00e4ri rizinnuorastu loukko\u017ean ventil\u00e4n ymb\u00e4ri da oppi tirpata vetty. Suihkun h\u00e4i sai lauhtuttua, ga vezi virdai h\u00e4nen k\u00e4zien al suorah hiemualoih. Lattiel oli jo suurehko luhtu. Otin vetty vihkol, kui ehtin da kobristin vannah. J\u00e4lgim\u00e4i vetty ei en\u00e4m tulluh.<\/p>\n\n\n\n<p>H\u00e4i s\u00e4r\u00e4itti m\u00e4rgii k\u00e4zii, kuivai niil\u00f6i v\u00e4h\u00e4zel perzukkah da kaivoi kouhtan rindukormanisp\u00e4i tabakkuvakkazen. Ne\u010de oli l\u00e4s m\u00e4rgy.<\/p>\n\n\n\n<p>Ku\u010duin abuniekan keit\u00e4ndypertih da tari\u010din tabakan. K\u00e4br\u00e4t palettih loppussah, muasterii ei n\u00e4gynyh.<\/p>\n\n\n\n<p>\u201cEigo h\u00e4i l\u00f6vv\u00e4 j\u00e4rilleh?\u201d huolevuin.<\/p>\n\n\n\n<p>\u201cL\u00f6yd\u00e4y h\u00e4i. Meni varmah laukkah. Min\u00e4gi l\u00e4hten t\u00e4s, ei ti\u00e4 nyg\u00f6i ole muudu ruaduo.\u201d<\/p>\n\n\n\n<p>Abuniekku h\u00e4vii. T\u00f6ll\u00f6tin kaimavuo da duumai\u010din, oligo vezi sportinnuh alakerroksen pezopertin levon. Da ken maksas.<\/p>\n\n\n\n<p>Zvoniin St\u2019opile. H\u00e4i uskaldi tulla. Samah aigah Kat\u2019oi zvoni.<\/p>\n\n\n\n<p>H\u00e4i oli huolevunnuh sie. Sanoi, ku minun rinnal kulgou kaiken aigua kuolendan kuvahaine. \u0160to ellend\u00e4ngo mid\u00e4 sih ni\u0161koi, ku poltin i\u010d\u010deni eloksen langua da v\u00e4gi kovah. En tiijustannuh, kusp\u00e4i h\u00e4i oli suannuh nengostu duumua. Aiga misti\u010d\u010doi ollah nenne naizet. H\u00e4i oli tulemas pellastamah minuu. Min\u00e4 tuaste varain, \u0161to h\u00e4nel roih paha olla ti\u00e4, vierahas muas, ilmai kieldy da dovari\u0161\u0161oi. Ga minulh\u00e4i oli v\u00e4gitukku kontaktua. Libo oligo niil\u00f6i j\u00e4lgim\u00e4i. Rodiesgo Kat\u2019ois onnuako muih varuaju. Muga minusgi toinah Suomes rodies. Tahtoingo min\u00e4 Suomeh? Mitah syys duumu tundui h\u00f6bl\u00e4k\u00e4le, ga eigo se olluh yhtell\u00e4h tottu. Sanoin, \u0161to kai on putilleh, h\u00e4nel ei pie huolevuo. Kerroin se\u017eo fatierah n\u00e4h.<\/p>\n\n\n\n<p>\u201cMaltanetgo eli\u00e4 ti\u00e4?\u201d<\/p>\n\n\n\n<p>Kat\u2019oi varmisti, \u0161to h\u00e4i maltas, ku vai en j\u00e4tt\u00e4s h\u00e4ndy yksin.<\/p>\n\n\n\n<p>\u201cEnh\u00e4i min\u00e4 sinuu j\u00e4t\u00e4. Kodvazen per\u00e4s n\u00e4imm\u00f6kseh, eule ku vaigu ned\u00e4li en\u00e4m. Zvoni sit, konzu tiij\u00e4t tarkah. Olen Piiteris vastuamas sit. Ver\u00e4ikelloine kilahtih. Ukkavoloi.\u201d<\/p>\n\n\n\n<p>St\u2019oppi seizoi kynnyksel da vuotti, kuni \u0161uoriin.<\/p>\n\n\n\n<p>\u201cL\u00e4kk\u00e4 sinun ma\u0161inal. Emmo my\u00f6 sua niil\u00f6i pu\u010d\u010diloi py\u00f6r\u00e4l t\u00e4nne\u201d, h\u00e4i sanoi. \u201cKonzu hy\u00f6 uskaldettih tulla.\u201d<\/p>\n\n\n\n<p>\u201cRuadop\u00e4iv\u00e4n j\u00e4lgeh.\u201d<\/p>\n\n\n\n<p>\u201cPid\u00e4s toinah pakita brujat pajasp\u00e4i varakse. Hy\u00f6 azutah yhtell\u00e4h mid\u00e4tah vi\u00e4r\u00e4h.\u201d<\/p>\n\n\n\n<p>Konzu ajoimme pihalp\u00e4i uuli\u010dale, trolleibusoin azetuskohtal mitah kolahtih asfal\u2019tah, kuului krid\u017eindi\u00e4 da ma\u0161in azetui buitegu \u00f6nt\u00e4styjen, hos motor ulvoi. St\u2019oppi hypp\u00e4i ma\u0161inasp\u00e4i dorogale da kurkistih alle.<\/p>\n\n\n\n<p>\u201cPagobutki irdavui keskes\u201d, h\u00e4i kirgui. \u201cNe\u010de on dorogas kiinni da ihan tukus. Pid\u00e4y juottua raudua.\u201d<\/p>\n\n\n\n<p>\u201cPutin muna.\u201d<\/p>\n\n\n\n<p>\u201cMuga t\u00e4m\u00e4 t\u00e4s. Aigua on vaste kaksitostu. Kuni suammo ma\u0161inan perile, er\u00e4s \u010duassuine men\u00f6y.\u201d<\/p>\n\n\n\n<p>H\u00e4i l\u00e4hti paki\u010d\u010demah py\u00f6ri\u00e4. Suurel sivuvagonazel Uralil maltoi ved\u00e4m\u00e4h. H\u00e4i ry\u00f6mi ma\u0161inan alle da \u010d\u00f6kk\u00e4i irdavunnuon butken raudulangal alukseh. Konzu pi\u00e4zimmo dorogal i\u00e4reh, kai meni putilleh. St\u2019oppi ajoi hil\u2019l\u2019azeh py\u00f6r\u00e4l, min\u00e4 ohjain ma\u0161inua.<\/p>\n\n\n\n<p>St\u2019opin paja oli pitk\u00e4s gara\u017eurivis, vahnan rudniekan vieres. H\u00e4nel oli kaksi boksua, yhtes h\u00e4n luadi \u201creduhistu\u201d ruaduo, ravvanjuotandua da motoroin kohendamistu. Koriembih ruadoih ni\u0161koi h\u00e4nel oli vieres toine boksu, sie h\u00e4i tagoi miekkua da kohendi oro\u017eua.<\/p>\n\n\n\n<p>Peril ty\u00f6nnimm\u00f6 ma\u0161inan havvale da St\u2019oppi meni alah.<\/p>\n\n\n\n<p>\u201cMuga, raudu on poikki. Ga vie my\u00f6 suammo t\u00e4s brujehen. Mene e\u010d\u010dim\u00e4h sit s\u00e4ilivy\u00f6. Osta kai da sit zvoni minule, \u0161tobi tied\u00e4zin, kunne tulen paki\u010d\u010demah. T\u00e4m\u00e4 on kolmen aigua valmis.\u201d<br>K\u00e4velin azetuksele da ajoin trollikal butkiazettajien nevvottuh raudulaukkah. My\u00f6jy punoi lippustu da omua pi\u00e4dy: \u201cTuliel ned\u00e4lil tulou nengostu.\u201d<\/p>\n\n\n\n<p>Laukoin kierd\u00e4mine oli ihan ku olis ruadanuh. Tarvittavu s\u00e4iliv\u00f6 l\u00f6ydyi pikkarazes podvualulaukas, kudamas butket da ravvat oldih kuadumas aziiniekan pi\u00e4l. Samas kohtas sain se\u017eo ventil\u00e4n, s\u00e4iliv\u00f6n \u0161langan da pezopertin kruanan. Aigua oli puoli kolme. Zvoniin St\u2019opile.<br>St\u2019oppi vastai ilo\u017eal i\u00e4nel. H\u00e4i oli jo suannuh ma\u0161inan valmehekse, h\u00e4nel oli sie joukkuo, kentah aziiniekku oli tuonnuh butilkan konjakkua.<\/p>\n\n\n\n<p>\u201cVoitgo ajua? Minul on nyg\u00f6i kai n\u00e4mm\u00e4 pu\u010dit t\u00e4s kainalos.\u201d<\/p>\n\n\n\n<p>\u010cetin pi\u00e4s St\u2019oppi viuhkai uksen edeh.<\/p>\n\n\n\n<p>\u201cUvvele pu\u010dile!\u201d h\u00e4i kirgai da vedi kormanasp\u00e4i avatun konjakkubutilkan.<\/p>\n\n\n\n<p>Butkiazettajat tuldih kuvven aigua. Hy\u00f6 kolaitettih \u0161ittupertis \u010duasun verran, sil aigua my\u00f6 ehtimm\u00f6 avata St\u2019opinke Stoli\u010dnajan. Muasteri tuli keit\u00e4ndypertih ro\u017eat ruskiet:<\/p>\n\n\n\n<p>\u201cRodih valmis, i\u017e\u00e4ndy. Tuhat rubl\u2019ua.\u201d<\/p>\n\n\n\n<p>Ka\u010dahtimmos St\u2019oppih.<\/p>\n\n\n\n<p>\u201cMibo rodih\u201d, t\u00e4m\u00e4 h\u00f6lmistyi.<\/p>\n\n\n\n<p>\u201cDengat ollah loppiettuhes.\u201d<\/p>\n\n\n\n<p>\u201cKehno\u201d, h\u00e4i burbetti da kaiveli omua kormanii. \u201cNe\u010deh\u00e4i toi konjakan li\u017e\u00e4kse er\u00e4h\u00e4n tonnan sit kin\u017eualis.\u201d<\/p>\n\n\n\n<p>H\u00e4i vedi murjotut banknotat kormanisp\u00e4i da ker\u00e4i niil\u00f6is kaksi fioletivoidu viizisadua.<\/p>\n\n\n\n<p>\u201cOlisgo tabakkua?\u201d, vahnembi butkiazettai sanoi da otti dengat stolalp\u00e4i.<\/p>\n\n\n\n<p>Oijendin h\u00e4nel vakkazen, bratan otti k\u00e4br\u00e4n, ty\u00f6ndi sen korvan tagah taldeheh, otti toizen, sytytti ne\u010den, ga ei l\u00e4htenyh nikunne. Kodvazen kesti hilla\u017eus, kuni en ellend\u00e4nnyh.<\/p>\n\n\n\n<p>\u201cOttaugo abuniekkugi?\u201d<\/p>\n\n\n\n<p>\u201cH\u00e4i ei juo.\u201d<\/p>\n\n\n\n<p>I\u0161kin silmi\u00e4 abuniekale da kuavoin muasterile puoli stokanua viinua. T\u00f6ll\u00f6tin ahnahasti liikkujua kulkunapukkua.<\/p>\n\n\n\n<p>Konzu butkiazettajat j\u00e4lgim\u00e4i l\u00e4htiettih, menin ka\u010d\u010domah. Sevoitus oli tuaste hirvakko. Opiin kruanoi, mollembat ruattih putilleh. Tahtoin vedi\u00e4 koittehekse uvven s\u00e4iliv\u00f6n bur\u010das, ga ies oli \u0161langu. Ne\u010de punoi s\u00e4iliv\u00f6n iesp\u00e4i da tartui uudeh ventil\u00e4h pi\u00e4n tazol. Opiin vi\u00e4ndi\u00e4 \u0161langan pu\u010din tuakse, ga se oli j\u00e4mpi\u0161k\u00f6 da hypp\u00e4i j\u00e4rilleh. Sid\u00e4 ei voinnuh taivuttua, se oli raudukuvoksen syd\u00e4mes.<\/p>\n\n\n\n<p>\u201cMuna!\u201d kirguin. \u201cHy\u00f6 viettih tuon \u0161langan nenga, \u0161t\u00f6 t\u00e4h ei synny \u0161itale!\u201d<\/p>\n\n\n\n<p>St\u2019oppi kurkistih ukses.<\/p>\n\n\n\n<p>\u201cH\u00e4bli\u0161k\u00f6t!\u201d<\/p>\n\n\n\n<p>\u201cMin\u00e4 juoksen per\u00e4h.\u201d<\/p>\n\n\n\n<p>\u201cEt nimis tapahtukses. Hy\u00f6 vie murendehtah s\u00e4iliv\u00f6n. Min\u00e4 azun i\u010de. T\u00e4s pid\u00e4y irdavuttua tai \u0161langu da jatkua butkie. Min\u00e4 otin metrin palazen kerale, kaiken varakse.\u201d<\/p>\n","protected":false},"excerpt":{"rendered":"<p>Kielentarkistus:\u00a0Natalia Giloeva, karjalan opettaja, kielentarkistaja ja k\u00e4\u00e4nt\u00e4j\u00e4 Butkiazettajua oli kaksi. Huomain, hy\u00f6 oldih preda da abuniekku. Nenga kui sit \u0161uutkas, kudamas butkiazettai punaldah i\u00e4res ligakaivos da sanou abuniekale: \u201cOpastu, muite puutut kogo ij\u00e4kse seizomah kaivon reunal da oijendamah jagoavaindu\u201d. \u201cTeilgo ne\u010de \u0161ittuperti\u201d, sanoi starikku. \u201cOn ti\u00e4 tostugi.\u201d Bratanat mar\u0161itah pezopertih. \u201cKehno! Ti\u00e4h\u00e4i on s\u00e4iliv\u00f6 murennuh. [&hellip;]<\/p>\n","protected":false},"author":580,"featured_media":0,"parent":0,"menu_order":0,"comment_status":"closed","ping_status":"closed","template":"","meta":{"_acf_changed":false,"footnotes":""},"class_list":["post-13078","page","type-page","status-publish","hentry"],"acf":[],"yoast_head":"<!-- This site is optimized with the Yoast SEO plugin v27.1.1 - https:\/\/yoast.com\/product\/yoast-seo-wordpress\/ -->\n<title>Skumbria (Maura H\u00e4kin k\u00e4\u00e4nn\u00f6s) - Karjalan kielen elvytt\u00e4minen<\/title>\n<meta name=\"robots\" content=\"index, follow, max-snippet:-1, max-image-preview:large, max-video-preview:-1\" \/>\n<link rel=\"canonical\" href=\"https:\/\/blogs.uef.fi\/karjalanelvytys\/skumbria-maura-hakin-kiannos\/\" \/>\n<meta property=\"og:locale\" content=\"fi_FI\" \/>\n<meta property=\"og:type\" content=\"article\" \/>\n<meta property=\"og:title\" content=\"Skumbria (Maura H\u00e4kin k\u00e4\u00e4nn\u00f6s) - Karjalan kielen elvytt\u00e4minen\" \/>\n<meta property=\"og:description\" content=\"Kielentarkistus:\u00a0Natalia Giloeva, karjalan opettaja, kielentarkistaja ja k\u00e4\u00e4nt\u00e4j\u00e4 Butkiazettajua oli kaksi. Huomain, hy\u00f6 oldih preda da abuniekku. Nenga kui sit \u0161uutkas, kudamas butkiazettai punaldah i\u00e4res ligakaivos da sanou abuniekale: \u201cOpastu, muite puutut kogo ij\u00e4kse seizomah kaivon reunal da oijendamah jagoavaindu\u201d. \u201cTeilgo ne\u010de \u0161ittuperti\u201d, sanoi starikku. \u201cOn ti\u00e4 tostugi.\u201d Bratanat mar\u0161itah pezopertih. \u201cKehno! Ti\u00e4h\u00e4i on s\u00e4iliv\u00f6 murennuh. [&hellip;]\" \/>\n<meta property=\"og:url\" content=\"https:\/\/blogs.uef.fi\/karjalanelvytys\/skumbria-maura-hakin-kiannos\/\" \/>\n<meta property=\"og:site_name\" content=\"Karjalan kielen elvytt\u00e4minen\" \/>\n<meta property=\"article:modified_time\" content=\"2023-11-01T09:25:43+00:00\" \/>\n<meta name=\"twitter:card\" content=\"summary_large_image\" \/>\n<meta name=\"twitter:label1\" content=\"Arvioitu lukuaika\" \/>\n\t<meta name=\"twitter:data1\" content=\"6 minuuttia\" \/>\n<script type=\"application\/ld+json\" class=\"yoast-schema-graph\">{\"@context\":\"https:\/\/schema.org\",\"@graph\":[{\"@type\":\"WebPage\",\"@id\":\"https:\/\/blogs.uef.fi\/karjalanelvytys\/skumbria-maura-hakin-kiannos\/\",\"url\":\"https:\/\/blogs.uef.fi\/karjalanelvytys\/skumbria-maura-hakin-kiannos\/\",\"name\":\"Skumbria (Maura H\u00e4kin k\u00e4\u00e4nn\u00f6s) - Karjalan kielen elvytt\u00e4minen\",\"isPartOf\":{\"@id\":\"https:\/\/blogs.uef.fi\/karjalanelvytys\/#website\"},\"datePublished\":\"2023-11-01T08:02:37+00:00\",\"dateModified\":\"2023-11-01T09:25:43+00:00\",\"breadcrumb\":{\"@id\":\"https:\/\/blogs.uef.fi\/karjalanelvytys\/skumbria-maura-hakin-kiannos\/#breadcrumb\"},\"inLanguage\":\"fi\",\"potentialAction\":[{\"@type\":\"ReadAction\",\"target\":[\"https:\/\/blogs.uef.fi\/karjalanelvytys\/skumbria-maura-hakin-kiannos\/\"]}]},{\"@type\":\"BreadcrumbList\",\"@id\":\"https:\/\/blogs.uef.fi\/karjalanelvytys\/skumbria-maura-hakin-kiannos\/#breadcrumb\",\"itemListElement\":[{\"@type\":\"ListItem\",\"position\":1,\"name\":\"Home\",\"item\":\"https:\/\/blogs.uef.fi\/karjalanelvytys\/\"},{\"@type\":\"ListItem\",\"position\":2,\"name\":\"Skumbria (Maura H\u00e4kin k\u00e4\u00e4nn\u00f6s)\"}]},{\"@type\":\"WebSite\",\"@id\":\"https:\/\/blogs.uef.fi\/karjalanelvytys\/#website\",\"url\":\"https:\/\/blogs.uef.fi\/karjalanelvytys\/\",\"name\":\"Karjalan kielen elvytt\u00e4minen\",\"description\":\"\",\"potentialAction\":[{\"@type\":\"SearchAction\",\"target\":{\"@type\":\"EntryPoint\",\"urlTemplate\":\"https:\/\/blogs.uef.fi\/karjalanelvytys\/?s={search_term_string}\"},\"query-input\":{\"@type\":\"PropertyValueSpecification\",\"valueRequired\":true,\"valueName\":\"search_term_string\"}}],\"inLanguage\":\"fi\"}]}<\/script>\n<!-- \/ Yoast SEO plugin. -->","yoast_head_json":{"title":"Skumbria (Maura H\u00e4kin k\u00e4\u00e4nn\u00f6s) - Karjalan kielen elvytt\u00e4minen","robots":{"index":"index","follow":"follow","max-snippet":"max-snippet:-1","max-image-preview":"max-image-preview:large","max-video-preview":"max-video-preview:-1"},"canonical":"https:\/\/blogs.uef.fi\/karjalanelvytys\/skumbria-maura-hakin-kiannos\/","og_locale":"fi_FI","og_type":"article","og_title":"Skumbria (Maura H\u00e4kin k\u00e4\u00e4nn\u00f6s) - Karjalan kielen elvytt\u00e4minen","og_description":"Kielentarkistus:\u00a0Natalia Giloeva, karjalan opettaja, kielentarkistaja ja k\u00e4\u00e4nt\u00e4j\u00e4 Butkiazettajua oli kaksi. Huomain, hy\u00f6 oldih preda da abuniekku. Nenga kui sit \u0161uutkas, kudamas butkiazettai punaldah i\u00e4res ligakaivos da sanou abuniekale: \u201cOpastu, muite puutut kogo ij\u00e4kse seizomah kaivon reunal da oijendamah jagoavaindu\u201d. \u201cTeilgo ne\u010de \u0161ittuperti\u201d, sanoi starikku. \u201cOn ti\u00e4 tostugi.\u201d Bratanat mar\u0161itah pezopertih. \u201cKehno! Ti\u00e4h\u00e4i on s\u00e4iliv\u00f6 murennuh. [&hellip;]","og_url":"https:\/\/blogs.uef.fi\/karjalanelvytys\/skumbria-maura-hakin-kiannos\/","og_site_name":"Karjalan kielen elvytt\u00e4minen","article_modified_time":"2023-11-01T09:25:43+00:00","twitter_card":"summary_large_image","twitter_misc":{"Arvioitu lukuaika":"6 minuuttia"},"schema":{"@context":"https:\/\/schema.org","@graph":[{"@type":"WebPage","@id":"https:\/\/blogs.uef.fi\/karjalanelvytys\/skumbria-maura-hakin-kiannos\/","url":"https:\/\/blogs.uef.fi\/karjalanelvytys\/skumbria-maura-hakin-kiannos\/","name":"Skumbria (Maura H\u00e4kin k\u00e4\u00e4nn\u00f6s) - Karjalan kielen elvytt\u00e4minen","isPartOf":{"@id":"https:\/\/blogs.uef.fi\/karjalanelvytys\/#website"},"datePublished":"2023-11-01T08:02:37+00:00","dateModified":"2023-11-01T09:25:43+00:00","breadcrumb":{"@id":"https:\/\/blogs.uef.fi\/karjalanelvytys\/skumbria-maura-hakin-kiannos\/#breadcrumb"},"inLanguage":"fi","potentialAction":[{"@type":"ReadAction","target":["https:\/\/blogs.uef.fi\/karjalanelvytys\/skumbria-maura-hakin-kiannos\/"]}]},{"@type":"BreadcrumbList","@id":"https:\/\/blogs.uef.fi\/karjalanelvytys\/skumbria-maura-hakin-kiannos\/#breadcrumb","itemListElement":[{"@type":"ListItem","position":1,"name":"Home","item":"https:\/\/blogs.uef.fi\/karjalanelvytys\/"},{"@type":"ListItem","position":2,"name":"Skumbria (Maura H\u00e4kin k\u00e4\u00e4nn\u00f6s)"}]},{"@type":"WebSite","@id":"https:\/\/blogs.uef.fi\/karjalanelvytys\/#website","url":"https:\/\/blogs.uef.fi\/karjalanelvytys\/","name":"Karjalan kielen elvytt\u00e4minen","description":"","potentialAction":[{"@type":"SearchAction","target":{"@type":"EntryPoint","urlTemplate":"https:\/\/blogs.uef.fi\/karjalanelvytys\/?s={search_term_string}"},"query-input":{"@type":"PropertyValueSpecification","valueRequired":true,"valueName":"search_term_string"}}],"inLanguage":"fi"}]}},"_links":{"self":[{"href":"https:\/\/blogs.uef.fi\/karjalanelvytys\/wp-json\/wp\/v2\/pages\/13078","targetHints":{"allow":["GET"]}}],"collection":[{"href":"https:\/\/blogs.uef.fi\/karjalanelvytys\/wp-json\/wp\/v2\/pages"}],"about":[{"href":"https:\/\/blogs.uef.fi\/karjalanelvytys\/wp-json\/wp\/v2\/types\/page"}],"author":[{"embeddable":true,"href":"https:\/\/blogs.uef.fi\/karjalanelvytys\/wp-json\/wp\/v2\/users\/580"}],"replies":[{"embeddable":true,"href":"https:\/\/blogs.uef.fi\/karjalanelvytys\/wp-json\/wp\/v2\/comments?post=13078"}],"version-history":[{"count":2,"href":"https:\/\/blogs.uef.fi\/karjalanelvytys\/wp-json\/wp\/v2\/pages\/13078\/revisions"}],"predecessor-version":[{"id":13141,"href":"https:\/\/blogs.uef.fi\/karjalanelvytys\/wp-json\/wp\/v2\/pages\/13078\/revisions\/13141"}],"wp:attachment":[{"href":"https:\/\/blogs.uef.fi\/karjalanelvytys\/wp-json\/wp\/v2\/media?parent=13078"}],"curies":[{"name":"wp","href":"https:\/\/api.w.org\/{rel}","templated":true}]}}