{"id":12376,"date":"2023-10-27T11:11:29","date_gmt":"2023-10-27T08:11:29","guid":{"rendered":"https:\/\/blogs.uef.fi\/karjalanelvytys\/?page_id=12376"},"modified":"2023-12-05T14:56:08","modified_gmt":"2023-12-05T12:56:08","slug":"karjalan-kielen-netali-2023","status":"publish","type":"page","link":"https:\/\/blogs.uef.fi\/karjalanelvytys\/karjalan-kielen-netali-2023\/","title":{"rendered":"Karjalan kielen net\u00e4li (2023)"},"content":{"rendered":"\n<p>T\u00e4lle sivulle on ker\u00e4tty tietoa karjalan kielen viikolla 27.11.\u20133.12.2023 j\u00e4rjestett\u00e4vist\u00e4 tapahtumista. Jos tied\u00e4t jostakin tapahtumasta tai tempauksesta, jota t\u00e4ll\u00e4 sivulla ei viel\u00e4 ole mainittu, l\u00e4het\u00e4 sen tiedot meille s\u00e4hk\u00f6postitse (karjalanelvytys@uef.fi). Sivua p\u00e4ivitet\u00e4\u00e4n.<\/p>\n\n\n\n<p>My\u00f6hemmin t\u00e4ll\u00e4 sivulla tullaan julkaisemaan my\u00f6s meille viikkoa varten l\u00e4hetettyj\u00e4 kuvia, videoita ja kirjoituksia sek\u00e4 linkkej\u00e4 karjalan kielen viikkoa k\u00e4sitteleviin artikkeleihin.<\/p>\n\n\n\n<p>Karjalan kielen viikon tekstit: <a href=\"https:\/\/blogs.uef.fi\/karjalanelvytys\/karjalan-kielen-nedalin-tekstat-2023\/\">linkki viikon aikana julkaistuihin teksteihin.<\/a><\/p>\n\n\n\n<h2 class=\"wp-block-heading\">Tapahtumat<\/h2>\n\n\n\n<h3 class=\"wp-block-heading\">Satutunnit Joensuun kirjastoissa<\/h3>\n\n\n\n<p>Karjalan kielen elvytyshankkeen ty\u00f6ntekij\u00e4t k\u00e4yv\u00e4t karjalan kielen viikolla lukemassa karjalankielisi\u00e4 satuja <strong>Joensuun p\u00e4\u00e4kirjastossa<\/strong> ja <strong>Rantakyl\u00e4n kirjastossa<\/strong>. P\u00e4\u00e4kirjaston satutunti pidet\u00e4\u00e4n lauantaina 2.12. kello 10.30 ja Rantakyl\u00e4n satutunti torstaina 30.11. kello 13. Vaikka sadut luetaan karjalaksi, sopivat satutunnit my\u00f6s suomen- tai muunkielisille ja kaikille monikielisyydest\u00e4 kiinnostuneille ik\u00e4\u00e4n katsomatta.<\/p>\n\n\n\n<h3 class=\"wp-block-heading\">Olga Karlovan ja Sirpa M\u00e4nnyn Olemma, el\u00e4mm\u00e4, pakajamma \u2013 Kieli matkuau mi\u00e4n keralla \u2013taiden\u00e4yttely<\/h3>\n\n\n\n<p>Olga Karlovan ja Sirpa M\u00e4nnyn karjalankielinen ja karjalaista kulttuuria esittelev\u00e4 taiden\u00e4yttely on n\u00e4ht\u00e4v\u00e4n\u00e4 It\u00e4-Suomen yliopiston Agora-rakennuksen aulassa koko karjalan kielen viikon ajan. N\u00e4yttelyyn voi k\u00e4yd\u00e4 tutustumassa Agoran aukioloaikoina (7\u201318.15, perjantaina 7\u201316.15).<\/p>\n\n\n\n<h3 class=\"wp-block-heading\">Paginperti-keskustelukerhot<\/h3>\n\n\n\n<p>Osa Paginperti-keskustelukerhoista kokoontuu my\u00f6s karjalan kielen viikolla. Joensuun kaikille avointa Paginperti\u00e4 pidet\u00e4\u00e4n juuri ennen karjalan kielen viikkoa eli 26.11. kello 16<strong>\u2013<\/strong>18. Joensuun Paginpertist\u00e4 voi lukea lis\u00e4\u00e4 Paginpertin omilta sivuilta.<\/p>\n\n\n\n<p><a href=\"https:\/\/blogs.uef.fi\/karjalanelvytys\/paginapertti\/\">Linkki Paginpertin sivulle elvytyshankkeen blogissa.<\/a><\/p>\n\n\n\n<p>Paginpertit kokoontuvat viikon aikana my\u00f6s <strong>Oulussa <\/strong>ja <strong>Helsingiss\u00e4<\/strong>. Oulun Paginperti\u00e4 vietet\u00e4\u00e4n 3.12. kello 14<strong>\u2013<\/strong>16 osoitteessa Torikatu 74. Lis\u00e4tietoja Oulun Paginpertist\u00e4 saa Instagramista (@karjalazet). Helsingin Paginperti kokoontuu 27.11. kello 17<strong>\u2013<\/strong>19 osoitteessa Luotsikatu 9 D. Lis\u00e4tietoja Helsingin Paginpertist\u00e4 saa Instagramista (@paginpertipi\u00e4linnas).<\/p>\n\n\n\n<h3 class=\"wp-block-heading\">Karjalankielisen Ilmu-elokuvan ensi-ilta Outokummussa<\/h3>\n\n\n\n<p>Karjalankielinen taide-elokuva Ilmu esitet\u00e4\u00e4n Outokummun Kino Maritassa 1.12. kello 18. Tapahtuma on kaikille avoin, ja siell\u00e4 esitet\u00e4\u00e4n Ilmun lis\u00e4ksi elokuvatrilogian aiemmat osat Veneh ja Lindu. Elokuvan ty\u00f6ryhm\u00e4 on paikan p\u00e4\u00e4ll\u00e4 kertomassa elokuvaista ja vastaamassa yleis\u00f6n kysymyksiin.<\/p>\n\n\n\n<p><a href=\"https:\/\/www.karelianfilms.com\/\">Linkki lis\u00e4tietoihin elokuvista.<\/a><\/p>\n\n\n\n<h3 class=\"wp-block-heading\">Karjalazen kruugan kieli-illa\u010d\u010du<\/h3>\n\n\n\n<p>Karjalan kielen ned\u00e4lil Karjalaine kruugu pid\u00e4y kieli-illa\u010dun muuzikkuprogrammanke Zoomas. Briegut ollah tossargen <strong>28. kylmykuudu 18-20 aigah<\/strong>. \u2013 Tulgua terveh!<\/p>\n\n\n\n<p>Linkua voi pakita <strong>Miikul Pahomovalp\u00e4i<\/strong> (miikul.pahomov@helsinki.fi).<\/p>\n\n\n\n<h3 class=\"wp-block-heading\">Karjalankielisi\u00e4 runoja K\u00e4pyl\u00e4n kyl\u00e4tilassa<\/h3>\n\n\n\n<p>K\u00e4pyl\u00e4n kyl\u00e4tilassa pidet\u00e4\u00e4n perjantaina <strong>1.12. kello 19<\/strong> karjalatapahtuma. Tapahtumassa kuullaan karjalankielist\u00e4 runoutta, keskustellaan karjalaisuudesta, karjalaisesta kotiseudusta ja juurista ja pelataan Karjala Alias -sananselityspeli\u00e4.<\/p>\n\n\n\n<p>Runoesityksess\u00e4 runoja lukevat <strong>Mirva Haltia<\/strong> ja <strong>Mervi M\u00f6ls\u00e4<\/strong>. Suomen- ja karjalankieliset runot ovat Mirva Haltian Gruuga-teoksesta. Tapahtumassa voi keskustella ja pelata suomeksi, karjalaksi tai molemmilla kielill\u00e4.<\/p>\n\n\n\n<h3 class=\"wp-block-heading\">Loimolan Voima Ylen aamussa<\/h3>\n\n\n\n<p>Loimolan Voima -b\u00e4ndin j\u00e4seni\u00e4 haastatellaan YLE Aamussa, maanantaina <strong>27.11. kello 8.50<\/strong>. Haastattelun aiheina ovat yhtyeen j\u00e4senten suhteet karjalan kieleen, kulttuuriin ja perinteeseen.<\/p>\n\n\n\n<h2 class=\"wp-block-heading\">Vas&#8217;ka ka\u017ei tigrannu -ozutelmu<\/h2>\n\n\n\n<p><strong>Teatru Vessel\u00e4t <\/strong>esitt\u00e4\u00e4 Vas&#8217;ka ka\u017ei tigrannu -n\u00e4ytelm\u00e4n Nivalan Nuorisoseuralla, Kaiken kansan pikkujoulut -tapahtumassa. Tapahtuma on <strong>29.11.<\/strong> ja siihen on vapaa p\u00e4\u00e4sy.<\/p>\n\n\n\n<p><\/p>\n","protected":false},"excerpt":{"rendered":"<p>T\u00e4lle sivulle on ker\u00e4tty tietoa karjalan kielen viikolla 27.11.\u20133.12.2023 j\u00e4rjestett\u00e4vist\u00e4 tapahtumista. Jos tied\u00e4t jostakin tapahtumasta tai tempauksesta, jota t\u00e4ll\u00e4 sivulla ei viel\u00e4 ole mainittu, l\u00e4het\u00e4 sen tiedot meille s\u00e4hk\u00f6postitse (karjalanelvytys@uef.fi). Sivua p\u00e4ivitet\u00e4\u00e4n. My\u00f6hemmin t\u00e4ll\u00e4 sivulla tullaan julkaisemaan my\u00f6s meille viikkoa varten l\u00e4hetettyj\u00e4 kuvia, videoita ja kirjoituksia sek\u00e4 linkkej\u00e4 karjalan kielen viikkoa k\u00e4sitteleviin artikkeleihin. Karjalan kielen [&hellip;]<\/p>\n","protected":false},"author":580,"featured_media":0,"parent":0,"menu_order":0,"comment_status":"closed","ping_status":"closed","template":"","meta":{"_acf_changed":false,"footnotes":""},"class_list":["post-12376","page","type-page","status-publish","hentry"],"acf":[],"yoast_head":"<!-- This site is optimized with the Yoast SEO plugin v27.1.1 - https:\/\/yoast.com\/product\/yoast-seo-wordpress\/ -->\n<title>Karjalan kielen net\u00e4li (2023) - Karjalan kielen elvytt\u00e4minen<\/title>\n<meta name=\"robots\" content=\"index, follow, max-snippet:-1, max-image-preview:large, max-video-preview:-1\" \/>\n<link rel=\"canonical\" href=\"https:\/\/blogs.uef.fi\/karjalanelvytys\/karjalan-kielen-netali-2023\/\" \/>\n<meta property=\"og:locale\" content=\"fi_FI\" \/>\n<meta property=\"og:type\" content=\"article\" \/>\n<meta property=\"og:title\" content=\"Karjalan kielen net\u00e4li (2023) - Karjalan kielen elvytt\u00e4minen\" \/>\n<meta property=\"og:description\" content=\"T\u00e4lle sivulle on ker\u00e4tty tietoa karjalan kielen viikolla 27.11.\u20133.12.2023 j\u00e4rjestett\u00e4vist\u00e4 tapahtumista. Jos tied\u00e4t jostakin tapahtumasta tai tempauksesta, jota t\u00e4ll\u00e4 sivulla ei viel\u00e4 ole mainittu, l\u00e4het\u00e4 sen tiedot meille s\u00e4hk\u00f6postitse (karjalanelvytys@uef.fi). Sivua p\u00e4ivitet\u00e4\u00e4n. My\u00f6hemmin t\u00e4ll\u00e4 sivulla tullaan julkaisemaan my\u00f6s meille viikkoa varten l\u00e4hetettyj\u00e4 kuvia, videoita ja kirjoituksia sek\u00e4 linkkej\u00e4 karjalan kielen viikkoa k\u00e4sitteleviin artikkeleihin. Karjalan kielen [&hellip;]\" \/>\n<meta property=\"og:url\" content=\"https:\/\/blogs.uef.fi\/karjalanelvytys\/karjalan-kielen-netali-2023\/\" \/>\n<meta property=\"og:site_name\" content=\"Karjalan kielen elvytt\u00e4minen\" \/>\n<meta property=\"article:modified_time\" content=\"2023-12-05T12:56:08+00:00\" \/>\n<meta name=\"twitter:card\" content=\"summary_large_image\" \/>\n<meta name=\"twitter:label1\" content=\"Arvioitu lukuaika\" \/>\n\t<meta name=\"twitter:data1\" content=\"3 minuuttia\" \/>\n<script type=\"application\/ld+json\" class=\"yoast-schema-graph\">{\"@context\":\"https:\/\/schema.org\",\"@graph\":[{\"@type\":\"WebPage\",\"@id\":\"https:\/\/blogs.uef.fi\/karjalanelvytys\/karjalan-kielen-netali-2023\/\",\"url\":\"https:\/\/blogs.uef.fi\/karjalanelvytys\/karjalan-kielen-netali-2023\/\",\"name\":\"Karjalan kielen net\u00e4li (2023) - Karjalan kielen elvytt\u00e4minen\",\"isPartOf\":{\"@id\":\"https:\/\/blogs.uef.fi\/karjalanelvytys\/#website\"},\"datePublished\":\"2023-10-27T08:11:29+00:00\",\"dateModified\":\"2023-12-05T12:56:08+00:00\",\"breadcrumb\":{\"@id\":\"https:\/\/blogs.uef.fi\/karjalanelvytys\/karjalan-kielen-netali-2023\/#breadcrumb\"},\"inLanguage\":\"fi\",\"potentialAction\":[{\"@type\":\"ReadAction\",\"target\":[\"https:\/\/blogs.uef.fi\/karjalanelvytys\/karjalan-kielen-netali-2023\/\"]}]},{\"@type\":\"BreadcrumbList\",\"@id\":\"https:\/\/blogs.uef.fi\/karjalanelvytys\/karjalan-kielen-netali-2023\/#breadcrumb\",\"itemListElement\":[{\"@type\":\"ListItem\",\"position\":1,\"name\":\"Home\",\"item\":\"https:\/\/blogs.uef.fi\/karjalanelvytys\/\"},{\"@type\":\"ListItem\",\"position\":2,\"name\":\"Karjalan kielen net\u00e4li (2023)\"}]},{\"@type\":\"WebSite\",\"@id\":\"https:\/\/blogs.uef.fi\/karjalanelvytys\/#website\",\"url\":\"https:\/\/blogs.uef.fi\/karjalanelvytys\/\",\"name\":\"Karjalan kielen elvytt\u00e4minen\",\"description\":\"\",\"potentialAction\":[{\"@type\":\"SearchAction\",\"target\":{\"@type\":\"EntryPoint\",\"urlTemplate\":\"https:\/\/blogs.uef.fi\/karjalanelvytys\/?s={search_term_string}\"},\"query-input\":{\"@type\":\"PropertyValueSpecification\",\"valueRequired\":true,\"valueName\":\"search_term_string\"}}],\"inLanguage\":\"fi\"}]}<\/script>\n<!-- \/ Yoast SEO plugin. -->","yoast_head_json":{"title":"Karjalan kielen net\u00e4li (2023) - Karjalan kielen elvytt\u00e4minen","robots":{"index":"index","follow":"follow","max-snippet":"max-snippet:-1","max-image-preview":"max-image-preview:large","max-video-preview":"max-video-preview:-1"},"canonical":"https:\/\/blogs.uef.fi\/karjalanelvytys\/karjalan-kielen-netali-2023\/","og_locale":"fi_FI","og_type":"article","og_title":"Karjalan kielen net\u00e4li (2023) - Karjalan kielen elvytt\u00e4minen","og_description":"T\u00e4lle sivulle on ker\u00e4tty tietoa karjalan kielen viikolla 27.11.\u20133.12.2023 j\u00e4rjestett\u00e4vist\u00e4 tapahtumista. Jos tied\u00e4t jostakin tapahtumasta tai tempauksesta, jota t\u00e4ll\u00e4 sivulla ei viel\u00e4 ole mainittu, l\u00e4het\u00e4 sen tiedot meille s\u00e4hk\u00f6postitse (karjalanelvytys@uef.fi). Sivua p\u00e4ivitet\u00e4\u00e4n. My\u00f6hemmin t\u00e4ll\u00e4 sivulla tullaan julkaisemaan my\u00f6s meille viikkoa varten l\u00e4hetettyj\u00e4 kuvia, videoita ja kirjoituksia sek\u00e4 linkkej\u00e4 karjalan kielen viikkoa k\u00e4sitteleviin artikkeleihin. Karjalan kielen [&hellip;]","og_url":"https:\/\/blogs.uef.fi\/karjalanelvytys\/karjalan-kielen-netali-2023\/","og_site_name":"Karjalan kielen elvytt\u00e4minen","article_modified_time":"2023-12-05T12:56:08+00:00","twitter_card":"summary_large_image","twitter_misc":{"Arvioitu lukuaika":"3 minuuttia"},"schema":{"@context":"https:\/\/schema.org","@graph":[{"@type":"WebPage","@id":"https:\/\/blogs.uef.fi\/karjalanelvytys\/karjalan-kielen-netali-2023\/","url":"https:\/\/blogs.uef.fi\/karjalanelvytys\/karjalan-kielen-netali-2023\/","name":"Karjalan kielen net\u00e4li (2023) - Karjalan kielen elvytt\u00e4minen","isPartOf":{"@id":"https:\/\/blogs.uef.fi\/karjalanelvytys\/#website"},"datePublished":"2023-10-27T08:11:29+00:00","dateModified":"2023-12-05T12:56:08+00:00","breadcrumb":{"@id":"https:\/\/blogs.uef.fi\/karjalanelvytys\/karjalan-kielen-netali-2023\/#breadcrumb"},"inLanguage":"fi","potentialAction":[{"@type":"ReadAction","target":["https:\/\/blogs.uef.fi\/karjalanelvytys\/karjalan-kielen-netali-2023\/"]}]},{"@type":"BreadcrumbList","@id":"https:\/\/blogs.uef.fi\/karjalanelvytys\/karjalan-kielen-netali-2023\/#breadcrumb","itemListElement":[{"@type":"ListItem","position":1,"name":"Home","item":"https:\/\/blogs.uef.fi\/karjalanelvytys\/"},{"@type":"ListItem","position":2,"name":"Karjalan kielen net\u00e4li (2023)"}]},{"@type":"WebSite","@id":"https:\/\/blogs.uef.fi\/karjalanelvytys\/#website","url":"https:\/\/blogs.uef.fi\/karjalanelvytys\/","name":"Karjalan kielen elvytt\u00e4minen","description":"","potentialAction":[{"@type":"SearchAction","target":{"@type":"EntryPoint","urlTemplate":"https:\/\/blogs.uef.fi\/karjalanelvytys\/?s={search_term_string}"},"query-input":{"@type":"PropertyValueSpecification","valueRequired":true,"valueName":"search_term_string"}}],"inLanguage":"fi"}]}},"_links":{"self":[{"href":"https:\/\/blogs.uef.fi\/karjalanelvytys\/wp-json\/wp\/v2\/pages\/12376","targetHints":{"allow":["GET"]}}],"collection":[{"href":"https:\/\/blogs.uef.fi\/karjalanelvytys\/wp-json\/wp\/v2\/pages"}],"about":[{"href":"https:\/\/blogs.uef.fi\/karjalanelvytys\/wp-json\/wp\/v2\/types\/page"}],"author":[{"embeddable":true,"href":"https:\/\/blogs.uef.fi\/karjalanelvytys\/wp-json\/wp\/v2\/users\/580"}],"replies":[{"embeddable":true,"href":"https:\/\/blogs.uef.fi\/karjalanelvytys\/wp-json\/wp\/v2\/comments?post=12376"}],"version-history":[{"count":2,"href":"https:\/\/blogs.uef.fi\/karjalanelvytys\/wp-json\/wp\/v2\/pages\/12376\/revisions"}],"predecessor-version":[{"id":13886,"href":"https:\/\/blogs.uef.fi\/karjalanelvytys\/wp-json\/wp\/v2\/pages\/12376\/revisions\/13886"}],"wp:attachment":[{"href":"https:\/\/blogs.uef.fi\/karjalanelvytys\/wp-json\/wp\/v2\/media?parent=12376"}],"curies":[{"name":"wp","href":"https:\/\/api.w.org\/{rel}","templated":true}]}}