{"id":12201,"date":"2023-09-18T10:45:00","date_gmt":"2023-09-18T07:45:00","guid":{"rendered":"https:\/\/blogs.uef.fi\/karjalanelvytys\/?page_id=12201"},"modified":"2023-09-18T10:45:02","modified_gmt":"2023-09-18T07:45:02","slug":"karjalan-kielen-netali-2022","status":"publish","type":"page","link":"https:\/\/blogs.uef.fi\/karjalanelvytys\/karjalan-kielen-netali-2022\/","title":{"rendered":"Karjalan kielen net\u00e4li (2022)"},"content":{"rendered":"\n<p>T\u00e4lle sivulle on ker\u00e4tty linkkej\u00e4 vuoden 2021 karjalan kielen viikolla julkaistuihin teksteihin ja tietoa viikon aikana pidetyist\u00e4 tempauksista. Vuoden 2021 teema oli <strong>rakas karjalan sana<\/strong>.<\/p>\n\n\n\n<p><a href=\"https:\/\/blogs.uef.fi\/karjalanelvytys\/karjalan-kielen-nedalin-2022-tekstat\/\">Linkki vuoden 2022 teksteihin.<\/a><\/p>\n\n\n\n<h2 class=\"wp-block-heading\">Tapahtumat<\/h2>\n\n\n\n<p><strong>Karjalan kielen pruazniekku Joensuun Paginpertiss\u00e4<\/strong><\/p>\n\n\n\n<p>Joensuun Paginpertti kokoontuu sunnuntaina 27.11. kello 16-18 juhlistamaan karjalan kielen p\u00e4iv\u00e4\u00e4. Tapahtumaan voi osallistua Zoomin v\u00e4lityksell\u00e4 tai paikan p\u00e4\u00e4ll\u00e4 Joensuussa, JoMonin tiloissa (Rantakatu 23A, kellarikerros).<\/p>\n\n\n\n<p>Tapaamisen teemoiksi on valittu karjalan kieli ja karjalan kielen viikko, ja vet\u00e4jin\u00e4 toimivat Natalia Giloeva ja Timoi Munne. Tarjolla on kahvia ja teet\u00e4 ja mukaan voi ottaa pient\u00e4 sy\u00f6t\u00e4v\u00e4\u00e4.<\/p>\n\n\n\n<p><strong>Karjalaine i\u00e4ni -videosarjan julkistamistilaisuus<\/strong><\/p>\n\n\n\n<p>Karjalaine i\u00e4ni -videosarja julkaistaan karjalan kielen viikolla ja sen julkistamistilaisuutta vietet\u00e4\u00e4n 24.11. kello 14-16 It\u00e4-Suomen yliopiston Joensuun kampuksella, Agora-rakennuksen AG100 salissa.<\/p>\n\n\n\n<p>Ohjelmassa on tekij\u00e4tiimin paneelikeskustelu, videoiden ensiesitys ja kahvitarjoilu.<\/p>\n\n\n\n<p><strong>Karjalan kielen viikon illa\u010d\u010du Tuupovaaran kirjastolla 21.11.<\/strong><\/p>\n\n\n\n<p>Tuupovaaran kirjastolla pidet\u00e4\u00e4n maanantaina 21.11. kello 17 alkaen karjalan kielen illa\u010d\u010du, jonka ohjelmassa on laulua, leikki\u00e4 ja tarinointia karjalan kielell\u00e4. Illa\u010dun j\u00e4lkeen n. kello 17.45 ortodoksikappelilla (L\u00e4hdetie 1) on avoimet ovet ja ilta\u010duajut (iltateet). Kappelilla voi tutustua muun muassa ikonimaalari Petros Sasakin ikoneihin.<\/p>\n\n\n\n<p><strong>Karjalazen kruugan kielisildu 27.11.<\/strong><\/p>\n\n\n\n<p>Karjalan kielen p\u00e4iv\u00e4nny Karjalaine kruugu organizui\u010d\u010dou rahvahienv\u00e4listy kielisildua da kul\u2019tuuruprogrammua Zoomas. Briegut ollah pyh\u00e4npi\u00e4n 27. kylmykuudu kello 14-16 Suomen aigua. \u2013 Tulgua terveh!<\/p>\n\n\n\n<p><strong>Hoilola-Saaroisten tiistaiseura tiistaina 22.11.<\/strong><\/p>\n\n\n\n<p>Hoilola-Saaroisten tiistaiseura kokoontuu tiistaina 22.11. kello 17-19 Hoilolan kirkossa. Tapaamisen teemaksi on valittu karjalankieliset rukoukset ja kirkkoveisut. Tapahtumassa vierailee ylidiakoni Juha P\u00f6ssi.<\/p>\n\n\n\n<p><strong>Liturgia livvinkarjalaksi Karvoskyl\u00e4n ortodoksisessa kirkossa 27.11.<\/strong><\/p>\n\n\n\n<p>Karjalan kielen p\u00e4iv\u00e4n\u00e4 Karvoskyl\u00e4n ortodoksisessa kirkossa toimitetaan liturgia livvinkarjalaksi, kello 10. Liturgian toimittaa is\u00e4 Pavel Pukovkin, mink\u00e4 lis\u00e4ksi kanttori Eija Honkaselk\u00e4 osaa laulaa karjalaksi. Palveluksen yhteydess\u00e4 tarjoillaan kahvit, teet ja karjalanpiirakat.<\/p>\n\n\n\n<p><strong>Avoimet ovet Jokilatvan opiston karjalan kielen kurssilla 24.11.<\/strong><\/p>\n\n\n\n<p>Torstaina 24.11. kello 18.30-20.00 pidet\u00e4\u00e4n karjalan kielen kurssin tuntia Haapaj\u00e4rvell\u00e4. Jokilatvan opiston kurssi kokoontuu poikkeuksellisesti Karvoskyl\u00e4n ortodoksisessa kirkossa. Karjalan kielen viikon kunniaksi kurssilla on avoimet ovet eli kurssille voi tulla tutustumaan karjalan kieleen ja karjalan kielen opiskelijoihin. Tapaamisen teemaksi on valittu kirkkosanasto.<\/p>\n\n\n\n<p><strong>Avoimet ovet Karvoskyl\u00e4n ortodoksisessa kirkossa<\/strong><\/p>\n\n\n\n<p>Karvoskyl\u00e4n ortodoksisessa kirkossa on avoimet ovet torstaina 24.11. kello 12-20.<\/p>\n\n\n\n<p><strong>Karjalan kielen viikko Style by Eila -kaupassa<\/strong><\/p>\n\n\n\n<p>Karjalan kielen viikkoa vietet\u00e4\u00e4n haapaj\u00e4rvel\u00e4isess\u00e4 Style by Eila -vaatekaupassa (Puistokatu 52, 85800 Haapaj\u00e4rvi).<\/p>\n\n\n\n<p>Kaupassa p\u00e4\u00e4see koko karjalan kielen viikon ajan tutustumaan karjalankieliseen kirjallisuuteen, musiikkiin ja muuhun mediaan. Lis\u00e4ksi n\u00e4yteikkunoiden mallinuket pukeutuvat viikoksi karjalaisiin vaatteisiin, ja karjalankielisten hintalappujen kautta ummikkokin p\u00e4\u00e4see tutustumaan karjalan kieleen. Viikko huipentuu lauantaihin 26.11., jolloin asiakkaille on tarjolla kahvia, teet\u00e4 ja karjalanpiirakoita.<\/p>\n\n\n\n<p> <\/p>\n\n\n\n<p><strong>Enzim\u00e4ine pi\u00e4linnan paginperti ker\u00e4vyy 24.11.<\/strong><\/p>\n\n\n\n<p>T\u00e4s paginpertin ved\u00e4j\u00e4n ku\u010d\u010du:<\/p>\n\n\n\n<p>Karjalankieline paginperti ker\u00e4vyy Karjalan Sivistysseural (Luotsikatu 9 D) enzim\u00e4zen kerran karjalan kielen ned\u00e4lil kylmykuus!<\/p>\n\n\n\n<p>Tulgua kerale pagizemah karjalakse nell\u00e4npi\u00e4n 24.11. \u010d 17-18<strong>:30<\/strong>. Kai karjalan kielen murdehet p\u00e4t\u00e4h!<\/p>\n\n\n\n<p>Huom. Karjalan sivistysseuran tila eule estiet\u00f6i; matkal on 4 kynnysty, 10 porrastu, eigo tilah ole liftua. Tilas on sugupuolineutraline wc.<\/p>\n\n\n\n<p>Ilmoittuakseh voi s\u00e4hk\u00f6po\u0161ta\u010di paginpertipialinnas@gmail.com<\/p>\n\n\n\n<p>Sivistysseuran tiloih syndyy l\u00e4s 25 hengie.<\/p>\n\n\n\n<p>Kyzymyksii paginpertih n\u00e4h voi ty\u00f6ndi\u00e4 s\u00e4hk\u00f6po\u0161ta\u010di, Instagramas (@paginpertipialinnas) dai Facebookas\/ro\u017eakniigas (facebook.com\/paginpertipialinnas). Kyzy\u00f6 voi suomeksegi. Kyzymyksih vastuau Essi, kudai on paginpertin perustai.<\/p>\n\n\n\n<p>N\u00e4imm\u00f6kseh Kadain\u2019okal!<\/p>\n\n\n\n<p><strong>Karjalan kieli el\u00e4y! -n\u00e4yttely Tuupovaaran kirjastossa<\/strong><\/p>\n\n\n\n<p>Tuupovaaran kirjastossa pidet\u00e4\u00e4n karjalan kielen viikon kunniaksi jo 9.11. alkaen<strong> <\/strong>Karjalan kieli el\u00e4y! -n\u00e4yttely\u00e4. N\u00e4yttelyss\u00e4 on esill\u00e4 karjalankielist\u00e4 kirjallisuutta, musiikkia, lehti\u00e4 sek\u00e4 tietoa nykyp\u00e4iv\u00e4n mahdollisuuksista opiskella ja k\u00e4ytt\u00e4\u00e4 karjalan kielt\u00e4.<\/p>\n\n\n\n<p><strong>Karaoke karjalakse R\u00e4\u00e4kkyl\u00e4n Tarinatuvalla 25.11.<\/strong><\/p>\n\n\n\n<p>R\u00e4\u00e4kkyl\u00e4n kunta juhlistaa karjalan kielen viikkoa esittelem\u00e4ll\u00e4 karjalankielist\u00e4 karaokea Tarinatuvalla (R\u00e4\u00e4kkyl\u00e4n kunnantalon kupeessa) perjantaina 25.11. klo 14.00 ja klo 16.00.<\/p>\n\n\n\n<p>Esitykset ovat osa Kihaus Folkin vet\u00e4m\u00e4\u00e4 ja Taiken rahoittamaa Kulttuuri kuuluu kylill\u00e4 -hanketta.<\/p>\n\n\n\n<p><strong>Loimolan Voiman konsertta Helsingin Karjalataloissa 26.11.<\/strong><\/p>\n\n\n\n<p>Suovattana 26.11. on Loimolan Voiman kon\u010dertta Helsingin Karjalataloissa, \u010d 12. Samana p\u00e4iv\u00e4n\u00e4 Karjalataloissa piet\u00e4h Karjalan Liiton sugu- da pid\u00e4j\u00e4jarmankua.<\/p>\n\n\n\n<p><strong>Loimolan Voima Syd\u00e4njuurilla-programmassa 21.11.<\/strong><\/p>\n\n\n\n<p>Loimolan Voima on 21.11. Amanda Kaurantehen Syd\u00e4njuurilla-programmassa Yle 1 -radivossa. Net\u00e4lin jakson tiema on karjalankielinen rahvahanmuuzikka, da programman voi kuunnella se\u017eo Areenasta.<\/p>\n\n\n\n<h2 class=\"wp-block-heading\">Tiedotusv\u00e4lineiden juttuja karjalan kielen viikosta<\/h2>\n\n\n\n<p><a href=\"https:\/\/kaksplus.fi\/vanhemmuus\/kasvatus\/muista-puhua-meille-karjalan-kielta-arin-esikoinen-kehottaa-perheenisa-opetteli-sukunsa-kielen-ja-kommunikoi-silla-nyt-lapsilleen\/#google_vignette\">Kaksplus, 23.11.2022.<\/a><\/p>\n\n\n\n<p><a href=\"https:\/\/www.kaleva.fi\/missa-on-peikalo-ja-mika-on-skokuna-vienankarjalan\/5123391\">Kaleva, 26.11.2022.<\/a><\/p>\n\n\n\n<p><a href=\"https:\/\/www.uef.fi\/fi\/artikkeli\/karjalan-kieli-elay-karjalan-kielen-viikolla-juhlistetaan-elavaa-ja-nykyaikaista-karjalaa\">It\u00e4-Suomen yliopisto, 15.11.2022.<\/a><\/p>\n\n\n\n<p><a href=\"https:\/\/kulttuuritoimitus.fi\/artikkelit-kolumnit\/kolumnit-ja-esseet\/varavon-alaine-karjala-elay-uhanalainen-karjalan-kieli-elaa\/\">Kulttuuritoimitus, 23.11.2022.<\/a><\/p>\n\n\n\n<p><a href=\"https:\/\/yle.fi\/a\/74-20005782\">Yle, 27.11.2022.<\/a><\/p>\n\n\n\n<p><a href=\"https:\/\/areena.yle.fi\/podcastit\/1-63506850\">Yle, Syd\u00e4njuurilla, 21.11.2022.<\/a><\/p>\n","protected":false},"excerpt":{"rendered":"<p>T\u00e4lle sivulle on ker\u00e4tty linkkej\u00e4 vuoden 2021 karjalan kielen viikolla julkaistuihin teksteihin ja tietoa viikon aikana pidetyist\u00e4 tempauksista. Vuoden 2021 teema oli rakas karjalan sana. Linkki vuoden 2022 teksteihin. Tapahtumat Karjalan kielen pruazniekku Joensuun Paginpertiss\u00e4 Joensuun Paginpertti kokoontuu sunnuntaina 27.11. kello 16-18 juhlistamaan karjalan kielen p\u00e4iv\u00e4\u00e4. Tapahtumaan voi osallistua Zoomin v\u00e4lityksell\u00e4 tai paikan p\u00e4\u00e4ll\u00e4 Joensuussa, [&hellip;]<\/p>\n","protected":false},"author":580,"featured_media":0,"parent":0,"menu_order":0,"comment_status":"closed","ping_status":"closed","template":"","meta":{"_acf_changed":false,"footnotes":""},"class_list":["post-12201","page","type-page","status-publish","hentry"],"acf":[],"yoast_head":"<!-- This site is optimized with the Yoast SEO plugin v27.3 - https:\/\/yoast.com\/product\/yoast-seo-wordpress\/ -->\n<title>Karjalan kielen net\u00e4li (2022) - Karjalan kielen elvytt\u00e4minen<\/title>\n<meta name=\"robots\" content=\"index, follow, max-snippet:-1, max-image-preview:large, max-video-preview:-1\" \/>\n<link rel=\"canonical\" href=\"https:\/\/blogs.uef.fi\/karjalanelvytys\/karjalan-kielen-netali-2022\/\" \/>\n<meta property=\"og:locale\" content=\"fi_FI\" \/>\n<meta property=\"og:type\" content=\"article\" \/>\n<meta property=\"og:title\" content=\"Karjalan kielen net\u00e4li (2022) - Karjalan kielen elvytt\u00e4minen\" \/>\n<meta property=\"og:description\" content=\"T\u00e4lle sivulle on ker\u00e4tty linkkej\u00e4 vuoden 2021 karjalan kielen viikolla julkaistuihin teksteihin ja tietoa viikon aikana pidetyist\u00e4 tempauksista. Vuoden 2021 teema oli rakas karjalan sana. Linkki vuoden 2022 teksteihin. Tapahtumat Karjalan kielen pruazniekku Joensuun Paginpertiss\u00e4 Joensuun Paginpertti kokoontuu sunnuntaina 27.11. kello 16-18 juhlistamaan karjalan kielen p\u00e4iv\u00e4\u00e4. Tapahtumaan voi osallistua Zoomin v\u00e4lityksell\u00e4 tai paikan p\u00e4\u00e4ll\u00e4 Joensuussa, [&hellip;]\" \/>\n<meta property=\"og:url\" content=\"https:\/\/blogs.uef.fi\/karjalanelvytys\/karjalan-kielen-netali-2022\/\" \/>\n<meta property=\"og:site_name\" content=\"Karjalan kielen elvytt\u00e4minen\" \/>\n<meta property=\"article:modified_time\" content=\"2023-09-18T07:45:02+00:00\" \/>\n<meta name=\"twitter:card\" content=\"summary_large_image\" \/>\n<meta name=\"twitter:label1\" content=\"Arvioitu lukuaika\" \/>\n\t<meta name=\"twitter:data1\" content=\"4 minuuttia\" \/>\n<script type=\"application\/ld+json\" class=\"yoast-schema-graph\">{\"@context\":\"https:\\\/\\\/schema.org\",\"@graph\":[{\"@type\":\"WebPage\",\"@id\":\"https:\\\/\\\/blogs.uef.fi\\\/karjalanelvytys\\\/karjalan-kielen-netali-2022\\\/\",\"url\":\"https:\\\/\\\/blogs.uef.fi\\\/karjalanelvytys\\\/karjalan-kielen-netali-2022\\\/\",\"name\":\"Karjalan kielen net\u00e4li (2022) - Karjalan kielen elvytt\u00e4minen\",\"isPartOf\":{\"@id\":\"https:\\\/\\\/blogs.uef.fi\\\/karjalanelvytys\\\/#website\"},\"datePublished\":\"2023-09-18T07:45:00+00:00\",\"dateModified\":\"2023-09-18T07:45:02+00:00\",\"breadcrumb\":{\"@id\":\"https:\\\/\\\/blogs.uef.fi\\\/karjalanelvytys\\\/karjalan-kielen-netali-2022\\\/#breadcrumb\"},\"inLanguage\":\"fi\",\"potentialAction\":[{\"@type\":\"ReadAction\",\"target\":[\"https:\\\/\\\/blogs.uef.fi\\\/karjalanelvytys\\\/karjalan-kielen-netali-2022\\\/\"]}]},{\"@type\":\"BreadcrumbList\",\"@id\":\"https:\\\/\\\/blogs.uef.fi\\\/karjalanelvytys\\\/karjalan-kielen-netali-2022\\\/#breadcrumb\",\"itemListElement\":[{\"@type\":\"ListItem\",\"position\":1,\"name\":\"Home\",\"item\":\"https:\\\/\\\/blogs.uef.fi\\\/karjalanelvytys\\\/\"},{\"@type\":\"ListItem\",\"position\":2,\"name\":\"Karjalan kielen net\u00e4li (2022)\"}]},{\"@type\":\"WebSite\",\"@id\":\"https:\\\/\\\/blogs.uef.fi\\\/karjalanelvytys\\\/#website\",\"url\":\"https:\\\/\\\/blogs.uef.fi\\\/karjalanelvytys\\\/\",\"name\":\"Karjalan kielen elvytt\u00e4minen\",\"description\":\"\",\"potentialAction\":[{\"@type\":\"SearchAction\",\"target\":{\"@type\":\"EntryPoint\",\"urlTemplate\":\"https:\\\/\\\/blogs.uef.fi\\\/karjalanelvytys\\\/?s={search_term_string}\"},\"query-input\":{\"@type\":\"PropertyValueSpecification\",\"valueRequired\":true,\"valueName\":\"search_term_string\"}}],\"inLanguage\":\"fi\"}]}<\/script>\n<!-- \/ Yoast SEO plugin. -->","yoast_head_json":{"title":"Karjalan kielen net\u00e4li (2022) - Karjalan kielen elvytt\u00e4minen","robots":{"index":"index","follow":"follow","max-snippet":"max-snippet:-1","max-image-preview":"max-image-preview:large","max-video-preview":"max-video-preview:-1"},"canonical":"https:\/\/blogs.uef.fi\/karjalanelvytys\/karjalan-kielen-netali-2022\/","og_locale":"fi_FI","og_type":"article","og_title":"Karjalan kielen net\u00e4li (2022) - Karjalan kielen elvytt\u00e4minen","og_description":"T\u00e4lle sivulle on ker\u00e4tty linkkej\u00e4 vuoden 2021 karjalan kielen viikolla julkaistuihin teksteihin ja tietoa viikon aikana pidetyist\u00e4 tempauksista. Vuoden 2021 teema oli rakas karjalan sana. Linkki vuoden 2022 teksteihin. Tapahtumat Karjalan kielen pruazniekku Joensuun Paginpertiss\u00e4 Joensuun Paginpertti kokoontuu sunnuntaina 27.11. kello 16-18 juhlistamaan karjalan kielen p\u00e4iv\u00e4\u00e4. Tapahtumaan voi osallistua Zoomin v\u00e4lityksell\u00e4 tai paikan p\u00e4\u00e4ll\u00e4 Joensuussa, [&hellip;]","og_url":"https:\/\/blogs.uef.fi\/karjalanelvytys\/karjalan-kielen-netali-2022\/","og_site_name":"Karjalan kielen elvytt\u00e4minen","article_modified_time":"2023-09-18T07:45:02+00:00","twitter_card":"summary_large_image","twitter_misc":{"Arvioitu lukuaika":"4 minuuttia"},"schema":{"@context":"https:\/\/schema.org","@graph":[{"@type":"WebPage","@id":"https:\/\/blogs.uef.fi\/karjalanelvytys\/karjalan-kielen-netali-2022\/","url":"https:\/\/blogs.uef.fi\/karjalanelvytys\/karjalan-kielen-netali-2022\/","name":"Karjalan kielen net\u00e4li (2022) - Karjalan kielen elvytt\u00e4minen","isPartOf":{"@id":"https:\/\/blogs.uef.fi\/karjalanelvytys\/#website"},"datePublished":"2023-09-18T07:45:00+00:00","dateModified":"2023-09-18T07:45:02+00:00","breadcrumb":{"@id":"https:\/\/blogs.uef.fi\/karjalanelvytys\/karjalan-kielen-netali-2022\/#breadcrumb"},"inLanguage":"fi","potentialAction":[{"@type":"ReadAction","target":["https:\/\/blogs.uef.fi\/karjalanelvytys\/karjalan-kielen-netali-2022\/"]}]},{"@type":"BreadcrumbList","@id":"https:\/\/blogs.uef.fi\/karjalanelvytys\/karjalan-kielen-netali-2022\/#breadcrumb","itemListElement":[{"@type":"ListItem","position":1,"name":"Home","item":"https:\/\/blogs.uef.fi\/karjalanelvytys\/"},{"@type":"ListItem","position":2,"name":"Karjalan kielen net\u00e4li (2022)"}]},{"@type":"WebSite","@id":"https:\/\/blogs.uef.fi\/karjalanelvytys\/#website","url":"https:\/\/blogs.uef.fi\/karjalanelvytys\/","name":"Karjalan kielen elvytt\u00e4minen","description":"","potentialAction":[{"@type":"SearchAction","target":{"@type":"EntryPoint","urlTemplate":"https:\/\/blogs.uef.fi\/karjalanelvytys\/?s={search_term_string}"},"query-input":{"@type":"PropertyValueSpecification","valueRequired":true,"valueName":"search_term_string"}}],"inLanguage":"fi"}]}},"_links":{"self":[{"href":"https:\/\/blogs.uef.fi\/karjalanelvytys\/wp-json\/wp\/v2\/pages\/12201","targetHints":{"allow":["GET"]}}],"collection":[{"href":"https:\/\/blogs.uef.fi\/karjalanelvytys\/wp-json\/wp\/v2\/pages"}],"about":[{"href":"https:\/\/blogs.uef.fi\/karjalanelvytys\/wp-json\/wp\/v2\/types\/page"}],"author":[{"embeddable":true,"href":"https:\/\/blogs.uef.fi\/karjalanelvytys\/wp-json\/wp\/v2\/users\/580"}],"replies":[{"embeddable":true,"href":"https:\/\/blogs.uef.fi\/karjalanelvytys\/wp-json\/wp\/v2\/comments?post=12201"}],"version-history":[{"count":1,"href":"https:\/\/blogs.uef.fi\/karjalanelvytys\/wp-json\/wp\/v2\/pages\/12201\/revisions"}],"predecessor-version":[{"id":12204,"href":"https:\/\/blogs.uef.fi\/karjalanelvytys\/wp-json\/wp\/v2\/pages\/12201\/revisions\/12204"}],"wp:attachment":[{"href":"https:\/\/blogs.uef.fi\/karjalanelvytys\/wp-json\/wp\/v2\/media?parent=12201"}],"curies":[{"name":"wp","href":"https:\/\/api.w.org\/{rel}","templated":true}]}}