{"id":11861,"date":"2023-08-24T10:18:31","date_gmt":"2023-08-24T07:18:31","guid":{"rendered":"https:\/\/blogs.uef.fi\/karjalanelvytys\/?page_id=11861"},"modified":"2023-08-29T15:50:59","modified_gmt":"2023-08-29T12:50:59","slug":"yle-uudizet-karjalakse-sanasto-livvinkarjalakse","status":"publish","type":"page","link":"https:\/\/blogs.uef.fi\/karjalanelvytys\/yle-uudizet-karjalakse-sanasto-livvinkarjalakse\/","title":{"rendered":"Yle Uudizet karjalakse -sanasto livvinkarjalakse"},"content":{"rendered":"\n<p>Ker\u00e4nnyt karjalan sanakirja- ja sanastoty\u00f6n kurssilla: Jaana Petsalo<br>Tarkistanut: Natalia Giloeva<\/p>\n\n\n\n<p>Sanaston sanat on ker\u00e4tty Ylen karjalankielisist\u00e4 radiouutisista. Ylen karjalankieliset uutiset k\u00e4\u00e4nt\u00e4\u00e4 Natalia Giloeva.<\/p>\n\n\n\n<h2 class=\"wp-block-heading\">A<\/h2>\n\n\n\n<p>aijankohtaine \u2013 ajankohtainen<\/p>\n\n\n\n<p>aijank\u00e4ytt\u00f6tutkimus \u2013 ajank\u00e4ytt\u00f6tutkimus<\/p>\n\n\n\n<p>ajokarti \u2013 ajokortti<\/p>\n\n\n\n<p>alenendu \u2013 lasku<\/p>\n\n\n\n<p>aleta \u2013 laskea<\/p>\n\n\n\n<p>alkohol&#8217;u \u2013 alkoholi<\/p>\n\n\n\n<p>analiziiruija \u2013 analysoida<\/p>\n\n\n\n<p>ando\u017eus \u2013 anteliaisuus<\/p>\n\n\n\n<p>anglii \u2013 englanti (kieli)<\/p>\n\n\n\n<p>arabii \u2013 arabia (kieli)<\/p>\n\n\n\n<p>arvivoija \u2013 arvioida<\/p>\n\n\n\n<p>aziekasmaksu \u2013 asiakasmaksu<\/p>\n\n\n\n<h2 class=\"wp-block-heading\">B<\/h2>\n\n\n\n<p>beton\/betonu \u2013 betoni<\/p>\n\n\n\n<p>bioguazulaitos \u2013 biokaasulaitteisto<\/p>\n\n\n\n<p>bruttokanzantuoteh \u2013 bruttokansantuote<\/p>\n\n\n\n<h2 class=\"wp-block-heading\">\u010c<\/h2>\n\n\n\n<p>\u010derikoudu \u2013 viivakoodi<\/p>\n\n\n\n<p>\u010dotai\u010dendu \u2013 laskelma<\/p>\n\n\n\n<p>\u010d\u00f6keh \u2013 piste<\/p>\n\n\n\n<p>\u010d\u00f6kehgruuzuvuadimus \u2013 pistekuormavaatimus<\/p>\n\n\n\n<h2 class=\"wp-block-heading\">D<\/h2>\n\n\n\n<p>Danii \u2013 Tanska<\/p>\n\n\n\n<p>dengupoliitiekku \u2013 rahapolitiikka<\/p>\n\n\n\n<p>dengutilandeh \u2013 rahatilanne<\/p>\n\n\n\n<p>dogadie \u2013 huomata<\/p>\n\n\n\n<p>dogadindu \u2013 havainto<\/p>\n\n\n\n<p>dokkuyhtiv\u00f6 \u2013 telakkayhti\u00f6<\/p>\n\n\n\n<h2 class=\"wp-block-heading\">E<\/h2>\n\n\n\n<p>ekruanu \u2013 kuvaruutu<\/p>\n\n\n\n<p>ekruanuaigu, ekruanoin ies vietettu aigu \u2013 ruutuaika<\/p>\n\n\n\n<p>Eloikeinoeloksen tutkimuslaitos \u2013 Elinkeinoel\u00e4m\u00e4n tutkimuslaitos<\/p>\n\n\n\n<p>Eloikeinoeloksen valduskundu \u2013 Elinkeinoel\u00e4m\u00e4n valtuuskunta<\/p>\n\n\n\n<p>el\u00e4kehkai\u010duttai \u2013 el\u00e4kevakuuttaja<\/p>\n\n\n\n<p>energienkriizissu \u2013 energiakriisi<\/p>\n\n\n\n<p>energiitevolli\u017eus \u2013 energiateollisuus<\/p>\n\n\n\n<p>energiiyhtiv\u00f6 \u2013 energiayhti\u00f6<\/p>\n\n\n\n<p>ennep\u00e4i-i\u00e4nestys \u2013 ennakko\u00e4\u00e4nestys<\/p>\n\n\n\n<p>en\u00e4mbist\u00f6 \u2013 enemmist\u00f6<\/p>\n\n\n\n<p>eri\u010dysspecialistu \u2013 erityisasiantuntija<\/p>\n\n\n\n<p>Euroviizut \u2013 Euroviisut<\/p>\n\n\n\n<p>ezitutkindu \u2013 esitutkinta<\/p>\n\n\n\n<h2 class=\"wp-block-heading\">F<\/h2>\n\n\n\n<p>fatierulaihin \u2013 asuntolaina<\/p>\n\n\n\n<p>filosofine \u2013 filosofinen<\/p>\n\n\n\n<p>finualu \u2013 finaali<\/p>\n\n\n\n<p>fossiline \u2013 fossiilinen<\/p>\n\n\n\n<h2 class=\"wp-block-heading\">G<\/h2>\n\n\n\n<p>galdarikuolendu \u2013 parvekekuolema<\/p>\n\n\n\n<p>garantiiruija \u2013 taata<\/p>\n\n\n\n<p>globualine \u2013 globaali<\/p>\n\n\n\n<p>gruuzu \u2013 kuorma<\/p>\n\n\n\n<h2 class=\"wp-block-heading\">H<\/h2>\n\n\n\n<p>halli\u010dusnevvottelu \u2013 hallitusneuvottelu<\/p>\n\n\n\n<p>halli\u010duspohju \u2013 hallituspohja<\/p>\n\n\n\n<p>hengil\u00f6karti \u2013 henkil\u00f6kortti<\/p>\n\n\n\n<p>hiilioksidu \u2013 hiilioksidi<\/p>\n\n\n\n<p>hindulippuine \u2013 hintalappu<\/p>\n\n\n\n<p>huovistundu \u2013 halpeneminen<\/p>\n\n\n\n<p>hy\u00f6kk\u00e4vysvoina \u2013 hy\u00f6kk\u00e4yssota<\/p>\n\n\n\n<h2 class=\"wp-block-heading\">I<\/h2>\n\n\n\n<p>ilmanvalvondukoneh \u2013 ilmavalvontalaite<\/p>\n\n\n\n<p>ilmastobarometru \u2013 ilmastobarometri<\/p>\n\n\n\n<p>immunitiettu \u2013 immuniteetti<\/p>\n\n\n\n<p>infl&#8217;acii \u2013 inflaatio<\/p>\n\n\n\n<p>Islandii \u2013 Islanti<\/p>\n\n\n\n<p>i\u00e4nestyspi\u00e4t\u00f6s \u2013 \u00e4\u00e4nestysp\u00e4\u00e4t\u00f6s<\/p>\n\n\n\n<p>i\u00e4nest\u00e4i \u2013 \u00e4\u00e4nest\u00e4j\u00e4<\/p>\n\n\n\n<h2 class=\"wp-block-heading\">K<\/h2>\n\n\n\n<p>kallis metallu, platinujoukon metallu \u2013 jalometalli<\/p>\n\n\n\n<p>kampuani \u2013 kampanja<\/p>\n\n\n\n<p>kanduverkoyhtiv\u00f6 \u2013 kantaverkkoyhti\u00f6<\/p>\n\n\n\n<p>katalizuattoru \u2013 katalysaattori<\/p>\n\n\n\n<p>kerrostaloi \u2013 kerrostalo<\/p>\n\n\n\n<p>kev\u00e4tka\u010dondu \u2013 kev\u00e4tseuranta<\/p>\n\n\n\n<p>kielijoukko \u2013 kieliryhm\u00e4<\/p>\n\n\n\n<p>kiinnitti\u00e4 mieldy \u2013 kiinnostaa<\/p>\n\n\n\n<p>kiinnit\u00e4ndy \u2013 kiristyminen<\/p>\n\n\n\n<p>koditalovus \u2013 kotitalous<\/p>\n\n\n\n<p>kolmasvuitti \u2013 kolmasosa<\/p>\n\n\n\n<p>korgei\u0161kola \u2013 korkeakoulu<\/p>\n\n\n\n<p>koronakriizissu \u2013 koronakriisi<\/p>\n\n\n\n<p>korrupcii \u2013 korruptio<\/p>\n\n\n\n<p>kriizissu \u2013 taantuma<\/p>\n\n\n\n<p>kritikuija \u2013 kritisoida<\/p>\n\n\n\n<p>kunnivodohtoru \u2013 kunniatohtori<\/p>\n\n\n\n<p>kuolendansyyn sellitt\u00e4mine \u2013 kuolemansyyn selvitt\u00e4minen<\/p>\n\n\n\n<p>kuolendantuottamus \u2013 kuolemantuottamus<\/p>\n\n\n\n<h2 class=\"wp-block-heading\">L<\/h2>\n\n\n\n<p>laivuzavodu \u2013 telakka<\/p>\n\n\n\n<p>lekkuo \u2013 liikkuo<\/p>\n\n\n\n<p>levo \u2013 katto<\/p>\n\n\n\n<p>liikehtoimindu \u2013 liiketoiminta<\/p>\n\n\n\n<p>Liikendeh- da viestindyvirrasto \u2013 Liikenne- ja viestint\u00e4virasto (Traficom)<\/p>\n\n\n\n<p>l\u00e4hihoidai \u2013 l\u00e4hihoitaja<\/p>\n\n\n\n<p>l\u00e4\u017eie \u2013 sairastaa<\/p>\n\n\n\n<h2 class=\"wp-block-heading\">M<\/h2>\n\n\n\n<p>mahto \u2013 mahdollisuus<\/p>\n\n\n\n<p>maksua \u2013 kannattaa<\/p>\n\n\n\n<p>ma\u0161in \u2013 auto<\/p>\n\n\n\n<p>metallu \u2013 metalli<\/p>\n\n\n\n<p>mielipidehtiijustelendu \u2013 mielipidekysely<\/p>\n\n\n\n<p>ministerstvu \u2013 ministeri\u00f6<\/p>\n\n\n\n<p>mi\u00e4rykuavu \u2013 mittakaava<\/p>\n\n\n\n<p>monikieline \u2013 monikielinen<\/p>\n\n\n\n<p>muahmuutandu \u2013 maahanmuutti<\/p>\n\n\n\n<p>muahmuuttai \u2013 maahanmuuttaja<\/p>\n\n\n\n<p>muakundu \u2013 maakunta<\/p>\n\n\n\n<p>mulloine \u2013 viimevuotinen<\/p>\n\n\n\n<p>muokata \u2013 rasittaa<\/p>\n\n\n\n<h2 class=\"wp-block-heading\">N<\/h2>\n\n\n\n<p>nevvuo \u2013 suosittaa<\/p>\n\n\n\n<p>nimikeh \u2013 nimike<\/p>\n\n\n\n<p>nouzendu \u2013 nousu<\/p>\n\n\n\n<p>nouzenduvauhti \u2013 nousuvauhti<\/p>\n\n\n\n<p>n\u00e4g\u00f6kandu \u2013 n\u00e4k\u00f6kulma<\/p>\n\n\n\n<h2 class=\"wp-block-heading\">O<\/h2>\n\n\n\n<p>opastujienj\u00e4rjest\u00f6 \u2013 opiskelijaj\u00e4rjest\u00f6<\/p>\n\n\n\n<p>opastundulaihin \u2013 opintolaina<\/p>\n\n\n\n<p>opastus \u2013 koulutus<\/p>\n\n\n\n<p>opastussija \u2013 opiskelupaikka<\/p>\n\n\n\n<p>ostandupluanu \u2013 ostosuunnitelma<\/p>\n\n\n\n<p>ozakas \u2013 onnellinen<\/p>\n\n\n\n<p>ozakkahusraportu \u2013 onnellisuusraportti<\/p>\n\n\n\n<h2 class=\"wp-block-heading\">P<\/h2>\n\n\n\n<p>pagizuttua \u2013 haastatella<\/p>\n\n\n\n<p>pagobutkisto \u2013 pakoputkisto<\/p>\n\n\n\n<p>pakita \u2013 anoa<\/p>\n\n\n\n<p>pakkuo \u2013 pudota<\/p>\n\n\n\n<p>palvelu- da my\u00f6ndyala \u2013 palvelu- ja kaupanala<\/p>\n\n\n\n<p>parluamentuvalli\u010dukset \u2013 eduskuntavaalit<\/p>\n\n\n\n<p>pasportu \u2013 passi<\/p>\n\n\n\n<p>perussuomelazet \u2013 perussuomalaiset<\/p>\n\n\n\n<p>pi\u00e4linnan aloveh \u2013 p\u00e4\u00e4kaupunkiseutu<\/p>\n\n\n\n<p>pi\u00e4st\u00f6t\u00f6i \u2013 p\u00e4\u00e4st\u00f6t\u00f6n<\/p>\n\n\n\n<p>pohjalaine \u2013 pohjalainen<\/p>\n\n\n\n<p>pohjalasmualaine \u2013 pohjoismainen<\/p>\n\n\n\n<p>Pohjas-Pohjanmua \u2013 Pohjois-Pohjanmaa<\/p>\n\n\n\n<p>poikkevustilandeh \u2013 poikkeustilanne<\/p>\n\n\n\n<p>policii \u2013 poliisi<\/p>\n\n\n\n<p>Policiihalli\u010dus \u2013 Poliisihallitus<\/p>\n\n\n\n<p>poltoaineh \u2013 polttoaine<\/p>\n\n\n\n<p>praudu \u2013 totuus<\/p>\n\n\n\n<p>prezidentu \u2013 presidentti<\/p>\n\n\n\n<p>processu \u2013 prosessi<\/p>\n\n\n\n<p>puoloveh \u2013 puolue<\/p>\n\n\n\n<p>puolovehjohtai \u2013 puoluejohtaja<\/p>\n\n\n\n<p>pyrgii \u2013 hakija<\/p>\n\n\n\n<p>pyrgimisaigu \u2013 hakuaika<\/p>\n\n\n\n<p>P\u00e4iv\u00e4nnouzu-Suomi \u2013 It\u00e4-Suomi<\/p>\n\n\n\n<p>P\u00e4iv\u00e4nnouzu-Uuzimua \u2013 It\u00e4-Uusimaa<\/p>\n\n\n\n<p>p\u00e4iv\u00e4zens\u00e4hk\u00f6kapazitiettu \u2013 aurinkos\u00e4hk\u00f6kapasiteetti<\/p>\n\n\n\n<p>p\u00e4iv\u00e4zenvoimulaitos \u2013 aurinkovoimalaitos<\/p>\n\n\n\n<h2 class=\"wp-block-heading\">R<\/h2>\n\n\n\n<p>radarvalvondu \u2013 tutkavalvonta<\/p>\n\n\n\n<p>rahvas \u2013 yleis\u00f6<\/p>\n\n\n\n<p>raveta \u2013 voimistua, kiihty\u00e4<\/p>\n\n\n\n<p>rekordu \u2013 enn\u00e4tys<\/p>\n\n\n\n<p>rippuo \u2013 riippua, olla kiinni<\/p>\n\n\n\n<p>rivitaloi \u2013 rivitalo<\/p>\n\n\n\n<p>ruadoper\u00e4ine \u2013 ty\u00f6per\u00e4inen<\/p>\n\n\n\n<p>ruadov\u00e4gitarveh \u2013 ty\u00f6voiman tarve<\/p>\n\n\n\n<p>ruavonruadai \u2013 ty\u00f6ntekij\u00e4<\/p>\n\n\n\n<p>ruo\u010d\u010di \u2013 ruotsi (kieli)<\/p>\n\n\n\n<p>ruohkuaineh \u2013 raaka-aine<\/p>\n\n\n\n<h2 class=\"wp-block-heading\">S<\/h2>\n\n\n\n<p>sankcii \u2013 pakote<\/p>\n\n\n\n<p>selgokieli \u2013 selkokieli<\/p>\n\n\n\n<p>sellitysmies \u2013 selvitysmies<\/p>\n\n\n\n<p>senzoru \u2013 sensori<\/p>\n\n\n\n<p>si\u00e4sti\u00e4 \u2013 s\u00e4\u00e4st\u00e4\u00e4<\/p>\n\n\n\n<p>sobivuttamistoimi \u2013 sopeuttamistoimi<\/p>\n\n\n\n<p>sociali- da tervehyspalvelut \u2013 sosiaali- ja terveyspalvelut<\/p>\n\n\n\n<p>socialidemokruatut \u2013 sosiaalidemokraatit<\/p>\n\n\n\n<p>socialine \u2013 sosiaalinen<\/p>\n\n\n\n<p>somali \u2013 somali (kieli)<\/p>\n\n\n\n<p>specialistu \u2013 asiantuntija<\/p>\n\n\n\n<p>srojimine \u2013 rakentaminen<\/p>\n\n\n\n<p>statietiekku \u2013 tilasto<\/p>\n\n\n\n<p>Statistiekkukeskus \u2013 Tilastokeskus<\/p>\n\n\n\n<p>sto&#8217;kluluadu \u2013 lasityyppi<\/p>\n\n\n\n<p>Suaristomeri \u2013 Saaristomeri<\/p>\n\n\n\n<p>sud&#8217;d&#8217;ulisto \u2013 tuomaristo<\/p>\n\n\n\n<p>Suomen Banku \u2013 Suomen Pankki<\/p>\n\n\n\n<p>Suvi-Suomi \u2013 Etel\u00e4-Suomi<\/p>\n\n\n\n<p>sy\u00f6mine \u2013 ruoka<\/p>\n\n\n\n<p>s\u00e4hk\u00f6inen \u2013 s\u00e4hk\u00f6inen<\/p>\n\n\n\n<h2 class=\"wp-block-heading\">T<\/h2>\n\n\n\n<p>taksin\u0161ouferi \u2013 taksinkuljettaja<\/p>\n\n\n\n<p>taldehehotandu \u2013 talteenottaminen<\/p>\n\n\n\n<p>talovehelline \u2013 taloudellinen<\/p>\n\n\n\n<p>talovuskazvandu \u2013 talouskasvu<\/p>\n\n\n\n<p>talovuspoliitiekku \u2013 talouspolitiikka<\/p>\n\n\n\n<p>talovusvaigevus \u2013 talousvaikeus<\/p>\n\n\n\n<p>talovusvaikutus \u2013 talousvaikutus<\/p>\n\n\n\n<p>Tambere \u2013 Tampere<\/p>\n\n\n\n<p>tavanmugaine \u2013 tavallinen<\/p>\n\n\n\n<p>tazavaldu \u2013 tasavalta<\/p>\n\n\n\n<p>tehnielline \u2013 tekninen<\/p>\n\n\n\n<p>Tehnolougien tutkimuskeskus (VTT) \u2013 Teknologian tutkimuskeskus (VTT)<\/p>\n\n\n\n<p>teologine \u2013 teologinen<\/p>\n\n\n\n<p>Tervehy\u00f6n da hyvinvoindan laitos \u2013 Terveyden ja hyvinvoinnin laitos THL<\/p>\n\n\n\n<p>tevolline \u2013 teollinen<\/p>\n\n\n\n<p>tevolli\u017eus \u2013 teollisuus<\/p>\n\n\n\n<p>tiedokundu \u2013 tiedekunta<\/p>\n\n\n\n<p>tiemu \u2013 aihe, teema<\/p>\n\n\n\n<p>todevundu \u2013 toteutuminen<\/p>\n\n\n\n<p>torfusuo \u2013 turvesuo<\/p>\n\n\n\n<p>tovestusvalli\u010dendu \u2013 todistusvalinta<\/p>\n\n\n\n<p>tugi \u2013 tuki<\/p>\n\n\n\n<p>tuotandokapazitiettu \u2013 tuotantokapasiteetti<\/p>\n\n\n\n<p>Turgu \u2013 Turku<\/p>\n\n\n\n<p>Turvalli\u017eus- da hiimiekalivirrasto Tukes \u2013 Turvallisuus- ja kemikaalivirasto Tukes<\/p>\n\n\n\n<p>tylgei humalasajelendu \u2013 t\u00f6rke\u00e4 rattijuopumus<\/p>\n\n\n\n<p>t\u00e4yzi-ig\u00e4hine \u2013 t\u00e4ysi-ik\u00e4inen<\/p>\n\n\n\n<h2 class=\"wp-block-heading\">U<\/h2>\n\n\n\n<p>ulgomualastagalaine \u2013 ulkomaalaistaustainen<\/p>\n\n\n\n<p>uuli\u010d\u010dujoukkoveh \u2013 katujengi<\/p>\n\n\n\n<p>uuli\u010d\u010dujoukkovehrikolli\u017eus \u2013 katujengirikollisuus<\/p>\n\n\n\n<p>Uuzimua \u2013 Uusimaa<\/p>\n\n\n\n<h2 class=\"wp-block-heading\">V<\/h2>\n\n\n\n<p>valvidonevvosto \u2013 valtioneuvosto<\/p>\n\n\n\n<p>valli\u010dusbor\u010du \u2013 vaalikamppailu<\/p>\n\n\n\n<p>valli\u010dusekzuamenu \u2013 vaalitentti<\/p>\n\n\n\n<p>valli\u010duspagin \u2013 vaalikeskustelu<\/p>\n\n\n\n<p>valli\u010duspiiri \u2013 vaalipiiri<\/p>\n\n\n\n<p>valli\u010dusp\u00e4ivy \u2013 vaalip\u00e4iv\u00e4<\/p>\n\n\n\n<p>valli\u010dusspecialistu \u2013 vaaliasiantuntija<\/p>\n\n\n\n<p>varrastandu \u2013 varkaus<\/p>\n\n\n\n<p>Varzinas-Suomi \u2013 Varsinais-Suomi<\/p>\n\n\n\n<p>vedi\u00e4 i\u010d\u010die \u2013 k\u00e4ytt\u00e4yty\u00e4<\/p>\n\n\n\n<p>ven&#8217;a \u2013 ven\u00e4j\u00e4 (kieli)<\/p>\n\n\n\n<p>Ven&#8217;an-vastaine \u2013 Ven\u00e4j\u00e4n-vastainen<\/p>\n\n\n\n<p>verkosaitu \u2013 verkkosivu<\/p>\n\n\n\n<p>veroitus \u2013 verotus<\/p>\n\n\n\n<p>vihandu siirdymy \u2013 vihre\u00e4 siirtym\u00e4<\/p>\n\n\n\n<p>voimattomanhoidai \u2013 sairaanhoitaja<\/p>\n\n\n\n<p>vuittifatieru \u2013 osakeasunto<\/p>\n\n\n\n<p>vuozipruazniekku \u2013 vuosijuhla<\/p>\n\n\n\n<p>v\u00e4hys \u2013 v\u00e4h\u00e4isyys<\/p>\n\n\n\n<p>v\u00e4llys \u2013 vapaus<\/p>\n\n\n\n<h2 class=\"wp-block-heading\">Y<\/h2>\n\n\n\n<p>yhteiskunnallinen \u2013 yhteskunnalline<\/p>\n\n\n\n<p>yhtespyrgimine \u2013 yhteishaku<\/p>\n\n\n\n<p>yhtesruado \u2013 yhteisty\u00f6<\/p>\n\n\n\n<p>ymb\u00e4rist\u00f6aktivistu \u2013 ymp\u00e4rist\u00f6aktivisti<\/p>\n\n\n\n<h2 class=\"wp-block-heading\">Z<\/h2>\n\n\n\n<p>zavodie \u2013 aloittaa<\/p>\n","protected":false},"excerpt":{"rendered":"<p>Ker\u00e4nnyt karjalan sanakirja- ja sanastoty\u00f6n kurssilla: Jaana PetsaloTarkistanut: Natalia Giloeva Sanaston sanat on ker\u00e4tty Ylen karjalankielisist\u00e4 radiouutisista. Ylen karjalankieliset uutiset k\u00e4\u00e4nt\u00e4\u00e4 Natalia Giloeva. A aijankohtaine \u2013 ajankohtainen aijank\u00e4ytt\u00f6tutkimus \u2013 ajank\u00e4ytt\u00f6tutkimus ajokarti \u2013 ajokortti alenendu \u2013 lasku aleta \u2013 laskea alkohol&#8217;u \u2013 alkoholi analiziiruija \u2013 analysoida ando\u017eus \u2013 anteliaisuus anglii \u2013 englanti (kieli) arabii \u2013 arabia [&hellip;]<\/p>\n","protected":false},"author":580,"featured_media":0,"parent":0,"menu_order":0,"comment_status":"closed","ping_status":"closed","template":"","meta":{"_acf_changed":false,"footnotes":""},"class_list":["post-11861","page","type-page","status-publish","hentry"],"acf":[],"yoast_head":"<!-- This site is optimized with the Yoast SEO plugin v27.3 - https:\/\/yoast.com\/product\/yoast-seo-wordpress\/ -->\n<title>Yle Uudizet karjalakse -sanasto livvinkarjalakse - Karjalan kielen elvytt\u00e4minen<\/title>\n<meta name=\"robots\" content=\"index, follow, max-snippet:-1, max-image-preview:large, max-video-preview:-1\" \/>\n<link rel=\"canonical\" href=\"https:\/\/blogs.uef.fi\/karjalanelvytys\/yle-uudizet-karjalakse-sanasto-livvinkarjalakse\/\" \/>\n<meta property=\"og:locale\" content=\"fi_FI\" \/>\n<meta property=\"og:type\" content=\"article\" \/>\n<meta property=\"og:title\" content=\"Yle Uudizet karjalakse -sanasto livvinkarjalakse - Karjalan kielen elvytt\u00e4minen\" \/>\n<meta property=\"og:description\" content=\"Ker\u00e4nnyt karjalan sanakirja- ja sanastoty\u00f6n kurssilla: Jaana PetsaloTarkistanut: Natalia Giloeva Sanaston sanat on ker\u00e4tty Ylen karjalankielisist\u00e4 radiouutisista. Ylen karjalankieliset uutiset k\u00e4\u00e4nt\u00e4\u00e4 Natalia Giloeva. A aijankohtaine \u2013 ajankohtainen aijank\u00e4ytt\u00f6tutkimus \u2013 ajank\u00e4ytt\u00f6tutkimus ajokarti \u2013 ajokortti alenendu \u2013 lasku aleta \u2013 laskea alkohol&#8217;u \u2013 alkoholi analiziiruija \u2013 analysoida ando\u017eus \u2013 anteliaisuus anglii \u2013 englanti (kieli) arabii \u2013 arabia [&hellip;]\" \/>\n<meta property=\"og:url\" content=\"https:\/\/blogs.uef.fi\/karjalanelvytys\/yle-uudizet-karjalakse-sanasto-livvinkarjalakse\/\" \/>\n<meta property=\"og:site_name\" content=\"Karjalan kielen elvytt\u00e4minen\" \/>\n<meta property=\"article:modified_time\" content=\"2023-08-29T12:50:59+00:00\" \/>\n<meta name=\"twitter:card\" content=\"summary_large_image\" \/>\n<meta name=\"twitter:label1\" content=\"Arvioitu lukuaika\" \/>\n\t<meta name=\"twitter:data1\" content=\"4 minuuttia\" \/>\n<script type=\"application\/ld+json\" class=\"yoast-schema-graph\">{\"@context\":\"https:\\\/\\\/schema.org\",\"@graph\":[{\"@type\":\"WebPage\",\"@id\":\"https:\\\/\\\/blogs.uef.fi\\\/karjalanelvytys\\\/yle-uudizet-karjalakse-sanasto-livvinkarjalakse\\\/\",\"url\":\"https:\\\/\\\/blogs.uef.fi\\\/karjalanelvytys\\\/yle-uudizet-karjalakse-sanasto-livvinkarjalakse\\\/\",\"name\":\"Yle Uudizet karjalakse -sanasto livvinkarjalakse - Karjalan kielen elvytt\u00e4minen\",\"isPartOf\":{\"@id\":\"https:\\\/\\\/blogs.uef.fi\\\/karjalanelvytys\\\/#website\"},\"datePublished\":\"2023-08-24T07:18:31+00:00\",\"dateModified\":\"2023-08-29T12:50:59+00:00\",\"breadcrumb\":{\"@id\":\"https:\\\/\\\/blogs.uef.fi\\\/karjalanelvytys\\\/yle-uudizet-karjalakse-sanasto-livvinkarjalakse\\\/#breadcrumb\"},\"inLanguage\":\"fi\",\"potentialAction\":[{\"@type\":\"ReadAction\",\"target\":[\"https:\\\/\\\/blogs.uef.fi\\\/karjalanelvytys\\\/yle-uudizet-karjalakse-sanasto-livvinkarjalakse\\\/\"]}]},{\"@type\":\"BreadcrumbList\",\"@id\":\"https:\\\/\\\/blogs.uef.fi\\\/karjalanelvytys\\\/yle-uudizet-karjalakse-sanasto-livvinkarjalakse\\\/#breadcrumb\",\"itemListElement\":[{\"@type\":\"ListItem\",\"position\":1,\"name\":\"Home\",\"item\":\"https:\\\/\\\/blogs.uef.fi\\\/karjalanelvytys\\\/\"},{\"@type\":\"ListItem\",\"position\":2,\"name\":\"Yle Uudizet karjalakse -sanasto livvinkarjalakse\"}]},{\"@type\":\"WebSite\",\"@id\":\"https:\\\/\\\/blogs.uef.fi\\\/karjalanelvytys\\\/#website\",\"url\":\"https:\\\/\\\/blogs.uef.fi\\\/karjalanelvytys\\\/\",\"name\":\"Karjalan kielen elvytt\u00e4minen\",\"description\":\"\",\"potentialAction\":[{\"@type\":\"SearchAction\",\"target\":{\"@type\":\"EntryPoint\",\"urlTemplate\":\"https:\\\/\\\/blogs.uef.fi\\\/karjalanelvytys\\\/?s={search_term_string}\"},\"query-input\":{\"@type\":\"PropertyValueSpecification\",\"valueRequired\":true,\"valueName\":\"search_term_string\"}}],\"inLanguage\":\"fi\"}]}<\/script>\n<!-- \/ Yoast SEO plugin. -->","yoast_head_json":{"title":"Yle Uudizet karjalakse -sanasto livvinkarjalakse - Karjalan kielen elvytt\u00e4minen","robots":{"index":"index","follow":"follow","max-snippet":"max-snippet:-1","max-image-preview":"max-image-preview:large","max-video-preview":"max-video-preview:-1"},"canonical":"https:\/\/blogs.uef.fi\/karjalanelvytys\/yle-uudizet-karjalakse-sanasto-livvinkarjalakse\/","og_locale":"fi_FI","og_type":"article","og_title":"Yle Uudizet karjalakse -sanasto livvinkarjalakse - Karjalan kielen elvytt\u00e4minen","og_description":"Ker\u00e4nnyt karjalan sanakirja- ja sanastoty\u00f6n kurssilla: Jaana PetsaloTarkistanut: Natalia Giloeva Sanaston sanat on ker\u00e4tty Ylen karjalankielisist\u00e4 radiouutisista. Ylen karjalankieliset uutiset k\u00e4\u00e4nt\u00e4\u00e4 Natalia Giloeva. A aijankohtaine \u2013 ajankohtainen aijank\u00e4ytt\u00f6tutkimus \u2013 ajank\u00e4ytt\u00f6tutkimus ajokarti \u2013 ajokortti alenendu \u2013 lasku aleta \u2013 laskea alkohol&#8217;u \u2013 alkoholi analiziiruija \u2013 analysoida ando\u017eus \u2013 anteliaisuus anglii \u2013 englanti (kieli) arabii \u2013 arabia [&hellip;]","og_url":"https:\/\/blogs.uef.fi\/karjalanelvytys\/yle-uudizet-karjalakse-sanasto-livvinkarjalakse\/","og_site_name":"Karjalan kielen elvytt\u00e4minen","article_modified_time":"2023-08-29T12:50:59+00:00","twitter_card":"summary_large_image","twitter_misc":{"Arvioitu lukuaika":"4 minuuttia"},"schema":{"@context":"https:\/\/schema.org","@graph":[{"@type":"WebPage","@id":"https:\/\/blogs.uef.fi\/karjalanelvytys\/yle-uudizet-karjalakse-sanasto-livvinkarjalakse\/","url":"https:\/\/blogs.uef.fi\/karjalanelvytys\/yle-uudizet-karjalakse-sanasto-livvinkarjalakse\/","name":"Yle Uudizet karjalakse -sanasto livvinkarjalakse - Karjalan kielen elvytt\u00e4minen","isPartOf":{"@id":"https:\/\/blogs.uef.fi\/karjalanelvytys\/#website"},"datePublished":"2023-08-24T07:18:31+00:00","dateModified":"2023-08-29T12:50:59+00:00","breadcrumb":{"@id":"https:\/\/blogs.uef.fi\/karjalanelvytys\/yle-uudizet-karjalakse-sanasto-livvinkarjalakse\/#breadcrumb"},"inLanguage":"fi","potentialAction":[{"@type":"ReadAction","target":["https:\/\/blogs.uef.fi\/karjalanelvytys\/yle-uudizet-karjalakse-sanasto-livvinkarjalakse\/"]}]},{"@type":"BreadcrumbList","@id":"https:\/\/blogs.uef.fi\/karjalanelvytys\/yle-uudizet-karjalakse-sanasto-livvinkarjalakse\/#breadcrumb","itemListElement":[{"@type":"ListItem","position":1,"name":"Home","item":"https:\/\/blogs.uef.fi\/karjalanelvytys\/"},{"@type":"ListItem","position":2,"name":"Yle Uudizet karjalakse -sanasto livvinkarjalakse"}]},{"@type":"WebSite","@id":"https:\/\/blogs.uef.fi\/karjalanelvytys\/#website","url":"https:\/\/blogs.uef.fi\/karjalanelvytys\/","name":"Karjalan kielen elvytt\u00e4minen","description":"","potentialAction":[{"@type":"SearchAction","target":{"@type":"EntryPoint","urlTemplate":"https:\/\/blogs.uef.fi\/karjalanelvytys\/?s={search_term_string}"},"query-input":{"@type":"PropertyValueSpecification","valueRequired":true,"valueName":"search_term_string"}}],"inLanguage":"fi"}]}},"_links":{"self":[{"href":"https:\/\/blogs.uef.fi\/karjalanelvytys\/wp-json\/wp\/v2\/pages\/11861","targetHints":{"allow":["GET"]}}],"collection":[{"href":"https:\/\/blogs.uef.fi\/karjalanelvytys\/wp-json\/wp\/v2\/pages"}],"about":[{"href":"https:\/\/blogs.uef.fi\/karjalanelvytys\/wp-json\/wp\/v2\/types\/page"}],"author":[{"embeddable":true,"href":"https:\/\/blogs.uef.fi\/karjalanelvytys\/wp-json\/wp\/v2\/users\/580"}],"replies":[{"embeddable":true,"href":"https:\/\/blogs.uef.fi\/karjalanelvytys\/wp-json\/wp\/v2\/comments?post=11861"}],"version-history":[{"count":2,"href":"https:\/\/blogs.uef.fi\/karjalanelvytys\/wp-json\/wp\/v2\/pages\/11861\/revisions"}],"predecessor-version":[{"id":12022,"href":"https:\/\/blogs.uef.fi\/karjalanelvytys\/wp-json\/wp\/v2\/pages\/11861\/revisions\/12022"}],"wp:attachment":[{"href":"https:\/\/blogs.uef.fi\/karjalanelvytys\/wp-json\/wp\/v2\/media?parent=11861"}],"curies":[{"name":"wp","href":"https:\/\/api.w.org\/{rel}","templated":true}]}}