{"id":11561,"date":"2023-08-21T11:46:59","date_gmt":"2023-08-21T08:46:59","guid":{"rendered":"https:\/\/blogs.uef.fi\/karjalanelvytys\/?page_id=11561"},"modified":"2023-08-21T11:46:59","modified_gmt":"2023-08-21T08:46:59","slug":"lauri-luukkonen-yheksa-haikuu","status":"publish","type":"page","link":"https:\/\/blogs.uef.fi\/karjalanelvytys\/lauri-luukkonen-yheksa-haikuu\/","title":{"rendered":"Lauri Luukkonen: Yheks\u00e4 haikuu"},"content":{"rendered":"\n<p>Oligo minun<\/p>\n\n\n\n<p>lapsuon kezil en\u00e4mbi<\/p>\n\n\n\n<p>liipukkastu?<\/p>\n\n\n\n<p>*<\/p>\n\n\n\n<p><\/p>\n\n\n\n<p>&#8221;Vie hengis olet?&#8221;,<\/p>\n\n\n\n<p>diivui\u010d\u010di dovari\u0161\u0161u,<\/p>\n\n\n\n<p>ku eht\u00e4l zvoniin.<\/p>\n\n\n\n<p>*<\/p>\n\n\n\n<p><\/p>\n\n\n\n<p>Hos yksin\u00e4ine<\/p>\n\n\n\n<p>olen, \u010di\u010diliu\u0161kun ker<\/p>\n\n\n\n<p>en vie pagize.<\/p>\n\n\n\n<p>*<\/p>\n\n\n\n<p><\/p>\n\n\n\n<p>\u0160l\u00f6p\u00f6i hyppel\u00f6y<\/p>\n\n\n\n<p>kez\u00e4y\u00f6n mugavunnuol<\/p>\n\n\n\n<p>pihanurmikol.<\/p>\n\n\n\n<p>*<\/p>\n\n\n\n<p><\/p>\n\n\n\n<p>El\u00e4n kuolijas<\/p>\n\n\n\n<p>kyl\u00e4s, ga ruadokohtu<\/p>\n\n\n\n<p>pid\u00e4s hommata.<\/p>\n\n\n\n<p>*<\/p>\n\n\n\n<p><\/p>\n\n\n\n<p>Nikonzu ei sua<\/p>\n\n\n\n<p>tiedi\u00e4, min\u00e4 pi\u00e4n<\/p>\n\n\n\n<p>puutut \u0161eikkailuh.<\/p>\n\n\n\n<p>*<\/p>\n\n\n\n<p><\/p>\n\n\n\n<p>Puadari pihas.<\/p>\n\n\n\n<p>L\u00e4mmin \u010duajukuppine<\/p>\n\n\n\n<p>harmai kui ilmu.<\/p>\n\n\n\n<p>*<\/p>\n\n\n\n<p><\/p>\n\n\n\n<p>Sygyzys talveh,<\/p>\n\n\n\n<p>kevi\u00e4s kez\u00e4h pahuttu<\/p>\n\n\n\n<p>da \u010domuttu n\u00e4in.<\/p>\n\n\n\n<p>*<\/p>\n\n\n\n<p><\/p>\n\n\n\n<p>Yhty sunustu<\/p>\n\n\n\n<p>sinusp\u00e4i vie paki\u010den,<\/p>\n\n\n\n<p>urhakko piirdin.<\/p>\n\n\n\n<p><\/p>\n\n\n\n<figure class=\"wp-block-image size-medium\"><img loading=\"lazy\" decoding=\"async\" width=\"300\" height=\"225\" src=\"https:\/\/blogs.uef.fi\/karjalanelvytys\/wp-content\/uploads\/sites\/155\/2023\/08\/butterfly-85628_1280-300x225.jpg\" alt=\"\" class=\"wp-image-11564\" srcset=\"https:\/\/blogs.uef.fi\/karjalanelvytys\/wp-content\/uploads\/sites\/155\/2023\/08\/butterfly-85628_1280-300x225.jpg 300w, https:\/\/blogs.uef.fi\/karjalanelvytys\/wp-content\/uploads\/sites\/155\/2023\/08\/butterfly-85628_1280-1024x768.jpg 1024w, https:\/\/blogs.uef.fi\/karjalanelvytys\/wp-content\/uploads\/sites\/155\/2023\/08\/butterfly-85628_1280-768x576.jpg 768w, https:\/\/blogs.uef.fi\/karjalanelvytys\/wp-content\/uploads\/sites\/155\/2023\/08\/butterfly-85628_1280.jpg 1280w\" sizes=\"auto, (max-width: 300px) 100vw, 300px\" \/><figcaption class=\"wp-element-caption\">Kuva: Pixabay<\/figcaption><\/figure>\n","protected":false},"excerpt":{"rendered":"<p>Oligo minun lapsuon kezil en\u00e4mbi liipukkastu? * &#8221;Vie hengis olet?&#8221;, diivui\u010d\u010di dovari\u0161\u0161u, ku eht\u00e4l zvoniin. * Hos yksin\u00e4ine olen, \u010di\u010diliu\u0161kun ker en vie pagize. * \u0160l\u00f6p\u00f6i hyppel\u00f6y kez\u00e4y\u00f6n mugavunnuol pihanurmikol. * El\u00e4n kuolijas kyl\u00e4s, ga ruadokohtu pid\u00e4s hommata. * Nikonzu ei sua tiedi\u00e4, min\u00e4 pi\u00e4n puutut \u0161eikkailuh. * Puadari pihas. L\u00e4mmin \u010duajukuppine harmai kui ilmu. [&hellip;]<\/p>\n","protected":false},"author":580,"featured_media":0,"parent":0,"menu_order":0,"comment_status":"closed","ping_status":"closed","template":"","meta":{"_acf_changed":false,"footnotes":""},"class_list":["post-11561","page","type-page","status-publish","hentry"],"acf":[],"yoast_head":"<!-- This site is optimized with the Yoast SEO plugin v27.1.1 - https:\/\/yoast.com\/product\/yoast-seo-wordpress\/ -->\n<title>Lauri Luukkonen: Yheks\u00e4 haikuu - Karjalan kielen elvytt\u00e4minen<\/title>\n<meta name=\"robots\" content=\"index, follow, max-snippet:-1, max-image-preview:large, max-video-preview:-1\" \/>\n<link rel=\"canonical\" href=\"https:\/\/blogs.uef.fi\/karjalanelvytys\/lauri-luukkonen-yheksa-haikuu\/\" \/>\n<meta property=\"og:locale\" content=\"fi_FI\" \/>\n<meta property=\"og:type\" content=\"article\" \/>\n<meta property=\"og:title\" content=\"Lauri Luukkonen: Yheks\u00e4 haikuu - Karjalan kielen elvytt\u00e4minen\" \/>\n<meta property=\"og:description\" content=\"Oligo minun lapsuon kezil en\u00e4mbi liipukkastu? * &#8221;Vie hengis olet?&#8221;, diivui\u010d\u010di dovari\u0161\u0161u, ku eht\u00e4l zvoniin. * Hos yksin\u00e4ine olen, \u010di\u010diliu\u0161kun ker en vie pagize. * \u0160l\u00f6p\u00f6i hyppel\u00f6y kez\u00e4y\u00f6n mugavunnuol pihanurmikol. * El\u00e4n kuolijas kyl\u00e4s, ga ruadokohtu pid\u00e4s hommata. * Nikonzu ei sua tiedi\u00e4, min\u00e4 pi\u00e4n puutut \u0161eikkailuh. * Puadari pihas. L\u00e4mmin \u010duajukuppine harmai kui ilmu. [&hellip;]\" \/>\n<meta property=\"og:url\" content=\"https:\/\/blogs.uef.fi\/karjalanelvytys\/lauri-luukkonen-yheksa-haikuu\/\" \/>\n<meta property=\"og:site_name\" content=\"Karjalan kielen elvytt\u00e4minen\" \/>\n<meta property=\"og:image\" content=\"https:\/\/blogs.uef.fi\/karjalanelvytys\/wp-content\/uploads\/sites\/155\/2023\/08\/butterfly-85628_1280-300x225.jpg\" \/>\n<meta name=\"twitter:card\" content=\"summary_large_image\" \/>\n<meta name=\"twitter:label1\" content=\"Arvioitu lukuaika\" \/>\n\t<meta name=\"twitter:data1\" content=\"1 minuutti\" \/>\n<script type=\"application\/ld+json\" class=\"yoast-schema-graph\">{\"@context\":\"https:\/\/schema.org\",\"@graph\":[{\"@type\":\"WebPage\",\"@id\":\"https:\/\/blogs.uef.fi\/karjalanelvytys\/lauri-luukkonen-yheksa-haikuu\/\",\"url\":\"https:\/\/blogs.uef.fi\/karjalanelvytys\/lauri-luukkonen-yheksa-haikuu\/\",\"name\":\"Lauri Luukkonen: Yheks\u00e4 haikuu - Karjalan kielen elvytt\u00e4minen\",\"isPartOf\":{\"@id\":\"https:\/\/blogs.uef.fi\/karjalanelvytys\/#website\"},\"primaryImageOfPage\":{\"@id\":\"https:\/\/blogs.uef.fi\/karjalanelvytys\/lauri-luukkonen-yheksa-haikuu\/#primaryimage\"},\"image\":{\"@id\":\"https:\/\/blogs.uef.fi\/karjalanelvytys\/lauri-luukkonen-yheksa-haikuu\/#primaryimage\"},\"thumbnailUrl\":\"https:\/\/blogs.uef.fi\/karjalanelvytys\/wp-content\/uploads\/sites\/155\/2023\/08\/butterfly-85628_1280-300x225.jpg\",\"datePublished\":\"2023-08-21T08:46:59+00:00\",\"breadcrumb\":{\"@id\":\"https:\/\/blogs.uef.fi\/karjalanelvytys\/lauri-luukkonen-yheksa-haikuu\/#breadcrumb\"},\"inLanguage\":\"fi\",\"potentialAction\":[{\"@type\":\"ReadAction\",\"target\":[\"https:\/\/blogs.uef.fi\/karjalanelvytys\/lauri-luukkonen-yheksa-haikuu\/\"]}]},{\"@type\":\"ImageObject\",\"inLanguage\":\"fi\",\"@id\":\"https:\/\/blogs.uef.fi\/karjalanelvytys\/lauri-luukkonen-yheksa-haikuu\/#primaryimage\",\"url\":\"https:\/\/blogs.uef.fi\/karjalanelvytys\/wp-content\/uploads\/sites\/155\/2023\/08\/butterfly-85628_1280.jpg\",\"contentUrl\":\"https:\/\/blogs.uef.fi\/karjalanelvytys\/wp-content\/uploads\/sites\/155\/2023\/08\/butterfly-85628_1280.jpg\",\"width\":1280,\"height\":960,\"caption\":\"Kuva: Pixabay\"},{\"@type\":\"BreadcrumbList\",\"@id\":\"https:\/\/blogs.uef.fi\/karjalanelvytys\/lauri-luukkonen-yheksa-haikuu\/#breadcrumb\",\"itemListElement\":[{\"@type\":\"ListItem\",\"position\":1,\"name\":\"Home\",\"item\":\"https:\/\/blogs.uef.fi\/karjalanelvytys\/\"},{\"@type\":\"ListItem\",\"position\":2,\"name\":\"Lauri Luukkonen: Yheks\u00e4 haikuu\"}]},{\"@type\":\"WebSite\",\"@id\":\"https:\/\/blogs.uef.fi\/karjalanelvytys\/#website\",\"url\":\"https:\/\/blogs.uef.fi\/karjalanelvytys\/\",\"name\":\"Karjalan kielen elvytt\u00e4minen\",\"description\":\"\",\"potentialAction\":[{\"@type\":\"SearchAction\",\"target\":{\"@type\":\"EntryPoint\",\"urlTemplate\":\"https:\/\/blogs.uef.fi\/karjalanelvytys\/?s={search_term_string}\"},\"query-input\":{\"@type\":\"PropertyValueSpecification\",\"valueRequired\":true,\"valueName\":\"search_term_string\"}}],\"inLanguage\":\"fi\"}]}<\/script>\n<!-- \/ Yoast SEO plugin. -->","yoast_head_json":{"title":"Lauri Luukkonen: Yheks\u00e4 haikuu - Karjalan kielen elvytt\u00e4minen","robots":{"index":"index","follow":"follow","max-snippet":"max-snippet:-1","max-image-preview":"max-image-preview:large","max-video-preview":"max-video-preview:-1"},"canonical":"https:\/\/blogs.uef.fi\/karjalanelvytys\/lauri-luukkonen-yheksa-haikuu\/","og_locale":"fi_FI","og_type":"article","og_title":"Lauri Luukkonen: Yheks\u00e4 haikuu - Karjalan kielen elvytt\u00e4minen","og_description":"Oligo minun lapsuon kezil en\u00e4mbi liipukkastu? * &#8221;Vie hengis olet?&#8221;, diivui\u010d\u010di dovari\u0161\u0161u, ku eht\u00e4l zvoniin. * Hos yksin\u00e4ine olen, \u010di\u010diliu\u0161kun ker en vie pagize. * \u0160l\u00f6p\u00f6i hyppel\u00f6y kez\u00e4y\u00f6n mugavunnuol pihanurmikol. * El\u00e4n kuolijas kyl\u00e4s, ga ruadokohtu pid\u00e4s hommata. * Nikonzu ei sua tiedi\u00e4, min\u00e4 pi\u00e4n puutut \u0161eikkailuh. * Puadari pihas. L\u00e4mmin \u010duajukuppine harmai kui ilmu. [&hellip;]","og_url":"https:\/\/blogs.uef.fi\/karjalanelvytys\/lauri-luukkonen-yheksa-haikuu\/","og_site_name":"Karjalan kielen elvytt\u00e4minen","og_image":[{"url":"https:\/\/blogs.uef.fi\/karjalanelvytys\/wp-content\/uploads\/sites\/155\/2023\/08\/butterfly-85628_1280-300x225.jpg","type":"","width":"","height":""}],"twitter_card":"summary_large_image","twitter_misc":{"Arvioitu lukuaika":"1 minuutti"},"schema":{"@context":"https:\/\/schema.org","@graph":[{"@type":"WebPage","@id":"https:\/\/blogs.uef.fi\/karjalanelvytys\/lauri-luukkonen-yheksa-haikuu\/","url":"https:\/\/blogs.uef.fi\/karjalanelvytys\/lauri-luukkonen-yheksa-haikuu\/","name":"Lauri Luukkonen: Yheks\u00e4 haikuu - Karjalan kielen elvytt\u00e4minen","isPartOf":{"@id":"https:\/\/blogs.uef.fi\/karjalanelvytys\/#website"},"primaryImageOfPage":{"@id":"https:\/\/blogs.uef.fi\/karjalanelvytys\/lauri-luukkonen-yheksa-haikuu\/#primaryimage"},"image":{"@id":"https:\/\/blogs.uef.fi\/karjalanelvytys\/lauri-luukkonen-yheksa-haikuu\/#primaryimage"},"thumbnailUrl":"https:\/\/blogs.uef.fi\/karjalanelvytys\/wp-content\/uploads\/sites\/155\/2023\/08\/butterfly-85628_1280-300x225.jpg","datePublished":"2023-08-21T08:46:59+00:00","breadcrumb":{"@id":"https:\/\/blogs.uef.fi\/karjalanelvytys\/lauri-luukkonen-yheksa-haikuu\/#breadcrumb"},"inLanguage":"fi","potentialAction":[{"@type":"ReadAction","target":["https:\/\/blogs.uef.fi\/karjalanelvytys\/lauri-luukkonen-yheksa-haikuu\/"]}]},{"@type":"ImageObject","inLanguage":"fi","@id":"https:\/\/blogs.uef.fi\/karjalanelvytys\/lauri-luukkonen-yheksa-haikuu\/#primaryimage","url":"https:\/\/blogs.uef.fi\/karjalanelvytys\/wp-content\/uploads\/sites\/155\/2023\/08\/butterfly-85628_1280.jpg","contentUrl":"https:\/\/blogs.uef.fi\/karjalanelvytys\/wp-content\/uploads\/sites\/155\/2023\/08\/butterfly-85628_1280.jpg","width":1280,"height":960,"caption":"Kuva: Pixabay"},{"@type":"BreadcrumbList","@id":"https:\/\/blogs.uef.fi\/karjalanelvytys\/lauri-luukkonen-yheksa-haikuu\/#breadcrumb","itemListElement":[{"@type":"ListItem","position":1,"name":"Home","item":"https:\/\/blogs.uef.fi\/karjalanelvytys\/"},{"@type":"ListItem","position":2,"name":"Lauri Luukkonen: Yheks\u00e4 haikuu"}]},{"@type":"WebSite","@id":"https:\/\/blogs.uef.fi\/karjalanelvytys\/#website","url":"https:\/\/blogs.uef.fi\/karjalanelvytys\/","name":"Karjalan kielen elvytt\u00e4minen","description":"","potentialAction":[{"@type":"SearchAction","target":{"@type":"EntryPoint","urlTemplate":"https:\/\/blogs.uef.fi\/karjalanelvytys\/?s={search_term_string}"},"query-input":{"@type":"PropertyValueSpecification","valueRequired":true,"valueName":"search_term_string"}}],"inLanguage":"fi"}]}},"_links":{"self":[{"href":"https:\/\/blogs.uef.fi\/karjalanelvytys\/wp-json\/wp\/v2\/pages\/11561","targetHints":{"allow":["GET"]}}],"collection":[{"href":"https:\/\/blogs.uef.fi\/karjalanelvytys\/wp-json\/wp\/v2\/pages"}],"about":[{"href":"https:\/\/blogs.uef.fi\/karjalanelvytys\/wp-json\/wp\/v2\/types\/page"}],"author":[{"embeddable":true,"href":"https:\/\/blogs.uef.fi\/karjalanelvytys\/wp-json\/wp\/v2\/users\/580"}],"replies":[{"embeddable":true,"href":"https:\/\/blogs.uef.fi\/karjalanelvytys\/wp-json\/wp\/v2\/comments?post=11561"}],"version-history":[{"count":2,"href":"https:\/\/blogs.uef.fi\/karjalanelvytys\/wp-json\/wp\/v2\/pages\/11561\/revisions"}],"predecessor-version":[{"id":11570,"href":"https:\/\/blogs.uef.fi\/karjalanelvytys\/wp-json\/wp\/v2\/pages\/11561\/revisions\/11570"}],"wp:attachment":[{"href":"https:\/\/blogs.uef.fi\/karjalanelvytys\/wp-json\/wp\/v2\/media?parent=11561"}],"curies":[{"name":"wp","href":"https:\/\/api.w.org\/{rel}","templated":true}]}}