{"id":11464,"date":"2023-08-21T10:18:44","date_gmt":"2023-08-21T07:18:44","guid":{"rendered":"https:\/\/blogs.uef.fi\/karjalanelvytys\/?page_id=11464"},"modified":"2026-01-21T15:31:41","modified_gmt":"2026-01-21T13:31:41","slug":"videot","status":"publish","type":"page","link":"https:\/\/blogs.uef.fi\/karjalanelvytys\/videot\/","title":{"rendered":"Videot"},"content":{"rendered":"<p>Karjalan kieli el\u00e4y -opetusvideot: <a href=\"https:\/\/blogs.uef.fi\/karjalanelvytys\/opetusvideot\/\">linkki opetusvideoiden p\u00e4\u00e4sivulle<\/a><\/p>\n<p>Karjalaine i\u00e4ni -videosarja: <a href=\"https:\/\/blogs.uef.fi\/karjalanelvytys\/karjalaine-iani\/\">linkki videoihin<\/a><\/p>\n<p>Katerina da Mi\u0161a opassetah suvikarjalua -videot: <a href=\"https:\/\/blogs.uef.fi\/karjalanelvytys\/katerina-da-misa-opassetah-suvikarjalua\/\">linkki videoihin<\/a><\/p>\n<p>Olga ta Jelena paissah -videot: <a href=\"https:\/\/blogs.uef.fi\/karjalanelvytys\/olga-ta-jelena-paissah-videot\/\">linkki videoihin<\/a><\/p>\n<p>K\u00f6yk\u00e4n Outin starinoja Vuokkinieme\u0161\u0161\u00e4 vuotena 1968 -videot: <a href=\"https:\/\/www.youtube.com\/@Vuokkiniemi-seura\" target=\"_blank\" rel=\"noopener\">linkki videoihin YouTubessa<\/a><\/p>\n<p>K\u00f6yk\u00e4n Outin starinat. Kuuntelet, ka\u010dot, opa\u0161\u0161ut: <a href=\"https:\/\/blogs.uef.fi\/karjalanelvytys\/koykan-outin-pakinat-kuuntelet-kacot-opassut\/\" target=\"_blank\" rel=\"noopener\">linkki videoitten esittelyyn blogissa<\/a><\/p>\n<p>Flammie Pirisen kieliteknologialuento: <a href=\"https:\/\/blogs.uef.fi\/karjalanelvytys\/flammie-pirisen-kieliteknologialuento\/\">linkki luentoon<\/a><\/p>\n<p>Ka\u010do ymp\u00e4rihis ta \u0161anele mit\u00e4 ni\u00e4t tahi ruat -videopakinat vienankarjalak\u0161i: <a href=\"https:\/\/blogs.uef.fi\/karjalanelvytys\/kaco-ymparihis-ta-sanele-mita-niat-tahi-ruat-videopakinat\/\">linkki videoihin<\/a><\/p>\n<p>Ig\u00e4 el\u00e4, ig\u00e4 opastu \u2013 ka\u010dahtus livvinkarjalah (2019): <a href=\"https:\/\/blogs.uef.fi\/karjalanelvytys\/livvinkarjalan-kielikurssi-2019\/\">linkki opetusvideoihin<\/a><\/p>\n<p>Karjalan kielen tutkimuskysymyksi\u00e4 koskevat videot (2019): <a href=\"https:\/\/blogs.uef.fi\/karjalanelvytys\/karjalan-kielen-tutkimuskysymyksia-2019\/\">linkki videoihin<\/a><\/p>\n<p>Karjalankieliset karaokevideot: <a href=\"https:\/\/www.youtube.com\/playlist?list=PLw0VjnWyWcwbHbZUvpDbRiGlML3zLXdkh\">linkki videoihin Youtubessa<\/a><\/p>\n\n\n<p><\/p>\n","protected":false},"excerpt":{"rendered":"<p>Karjalan kieli el\u00e4y -opetusvideot: linkki opetusvideoiden p\u00e4\u00e4sivulle Karjalaine i\u00e4ni -videosarja: linkki videoihin Katerina da Mi\u0161a opassetah suvikarjalua -videot: linkki videoihin Olga ta Jelena paissah -videot: linkki videoihin K\u00f6yk\u00e4n Outin starinoja Vuokkinieme\u0161\u0161\u00e4 vuotena 1968 -videot: linkki videoihin YouTubessa K\u00f6yk\u00e4n Outin starinat. Kuuntelet, ka\u010dot, opa\u0161\u0161ut: linkki videoitten esittelyyn blogissa Flammie Pirisen kieliteknologialuento: linkki luentoon Ka\u010do ymp\u00e4rihis ta [&hellip;]<\/p>\n","protected":false},"author":580,"featured_media":0,"parent":0,"menu_order":0,"comment_status":"closed","ping_status":"closed","template":"","meta":{"_acf_changed":false,"footnotes":""},"class_list":["post-11464","page","type-page","status-publish","hentry"],"acf":[],"yoast_head":"<!-- This site is optimized with the Yoast SEO plugin v27.3 - https:\/\/yoast.com\/product\/yoast-seo-wordpress\/ -->\n<title>Videot - Karjalan kielen elvytt\u00e4minen<\/title>\n<meta name=\"robots\" content=\"index, follow, max-snippet:-1, max-image-preview:large, max-video-preview:-1\" \/>\n<link rel=\"canonical\" href=\"https:\/\/blogs.uef.fi\/karjalanelvytys\/videot\/\" \/>\n<meta property=\"og:locale\" content=\"fi_FI\" \/>\n<meta property=\"og:type\" content=\"article\" \/>\n<meta property=\"og:title\" content=\"Videot - Karjalan kielen elvytt\u00e4minen\" \/>\n<meta property=\"og:description\" content=\"Karjalan kieli el\u00e4y -opetusvideot: linkki opetusvideoiden p\u00e4\u00e4sivulle Karjalaine i\u00e4ni -videosarja: linkki videoihin Katerina da Mi\u0161a opassetah suvikarjalua -videot: linkki videoihin Olga ta Jelena paissah -videot: linkki videoihin K\u00f6yk\u00e4n Outin starinoja Vuokkinieme\u0161\u0161\u00e4 vuotena 1968 -videot: linkki videoihin YouTubessa K\u00f6yk\u00e4n Outin starinat. Kuuntelet, ka\u010dot, opa\u0161\u0161ut: linkki videoitten esittelyyn blogissa Flammie Pirisen kieliteknologialuento: linkki luentoon Ka\u010do ymp\u00e4rihis ta [&hellip;]\" \/>\n<meta property=\"og:url\" content=\"https:\/\/blogs.uef.fi\/karjalanelvytys\/videot\/\" \/>\n<meta property=\"og:site_name\" content=\"Karjalan kielen elvytt\u00e4minen\" \/>\n<meta property=\"article:modified_time\" content=\"2026-01-21T13:31:41+00:00\" \/>\n<meta name=\"twitter:card\" content=\"summary_large_image\" \/>\n<meta name=\"twitter:label1\" content=\"Arvioitu lukuaika\" \/>\n\t<meta name=\"twitter:data1\" content=\"1 minuutti\" \/>\n<script type=\"application\/ld+json\" class=\"yoast-schema-graph\">{\"@context\":\"https:\\\/\\\/schema.org\",\"@graph\":[{\"@type\":\"WebPage\",\"@id\":\"https:\\\/\\\/blogs.uef.fi\\\/karjalanelvytys\\\/videot\\\/\",\"url\":\"https:\\\/\\\/blogs.uef.fi\\\/karjalanelvytys\\\/videot\\\/\",\"name\":\"Videot - Karjalan kielen elvytt\u00e4minen\",\"isPartOf\":{\"@id\":\"https:\\\/\\\/blogs.uef.fi\\\/karjalanelvytys\\\/#website\"},\"datePublished\":\"2023-08-21T07:18:44+00:00\",\"dateModified\":\"2026-01-21T13:31:41+00:00\",\"breadcrumb\":{\"@id\":\"https:\\\/\\\/blogs.uef.fi\\\/karjalanelvytys\\\/videot\\\/#breadcrumb\"},\"inLanguage\":\"fi\",\"potentialAction\":[{\"@type\":\"ReadAction\",\"target\":[\"https:\\\/\\\/blogs.uef.fi\\\/karjalanelvytys\\\/videot\\\/\"]}]},{\"@type\":\"BreadcrumbList\",\"@id\":\"https:\\\/\\\/blogs.uef.fi\\\/karjalanelvytys\\\/videot\\\/#breadcrumb\",\"itemListElement\":[{\"@type\":\"ListItem\",\"position\":1,\"name\":\"Home\",\"item\":\"https:\\\/\\\/blogs.uef.fi\\\/karjalanelvytys\\\/\"},{\"@type\":\"ListItem\",\"position\":2,\"name\":\"Videot\"}]},{\"@type\":\"WebSite\",\"@id\":\"https:\\\/\\\/blogs.uef.fi\\\/karjalanelvytys\\\/#website\",\"url\":\"https:\\\/\\\/blogs.uef.fi\\\/karjalanelvytys\\\/\",\"name\":\"Karjalan kielen elvytt\u00e4minen\",\"description\":\"\",\"potentialAction\":[{\"@type\":\"SearchAction\",\"target\":{\"@type\":\"EntryPoint\",\"urlTemplate\":\"https:\\\/\\\/blogs.uef.fi\\\/karjalanelvytys\\\/?s={search_term_string}\"},\"query-input\":{\"@type\":\"PropertyValueSpecification\",\"valueRequired\":true,\"valueName\":\"search_term_string\"}}],\"inLanguage\":\"fi\"}]}<\/script>\n<!-- \/ Yoast SEO plugin. -->","yoast_head_json":{"title":"Videot - Karjalan kielen elvytt\u00e4minen","robots":{"index":"index","follow":"follow","max-snippet":"max-snippet:-1","max-image-preview":"max-image-preview:large","max-video-preview":"max-video-preview:-1"},"canonical":"https:\/\/blogs.uef.fi\/karjalanelvytys\/videot\/","og_locale":"fi_FI","og_type":"article","og_title":"Videot - Karjalan kielen elvytt\u00e4minen","og_description":"Karjalan kieli el\u00e4y -opetusvideot: linkki opetusvideoiden p\u00e4\u00e4sivulle Karjalaine i\u00e4ni -videosarja: linkki videoihin Katerina da Mi\u0161a opassetah suvikarjalua -videot: linkki videoihin Olga ta Jelena paissah -videot: linkki videoihin K\u00f6yk\u00e4n Outin starinoja Vuokkinieme\u0161\u0161\u00e4 vuotena 1968 -videot: linkki videoihin YouTubessa K\u00f6yk\u00e4n Outin starinat. Kuuntelet, ka\u010dot, opa\u0161\u0161ut: linkki videoitten esittelyyn blogissa Flammie Pirisen kieliteknologialuento: linkki luentoon Ka\u010do ymp\u00e4rihis ta [&hellip;]","og_url":"https:\/\/blogs.uef.fi\/karjalanelvytys\/videot\/","og_site_name":"Karjalan kielen elvytt\u00e4minen","article_modified_time":"2026-01-21T13:31:41+00:00","twitter_card":"summary_large_image","twitter_misc":{"Arvioitu lukuaika":"1 minuutti"},"schema":{"@context":"https:\/\/schema.org","@graph":[{"@type":"WebPage","@id":"https:\/\/blogs.uef.fi\/karjalanelvytys\/videot\/","url":"https:\/\/blogs.uef.fi\/karjalanelvytys\/videot\/","name":"Videot - Karjalan kielen elvytt\u00e4minen","isPartOf":{"@id":"https:\/\/blogs.uef.fi\/karjalanelvytys\/#website"},"datePublished":"2023-08-21T07:18:44+00:00","dateModified":"2026-01-21T13:31:41+00:00","breadcrumb":{"@id":"https:\/\/blogs.uef.fi\/karjalanelvytys\/videot\/#breadcrumb"},"inLanguage":"fi","potentialAction":[{"@type":"ReadAction","target":["https:\/\/blogs.uef.fi\/karjalanelvytys\/videot\/"]}]},{"@type":"BreadcrumbList","@id":"https:\/\/blogs.uef.fi\/karjalanelvytys\/videot\/#breadcrumb","itemListElement":[{"@type":"ListItem","position":1,"name":"Home","item":"https:\/\/blogs.uef.fi\/karjalanelvytys\/"},{"@type":"ListItem","position":2,"name":"Videot"}]},{"@type":"WebSite","@id":"https:\/\/blogs.uef.fi\/karjalanelvytys\/#website","url":"https:\/\/blogs.uef.fi\/karjalanelvytys\/","name":"Karjalan kielen elvytt\u00e4minen","description":"","potentialAction":[{"@type":"SearchAction","target":{"@type":"EntryPoint","urlTemplate":"https:\/\/blogs.uef.fi\/karjalanelvytys\/?s={search_term_string}"},"query-input":{"@type":"PropertyValueSpecification","valueRequired":true,"valueName":"search_term_string"}}],"inLanguage":"fi"}]}},"_links":{"self":[{"href":"https:\/\/blogs.uef.fi\/karjalanelvytys\/wp-json\/wp\/v2\/pages\/11464","targetHints":{"allow":["GET"]}}],"collection":[{"href":"https:\/\/blogs.uef.fi\/karjalanelvytys\/wp-json\/wp\/v2\/pages"}],"about":[{"href":"https:\/\/blogs.uef.fi\/karjalanelvytys\/wp-json\/wp\/v2\/types\/page"}],"author":[{"embeddable":true,"href":"https:\/\/blogs.uef.fi\/karjalanelvytys\/wp-json\/wp\/v2\/users\/580"}],"replies":[{"embeddable":true,"href":"https:\/\/blogs.uef.fi\/karjalanelvytys\/wp-json\/wp\/v2\/comments?post=11464"}],"version-history":[{"count":2,"href":"https:\/\/blogs.uef.fi\/karjalanelvytys\/wp-json\/wp\/v2\/pages\/11464\/revisions"}],"predecessor-version":[{"id":23203,"href":"https:\/\/blogs.uef.fi\/karjalanelvytys\/wp-json\/wp\/v2\/pages\/11464\/revisions\/23203"}],"wp:attachment":[{"href":"https:\/\/blogs.uef.fi\/karjalanelvytys\/wp-json\/wp\/v2\/media?parent=11464"}],"curies":[{"name":"wp","href":"https:\/\/api.w.org\/{rel}","templated":true}]}}

<p>Karjalan kieli eläy -opetusvideot: <a href="https://blogs.uef.fi/karjalanelvytys/opetusvideot/">linkki opetusvideoiden pääsivulle</a></p>
<p>Karjalaine iäni -videosarja: <a href="https://blogs.uef.fi/karjalanelvytys/karjalaine-iani/">linkki videoihin</a></p>
<p>Katerina da Miša opassetah suvikarjalua -videot: <a href="https://blogs.uef.fi/karjalanelvytys/katerina-da-misa-opassetah-suvikarjalua/">linkki videoihin</a></p>
<p>Olga ta Jelena paissah -videot: <a href="https://blogs.uef.fi/karjalanelvytys/olga-ta-jelena-paissah-videot/">linkki videoihin</a></p>
<p>Köykän Outin starinoja Vuokkiniemeššä vuotena 1968 -videot: <a href="https://www.youtube.com/@Vuokkiniemi-seura" target="_blank" rel="noopener">linkki videoihin YouTubessa</a></p>
<p>Köykän Outin starinat. Kuuntelet, kačot, opaššut: <a href="https://blogs.uef.fi/karjalanelvytys/koykan-outin-pakinat-kuuntelet-kacot-opassut/" target="_blank" rel="noopener">linkki videoitten esittelyyn blogissa</a></p>
<p>Flammie Pirisen kieliteknologialuento: <a href="https://blogs.uef.fi/karjalanelvytys/flammie-pirisen-kieliteknologialuento/">linkki luentoon</a></p>
<p>Kačo ympärihis ta šanele mitä niät tahi ruat -videopakinat vienankarjalakši: <a href="https://blogs.uef.fi/karjalanelvytys/kaco-ymparihis-ta-sanele-mita-niat-tahi-ruat-videopakinat/">linkki videoihin</a></p>
<p>Igä elä, igä opastu – kačahtus livvinkarjalah (2019): <a href="https://blogs.uef.fi/karjalanelvytys/livvinkarjalan-kielikurssi-2019/">linkki opetusvideoihin</a></p>
<p>Karjalan kielen tutkimuskysymyksiä koskevat videot (2019): <a href="https://blogs.uef.fi/karjalanelvytys/karjalan-kielen-tutkimuskysymyksia-2019/">linkki videoihin</a></p>
<p>Karjalankieliset karaokevideot: <a href="https://www.youtube.com/playlist?list=PLw0VjnWyWcwbHbZUvpDbRiGlML3zLXdkh">linkki videoihin Youtubessa</a></p>


<p></p>

<p>Karjalan kieli eläy -opetusvideot: linkki opetusvideoiden pääsivulle Karjalaine iäni -videosarja: linkki videoihin Katerina da Miša opassetah suvikarjalua -videot: linkki videoihin Olga ta Jelena paissah -videot: linkki videoihin Köykän Outin starinoja Vuokkiniemeššä vuotena 1968 -videot: linkki videoihin YouTubessa Köykän Outin starinat. Kuuntelet, kačot, opaššut: linkki videoitten esittelyyn blogissa Flammie Pirisen kieliteknologialuento: linkki luentoon Kačo ympärihis ta [&hellip;]</p>

<!-- This site is optimized with the Yoast SEO plugin v27.3 - https://yoast.com/product/yoast-seo-wordpress/ -->
<title>Videot - Karjalan kielen elvyttäminen</title>
<meta name="robots" content="index, follow, max-snippet:-1, max-image-preview:large, max-video-preview:-1" />
<link rel="canonical" href="https://blogs.uef.fi/karjalanelvytys/videot/" />
<meta property="og:locale" content="fi_FI" />
<meta property="og:type" content="article" />
<meta property="og:title" content="Videot - Karjalan kielen elvyttäminen" />
<meta property="og:description" content="Karjalan kieli eläy -opetusvideot: linkki opetusvideoiden pääsivulle Karjalaine iäni -videosarja: linkki videoihin Katerina da Miša opassetah suvikarjalua -videot: linkki videoihin Olga ta Jelena paissah -videot: linkki videoihin Köykän Outin starinoja Vuokkiniemeššä vuotena 1968 -videot: linkki videoihin YouTubessa Köykän Outin starinat. Kuuntelet, kačot, opaššut: linkki videoitten esittelyyn blogissa Flammie Pirisen kieliteknologialuento: linkki luentoon Kačo ympärihis ta [&hellip;]" />
<meta property="og:url" content="https://blogs.uef.fi/karjalanelvytys/videot/" />
<meta property="og:site_name" content="Karjalan kielen elvyttäminen" />
<meta property="article:modified_time" content="2026-01-21T13:31:41+00:00" />
<meta name="twitter:card" content="summary_large_image" />
<meta name="twitter:label1" content="Arvioitu lukuaika" />
	<meta name="twitter:data1" content="1 minuutti" />
<script type="application/ld+json" class="yoast-schema-graph">{"@context":"https:\/\/schema.org","@graph":[{"@type":"WebPage","@id":"https:\/\/blogs.uef.fi\/karjalanelvytys\/videot\/","url":"https:\/\/blogs.uef.fi\/karjalanelvytys\/videot\/","name":"Videot - Karjalan kielen elvyttäminen","isPartOf":{"@id":"https:\/\/blogs.uef.fi\/karjalanelvytys\/#website"},"datePublished":"2023-08-21T07:18:44+00:00","dateModified":"2026-01-21T13:31:41+00:00","breadcrumb":{"@id":"https:\/\/blogs.uef.fi\/karjalanelvytys\/videot\/#breadcrumb"},"inLanguage":"fi","potentialAction":[{"@type":"ReadAction","target":["https:\/\/blogs.uef.fi\/karjalanelvytys\/videot\/"]}]},{"@type":"BreadcrumbList","@id":"https:\/\/blogs.uef.fi\/karjalanelvytys\/videot\/#breadcrumb","itemListElement":[{"@type":"ListItem","position":1,"name":"Home","item":"https:\/\/blogs.uef.fi\/karjalanelvytys\/"},{"@type":"ListItem","position":2,"name":"Videot"}]},{"@type":"WebSite","@id":"https:\/\/blogs.uef.fi\/karjalanelvytys\/#website","url":"https:\/\/blogs.uef.fi\/karjalanelvytys\/","name":"Karjalan kielen elvyttäminen","description":"","potentialAction":[{"@type":"SearchAction","target":{"@type":"EntryPoint","urlTemplate":"https:\/\/blogs.uef.fi\/karjalanelvytys\/?s={search_term_string}"},"query-input":{"@type":"PropertyValueSpecification","valueRequired":true,"valueName":"search_term_string"}}],"inLanguage":"fi"}]}</script>
<!-- / Yoast SEO plugin. -->

Videot - Karjalan kielen elvyttäminen

Karjalan kieli eläy -opetusvideot: linkki opetusvideoiden pääsivulle Karjalaine iäni -videosarja: linkki videoihin Katerina da Miša opassetah suvikarjalua -videot: linkki videoihin Olga ta Jelena paissah -videot: linkki videoihin Köykän Outin starinoja Vuokkiniemeššä vuotena 1968 -videot: linkki videoihin YouTubessa Köykän Outin starinat. Kuuntelet, kačot, opaššut: linkki videoitten esittelyyn blogissa Flammie Pirisen kieliteknologialuento: linkki luentoon Kačo ympärihis ta [&hellip;]

Karjalan kielen elvyttäminen
