{"version":"1.0","provider_name":"Karjalan kielen elvytt\u00e4minen","provider_url":"https:\/\/blogs.uef.fi\/karjalanelvytys","title":"Vuoropakinat vienankarjalak\u0161i ta niijen ki\u00e4nn\u00f6k\u0161et \u0161uomek\u0161i - Karjalan kielen elvytt\u00e4minen","type":"rich","width":600,"height":338,"html":"<blockquote class=\"wp-embedded-content\" data-secret=\"YDLpV3VY1z\"><a href=\"https:\/\/blogs.uef.fi\/karjalanelvytys\/vuoropakinat-vienankarjalaksi-ta-niijen-kiannokset-suomeksi\/\">Vuoropakinat vienankarjalak\u0161i ta niijen ki\u00e4nn\u00f6k\u0161et \u0161uomek\u0161i<\/a><\/blockquote><iframe sandbox=\"allow-scripts\" security=\"restricted\" src=\"https:\/\/blogs.uef.fi\/karjalanelvytys\/vuoropakinat-vienankarjalaksi-ta-niijen-kiannokset-suomeksi\/embed\/#?secret=YDLpV3VY1z\" width=\"600\" height=\"338\" title=\"&#8221;Vuoropakinat vienankarjalak\u0161i ta niijen ki\u00e4nn\u00f6k\u0161et \u0161uomek\u0161i&#8221; &#8212; Karjalan kielen elvytt\u00e4minen\" data-secret=\"YDLpV3VY1z\" frameborder=\"0\" marginwidth=\"0\" marginheight=\"0\" scrolling=\"no\" class=\"wp-embedded-content\"><\/iframe><script type=\"text\/javascript\">\n\/* <![CDATA[ *\/\n\/*! This file is auto-generated *\/\n!function(d,l){\"use strict\";l.querySelector&&d.addEventListener&&\"undefined\"!=typeof URL&&(d.wp=d.wp||{},d.wp.receiveEmbedMessage||(d.wp.receiveEmbedMessage=function(e){var t=e.data;if((t||t.secret||t.message||t.value)&&!\/[^a-zA-Z0-9]\/.test(t.secret)){for(var s,r,n,a=l.querySelectorAll('iframe[data-secret=\"'+t.secret+'\"]'),o=l.querySelectorAll('blockquote[data-secret=\"'+t.secret+'\"]'),c=new RegExp(\"^https?:$\",\"i\"),i=0;i<o.length;i++)o[i].style.display=\"none\";for(i=0;i<a.length;i++)s=a[i],e.source===s.contentWindow&&(s.removeAttribute(\"style\"),\"height\"===t.message?(1e3<(r=parseInt(t.value,10))?r=1e3:~~r<200&&(r=200),s.height=r):\"link\"===t.message&&(r=new URL(s.getAttribute(\"src\")),n=new URL(t.value),c.test(n.protocol))&&n.host===r.host&&l.activeElement===s&&(d.top.location.href=t.value))}},d.addEventListener(\"message\",d.wp.receiveEmbedMessage,!1),l.addEventListener(\"DOMContentLoaded\",function(){for(var e,t,s=l.querySelectorAll(\"iframe.wp-embedded-content\"),r=0;r<s.length;r++)(t=(e=s[r]).getAttribute(\"data-secret\"))||(t=Math.random().toString(36).substring(2,12),e.src+=\"#?secret=\"+t,e.setAttribute(\"data-secret\",t)),e.contentWindow.postMessage({message:\"ready\",secret:t},\"*\")},!1)))}(window,document);\n\/\/# sourceURL=https:\/\/blogs.uef.fi\/karjalanelvytys\/wp-includes\/js\/wp-embed.min.js\n\/* ]]> *\/\n<\/script>\n","description":"P\u00e4iv\u00e4nnou\u0161u-\u0160uomen yliopisson vienankarjalan pakinakur\u0161\u0161i 2023 &nbsp; Kotiruavok\u0161i opa\u0161tujat luajittih vuoropakinat, kumpasissa piti k\u00e4ytty\u00e4 erimoista pakina\u0161anua. Lis\u00e4teht\u00e4v\u00e4n\u00e4 oli ki\u00e4nty\u00e4 dialogit \u0161uomek\u0161i. &nbsp; Ruatop\u00e4iv\u00e4n j\u00e4lkeh Kirjuttan Irma &nbsp; Tovarissat n\u00e4keyvyttih ruatop\u00e4iv\u00e4n j\u00e4lkeh. \u2013 Terveh! Huomena tulen kostih! Vuota! \u2013 Terveh! Vot \u0161ei hyv\u00e4! Huomena l\u00e4hemm\u00e4 yhe\u0161\u0161\u00e4 luistelomah. \u2013 En mie ka\u010do l\u00e4he! Mih aikah oletta koissa? \u2013 [&hellip;]","thumbnail_url":"https:\/\/cdn.pixabay.com\/photo\/2015\/12\/08\/05\/58\/ice-skates-1082514__340.jpg"}

Karjalan kielen elvyttäminen

Vuoropakinat vienankarjalakši ta niijen kiännökšet šuomekši - Karjalan kielen elvyttäminen

<blockquote class="wp-embedded-content" data-secret="YDLpV3VY1z"><a href="https://blogs.uef.fi/karjalanelvytys/vuoropakinat-vienankarjalaksi-ta-niijen-kiannokset-suomeksi/">Vuoropakinat vienankarjalakši ta niijen kiännökšet šuomekši</a></blockquote><iframe sandbox="allow-scripts" security="restricted" src="https://blogs.uef.fi/karjalanelvytys/vuoropakinat-vienankarjalaksi-ta-niijen-kiannokset-suomeksi/embed/#?secret=YDLpV3VY1z" width="600" height="338" title="&#8221;Vuoropakinat vienankarjalakši ta niijen kiännökšet šuomekši&#8221; &#8212; Karjalan kielen elvyttäminen" data-secret="YDLpV3VY1z" frameborder="0" marginwidth="0" marginheight="0" scrolling="no" class="wp-embedded-content"></iframe><script type="text/javascript">
/* <![CDATA[ */
/*! This file is auto-generated */
!function(d,l){"use strict";l.querySelector&&d.addEventListener&&"undefined"!=typeof URL&&(d.wp=d.wp||{},d.wp.receiveEmbedMessage||(d.wp.receiveEmbedMessage=function(e){var t=e.data;if((t||t.secret||t.message||t.value)&&!/[^a-zA-Z0-9]/.test(t.secret)){for(var s,r,n,a=l.querySelectorAll('iframe[data-secret="'+t.secret+'"]'),o=l.querySelectorAll('blockquote[data-secret="'+t.secret+'"]'),c=new RegExp("^https?:$","i"),i=0;i<o.length;i++)o[i].style.display="none";for(i=0;i<a.length;i++)s=a[i],e.source===s.contentWindow&&(s.removeAttribute("style"),"height"===t.message?(1e3<(r=parseInt(t.value,10))?r=1e3:~~r<200&&(r=200),s.height=r):"link"===t.message&&(r=new URL(s.getAttribute("src")),n=new URL(t.value),c.test(n.protocol))&&n.host===r.host&&l.activeElement===s&&(d.top.location.href=t.value))}},d.addEventListener("message",d.wp.receiveEmbedMessage,!1),l.addEventListener("DOMContentLoaded",function(){for(var e,t,s=l.querySelectorAll("iframe.wp-embedded-content"),r=0;r<s.length;r++)(t=(e=s[r]).getAttribute("data-secret"))||(t=Math.random().toString(36).substring(2,12),e.src+="#?secret="+t,e.setAttribute("data-secret",t)),e.contentWindow.postMessage({message:"ready",secret:t},"*")},!1)))}(window,document);
//# sourceURL=https://blogs.uef.fi/karjalanelvytys/wp-includes/js/wp-embed.min.js
/* ]]> */
</script>

Päivännoušu-Šuomen yliopisson vienankarjalan pakinakuršši 2023 &nbsp; Kotiruavokši opaštujat luajittih vuoropakinat, kumpasissa piti käyttyä erimoista pakinašanua. Lisätehtävänä oli kiäntyä dialogit šuomekši. &nbsp; Ruatopäivän jälkeh Kirjuttan Irma &nbsp; Tovarissat näkeyvyttih ruatopäivän jälkeh. – Terveh! Huomena tulen kostih! Vuota! – Terveh! Vot šei hyvä! Huomena lähemmä yheššä luistelomah. – En mie kačo lähe! Mih aikah oletta koissa? – [&hellip;]
