{"version":"1.0","provider_name":"Karjalan kielen elvytt\u00e4minen","provider_url":"https:\/\/blogs.uef.fi\/karjalanelvytys","title":"Muutoksia elvytyshankkeen blogissa 21.8. - Karjalan kielen elvytt\u00e4minen","type":"rich","width":600,"height":338,"html":"<blockquote class=\"wp-embedded-content\" data-secret=\"hwTZjMKdYE\"><a href=\"https:\/\/blogs.uef.fi\/karjalanelvytys\/2023\/08\/18\/muutoksia-elvytyshankkeen-blogissa-21-8\/\">Muutoksia elvytyshankkeen blogissa 21.8.<\/a><\/blockquote><iframe sandbox=\"allow-scripts\" security=\"restricted\" src=\"https:\/\/blogs.uef.fi\/karjalanelvytys\/2023\/08\/18\/muutoksia-elvytyshankkeen-blogissa-21-8\/embed\/#?secret=hwTZjMKdYE\" width=\"600\" height=\"338\" title=\"&#8221;Muutoksia elvytyshankkeen blogissa 21.8.&#8221; &#8212; Karjalan kielen elvytt\u00e4minen\" data-secret=\"hwTZjMKdYE\" frameborder=\"0\" marginwidth=\"0\" marginheight=\"0\" scrolling=\"no\" class=\"wp-embedded-content\"><\/iframe><script type=\"text\/javascript\">\n\/* <![CDATA[ *\/\n\/*! This file is auto-generated *\/\n!function(d,l){\"use strict\";l.querySelector&&d.addEventListener&&\"undefined\"!=typeof URL&&(d.wp=d.wp||{},d.wp.receiveEmbedMessage||(d.wp.receiveEmbedMessage=function(e){var t=e.data;if((t||t.secret||t.message||t.value)&&!\/[^a-zA-Z0-9]\/.test(t.secret)){for(var s,r,n,a=l.querySelectorAll('iframe[data-secret=\"'+t.secret+'\"]'),o=l.querySelectorAll('blockquote[data-secret=\"'+t.secret+'\"]'),c=new RegExp(\"^https?:$\",\"i\"),i=0;i<o.length;i++)o[i].style.display=\"none\";for(i=0;i<a.length;i++)s=a[i],e.source===s.contentWindow&&(s.removeAttribute(\"style\"),\"height\"===t.message?(1e3<(r=parseInt(t.value,10))?r=1e3:~~r<200&&(r=200),s.height=r):\"link\"===t.message&&(r=new URL(s.getAttribute(\"src\")),n=new URL(t.value),c.test(n.protocol))&&n.host===r.host&&l.activeElement===s&&(d.top.location.href=t.value))}},d.addEventListener(\"message\",d.wp.receiveEmbedMessage,!1),l.addEventListener(\"DOMContentLoaded\",function(){for(var e,t,s=l.querySelectorAll(\"iframe.wp-embedded-content\"),r=0;r<s.length;r++)(t=(e=s[r]).getAttribute(\"data-secret\"))||(t=Math.random().toString(36).substring(2,12),e.src+=\"#?secret=\"+t,e.setAttribute(\"data-secret\",t)),e.contentWindow.postMessage({message:\"ready\",secret:t},\"*\")},!1)))}(window,document);\n\/\/# sourceURL=https:\/\/blogs.uef.fi\/karjalanelvytys\/wp-includes\/js\/wp-embed.min.js\n\/* ]]> *\/\n<\/script>\n","description":"Elvytyshankkeen blogissa tehtiin uudistuksia maanantaina 21.8. Uudistuksen aikana blogin ulkoasu ja valikkorakenne muutettiin aiempaa selke\u00e4mmiksi. Suurimmat muutosty\u00f6t on nyt saatu loppuun. Blogin etusivun osoite ja esimerkiksi yksitt\u00e4isten sivujen ja sanastojen osoitteet ovat yksitt\u00e4isi\u00e4 poikkeuksia lukuun ottamatta pysyneet samoina. Jos olet jakanut elvytyshankkeen sis\u00e4lt\u00f6j\u00e4 verkossa, kannattaa blogiin johtavat linkit kuitenkin tarkistaa ja tarvittaessa p\u00e4ivitt\u00e4\u00e4. Blogiin voi [&hellip;]"}

Karjalan kielen elvyttäminen

Muutoksia elvytyshankkeen blogissa 21.8. - Karjalan kielen elvyttäminen

<blockquote class="wp-embedded-content" data-secret="hwTZjMKdYE"><a href="https://blogs.uef.fi/karjalanelvytys/2023/08/18/muutoksia-elvytyshankkeen-blogissa-21-8/">Muutoksia elvytyshankkeen blogissa 21.8.</a></blockquote><iframe sandbox="allow-scripts" security="restricted" src="https://blogs.uef.fi/karjalanelvytys/2023/08/18/muutoksia-elvytyshankkeen-blogissa-21-8/embed/#?secret=hwTZjMKdYE" width="600" height="338" title="&#8221;Muutoksia elvytyshankkeen blogissa 21.8.&#8221; &#8212; Karjalan kielen elvyttäminen" data-secret="hwTZjMKdYE" frameborder="0" marginwidth="0" marginheight="0" scrolling="no" class="wp-embedded-content"></iframe><script type="text/javascript">
/* <![CDATA[ */
/*! This file is auto-generated */
!function(d,l){"use strict";l.querySelector&&d.addEventListener&&"undefined"!=typeof URL&&(d.wp=d.wp||{},d.wp.receiveEmbedMessage||(d.wp.receiveEmbedMessage=function(e){var t=e.data;if((t||t.secret||t.message||t.value)&&!/[^a-zA-Z0-9]/.test(t.secret)){for(var s,r,n,a=l.querySelectorAll('iframe[data-secret="'+t.secret+'"]'),o=l.querySelectorAll('blockquote[data-secret="'+t.secret+'"]'),c=new RegExp("^https?:$","i"),i=0;i<o.length;i++)o[i].style.display="none";for(i=0;i<a.length;i++)s=a[i],e.source===s.contentWindow&&(s.removeAttribute("style"),"height"===t.message?(1e3<(r=parseInt(t.value,10))?r=1e3:~~r<200&&(r=200),s.height=r):"link"===t.message&&(r=new URL(s.getAttribute("src")),n=new URL(t.value),c.test(n.protocol))&&n.host===r.host&&l.activeElement===s&&(d.top.location.href=t.value))}},d.addEventListener("message",d.wp.receiveEmbedMessage,!1),l.addEventListener("DOMContentLoaded",function(){for(var e,t,s=l.querySelectorAll("iframe.wp-embedded-content"),r=0;r<s.length;r++)(t=(e=s[r]).getAttribute("data-secret"))||(t=Math.random().toString(36).substring(2,12),e.src+="#?secret="+t,e.setAttribute("data-secret",t)),e.contentWindow.postMessage({message:"ready",secret:t},"*")},!1)))}(window,document);
//# sourceURL=https://blogs.uef.fi/karjalanelvytys/wp-includes/js/wp-embed.min.js
/* ]]> */
</script>

Elvytyshankkeen blogissa tehtiin uudistuksia maanantaina 21.8. Uudistuksen aikana blogin ulkoasu ja valikkorakenne muutettiin aiempaa selkeämmiksi. Suurimmat muutostyöt on nyt saatu loppuun. Blogin etusivun osoite ja esimerkiksi yksittäisten sivujen ja sanastojen osoitteet ovat yksittäisiä poikkeuksia lukuun ottamatta pysyneet samoina. Jos olet jakanut elvytyshankkeen sisältöjä verkossa, kannattaa blogiin johtavat linkit kuitenkin tarkistaa ja tarvittaessa päivittää. Blogiin voi [&hellip;]
