{"id":3,"date":"2018-05-25T08:45:06","date_gmt":"2018-05-25T08:45:06","guid":{"rendered":"https:\/\/blogs.uef.fi\/kaikkihimassa\/?page_id=2"},"modified":"2023-12-14T11:03:02","modified_gmt":"2023-12-14T11:03:02","slug":"tietoa-blogista","status":"publish","type":"page","link":"https:\/\/blogs.uef.fi\/kaikkihimassa\/tietoa-blogista\/","title":{"rendered":"Blogista |  About blog"},"content":{"rendered":"\n<p>It\u00e4-Suomen yliopiston <a href=\"http:\/\/www.uef.fi\/fi\/web\/geohistoria\/\">historia- ja maantieteiden laitos<\/a> on tilan, ajan ja ymp\u00e4rist\u00f6n keskin\u00e4isi\u00e4 vaikutuksia tutkiva, uutta tietoa luova monitieteinen tiedeyhteis\u00f6 ja yli 500 opiskelijan yhteis\u00f6. Keskitymme rajojen ja syrj\u00e4seutujen, ymp\u00e4rist\u00f6n ja kest\u00e4v\u00e4n kehityksen sek\u00e4 hyvinvoinnin tutkimiseen ja annamme t\u00e4h\u00e4n perustuvaa korkeatasoista opetusta historiassa, maantieteiss\u00e4 ja ymp\u00e4rist\u00f6politiikassa.<\/p>\n\n\n\n<p>Historia- ja maantieteiden laitos kuuluu yhteiskuntatieteiden ja kauppatieteiden tiedekuntaan. Toimimme Joensuun kampuksella.<\/p>\n\n\n\n<p>&#8221;Kaikki HiMassa&#8221; on laitoksen henkil\u00f6kunnan ja opiskelijoiden yhteinen blogikanava. Ennen vuotta 2018 julkaistut blogikirjoitukset l\u00f6ytyv\u00e4t osoitteesta: <a href=\"http:\/\/himablogi.blogspot.fi\/\">http:\/\/himablogi.blogspot.fi\/<\/a>.<\/p>\n\n\n\n<p><a href=\"http:\/\/www.uef.fi\/en\/web\/geohistoria\/home\">The Department of Geographical and Historical Studies<\/a> of the University of Eastern Finland is an innovative, multi-disciplinary department with over 500 students. Research focuses on the borders and peripheries, environment and sustainability as well as well-being of society. It offers high-quality teaching in environmental policy, geography and history.<\/p>\n\n\n\n<p>The Department of Geographical and Historical Studies is one of the departments of the Faculty of Social Sciences and Business Studies. The department is located in the City of Joensuu.<\/p>\n\n\n\n<p>&#8221;All in Hima&#8221; is a blog for the department&#8217;s staff and students.&nbsp; Blogs published before year 2018 can be found from websisite: <a href=\"http:\/\/himablogi.blogspot.fi\/\">http:\/\/himablogi.blogspot.fi\/<\/a>.<\/p>\n","protected":false},"excerpt":{"rendered":"<p>It\u00e4-Suomen yliopiston historia- ja maantieteiden laitos on tilan, ajan ja ymp\u00e4rist\u00f6n keskin\u00e4isi\u00e4 vaikutuksia tutkiva, uutta tietoa luova monitieteinen tiedeyhteis\u00f6 ja yli 500 opiskelijan yhteis\u00f6. Keskitymme rajojen ja syrj\u00e4seutujen, ymp\u00e4rist\u00f6n ja kest\u00e4v\u00e4n kehityksen sek\u00e4 hyvinvoinnin tutkimiseen ja annamme t\u00e4h\u00e4n perustuvaa korkeatasoista opetusta historiassa, maantieteiss\u00e4 ja ymp\u00e4rist\u00f6politiikassa. Historia- ja maantieteiden laitos kuuluu yhteiskuntatieteiden ja kauppatieteiden tiedekuntaan. Toimimme [&hellip;]<\/p>\n","protected":false},"author":1,"featured_media":0,"parent":0,"menu_order":0,"comment_status":"closed","ping_status":"open","template":"","meta":{"_acf_changed":false,"footnotes":""},"class_list":["post-3","page","type-page","status-publish","hentry"],"acf":[],"yoast_head":"<!-- This site is optimized with the Yoast SEO plugin v27.3 - https:\/\/yoast.com\/product\/yoast-seo-wordpress\/ -->\n<title>Blogista | About blog - Kaikki HiMassa | All things HiMa<\/title>\n<meta name=\"robots\" content=\"index, follow, max-snippet:-1, max-image-preview:large, max-video-preview:-1\" \/>\n<link rel=\"canonical\" href=\"https:\/\/blogs.uef.fi\/kaikkihimassa\/tietoa-blogista\/\" \/>\n<meta property=\"og:locale\" content=\"fi_FI\" \/>\n<meta property=\"og:type\" content=\"article\" \/>\n<meta property=\"og:title\" content=\"Blogista | About blog - Kaikki HiMassa | All things HiMa\" \/>\n<meta property=\"og:description\" content=\"It\u00e4-Suomen yliopiston historia- ja maantieteiden laitos on tilan, ajan ja ymp\u00e4rist\u00f6n keskin\u00e4isi\u00e4 vaikutuksia tutkiva, uutta tietoa luova monitieteinen tiedeyhteis\u00f6 ja yli 500 opiskelijan yhteis\u00f6. Keskitymme rajojen ja syrj\u00e4seutujen, ymp\u00e4rist\u00f6n ja kest\u00e4v\u00e4n kehityksen sek\u00e4 hyvinvoinnin tutkimiseen ja annamme t\u00e4h\u00e4n perustuvaa korkeatasoista opetusta historiassa, maantieteiss\u00e4 ja ymp\u00e4rist\u00f6politiikassa. Historia- ja maantieteiden laitos kuuluu yhteiskuntatieteiden ja kauppatieteiden tiedekuntaan. Toimimme [&hellip;]\" \/>\n<meta property=\"og:url\" content=\"https:\/\/blogs.uef.fi\/kaikkihimassa\/tietoa-blogista\/\" \/>\n<meta property=\"og:site_name\" content=\"Kaikki HiMassa | All things HiMa\" \/>\n<meta property=\"article:modified_time\" content=\"2023-12-14T11:03:02+00:00\" \/>\n<meta name=\"twitter:card\" content=\"summary_large_image\" \/>\n<meta name=\"twitter:label1\" content=\"Arvioitu lukuaika\" \/>\n\t<meta name=\"twitter:data1\" content=\"2 minuuttia\" \/>\n<script type=\"application\/ld+json\" class=\"yoast-schema-graph\">{\"@context\":\"https:\\\/\\\/schema.org\",\"@graph\":[{\"@type\":\"WebPage\",\"@id\":\"https:\\\/\\\/blogs.uef.fi\\\/kaikkihimassa\\\/tietoa-blogista\\\/\",\"url\":\"https:\\\/\\\/blogs.uef.fi\\\/kaikkihimassa\\\/tietoa-blogista\\\/\",\"name\":\"Blogista | About blog - Kaikki HiMassa | All things HiMa\",\"isPartOf\":{\"@id\":\"https:\\\/\\\/blogs.uef.fi\\\/kaikkihimassa\\\/#website\"},\"datePublished\":\"2018-05-25T08:45:06+00:00\",\"dateModified\":\"2023-12-14T11:03:02+00:00\",\"breadcrumb\":{\"@id\":\"https:\\\/\\\/blogs.uef.fi\\\/kaikkihimassa\\\/tietoa-blogista\\\/#breadcrumb\"},\"inLanguage\":\"fi\",\"potentialAction\":[{\"@type\":\"ReadAction\",\"target\":[\"https:\\\/\\\/blogs.uef.fi\\\/kaikkihimassa\\\/tietoa-blogista\\\/\"]}]},{\"@type\":\"BreadcrumbList\",\"@id\":\"https:\\\/\\\/blogs.uef.fi\\\/kaikkihimassa\\\/tietoa-blogista\\\/#breadcrumb\",\"itemListElement\":[{\"@type\":\"ListItem\",\"position\":1,\"name\":\"Home\",\"item\":\"https:\\\/\\\/blogs.uef.fi\\\/kaikkihimassa\\\/\"},{\"@type\":\"ListItem\",\"position\":2,\"name\":\"Blogista | About blog\"}]},{\"@type\":\"WebSite\",\"@id\":\"https:\\\/\\\/blogs.uef.fi\\\/kaikkihimassa\\\/#website\",\"url\":\"https:\\\/\\\/blogs.uef.fi\\\/kaikkihimassa\\\/\",\"name\":\"Kaikki HiMassa | All things HiMa\",\"description\":\"\",\"potentialAction\":[{\"@type\":\"SearchAction\",\"target\":{\"@type\":\"EntryPoint\",\"urlTemplate\":\"https:\\\/\\\/blogs.uef.fi\\\/kaikkihimassa\\\/?s={search_term_string}\"},\"query-input\":{\"@type\":\"PropertyValueSpecification\",\"valueRequired\":true,\"valueName\":\"search_term_string\"}}],\"inLanguage\":\"fi\"}]}<\/script>\n<!-- \/ Yoast SEO plugin. -->","yoast_head_json":{"title":"Blogista | About blog - Kaikki HiMassa | All things HiMa","robots":{"index":"index","follow":"follow","max-snippet":"max-snippet:-1","max-image-preview":"max-image-preview:large","max-video-preview":"max-video-preview:-1"},"canonical":"https:\/\/blogs.uef.fi\/kaikkihimassa\/tietoa-blogista\/","og_locale":"fi_FI","og_type":"article","og_title":"Blogista | About blog - Kaikki HiMassa | All things HiMa","og_description":"It\u00e4-Suomen yliopiston historia- ja maantieteiden laitos on tilan, ajan ja ymp\u00e4rist\u00f6n keskin\u00e4isi\u00e4 vaikutuksia tutkiva, uutta tietoa luova monitieteinen tiedeyhteis\u00f6 ja yli 500 opiskelijan yhteis\u00f6. Keskitymme rajojen ja syrj\u00e4seutujen, ymp\u00e4rist\u00f6n ja kest\u00e4v\u00e4n kehityksen sek\u00e4 hyvinvoinnin tutkimiseen ja annamme t\u00e4h\u00e4n perustuvaa korkeatasoista opetusta historiassa, maantieteiss\u00e4 ja ymp\u00e4rist\u00f6politiikassa. Historia- ja maantieteiden laitos kuuluu yhteiskuntatieteiden ja kauppatieteiden tiedekuntaan. Toimimme [&hellip;]","og_url":"https:\/\/blogs.uef.fi\/kaikkihimassa\/tietoa-blogista\/","og_site_name":"Kaikki HiMassa | All things HiMa","article_modified_time":"2023-12-14T11:03:02+00:00","twitter_card":"summary_large_image","twitter_misc":{"Arvioitu lukuaika":"2 minuuttia"},"schema":{"@context":"https:\/\/schema.org","@graph":[{"@type":"WebPage","@id":"https:\/\/blogs.uef.fi\/kaikkihimassa\/tietoa-blogista\/","url":"https:\/\/blogs.uef.fi\/kaikkihimassa\/tietoa-blogista\/","name":"Blogista | About blog - Kaikki HiMassa | All things HiMa","isPartOf":{"@id":"https:\/\/blogs.uef.fi\/kaikkihimassa\/#website"},"datePublished":"2018-05-25T08:45:06+00:00","dateModified":"2023-12-14T11:03:02+00:00","breadcrumb":{"@id":"https:\/\/blogs.uef.fi\/kaikkihimassa\/tietoa-blogista\/#breadcrumb"},"inLanguage":"fi","potentialAction":[{"@type":"ReadAction","target":["https:\/\/blogs.uef.fi\/kaikkihimassa\/tietoa-blogista\/"]}]},{"@type":"BreadcrumbList","@id":"https:\/\/blogs.uef.fi\/kaikkihimassa\/tietoa-blogista\/#breadcrumb","itemListElement":[{"@type":"ListItem","position":1,"name":"Home","item":"https:\/\/blogs.uef.fi\/kaikkihimassa\/"},{"@type":"ListItem","position":2,"name":"Blogista | About blog"}]},{"@type":"WebSite","@id":"https:\/\/blogs.uef.fi\/kaikkihimassa\/#website","url":"https:\/\/blogs.uef.fi\/kaikkihimassa\/","name":"Kaikki HiMassa | All things HiMa","description":"","potentialAction":[{"@type":"SearchAction","target":{"@type":"EntryPoint","urlTemplate":"https:\/\/blogs.uef.fi\/kaikkihimassa\/?s={search_term_string}"},"query-input":{"@type":"PropertyValueSpecification","valueRequired":true,"valueName":"search_term_string"}}],"inLanguage":"fi"}]}},"_links":{"self":[{"href":"https:\/\/blogs.uef.fi\/kaikkihimassa\/wp-json\/wp\/v2\/pages\/3","targetHints":{"allow":["GET"]}}],"collection":[{"href":"https:\/\/blogs.uef.fi\/kaikkihimassa\/wp-json\/wp\/v2\/pages"}],"about":[{"href":"https:\/\/blogs.uef.fi\/kaikkihimassa\/wp-json\/wp\/v2\/types\/page"}],"author":[{"embeddable":true,"href":"https:\/\/blogs.uef.fi\/kaikkihimassa\/wp-json\/wp\/v2\/users\/1"}],"replies":[{"embeddable":true,"href":"https:\/\/blogs.uef.fi\/kaikkihimassa\/wp-json\/wp\/v2\/comments?post=3"}],"version-history":[{"count":2,"href":"https:\/\/blogs.uef.fi\/kaikkihimassa\/wp-json\/wp\/v2\/pages\/3\/revisions"}],"predecessor-version":[{"id":1486,"href":"https:\/\/blogs.uef.fi\/kaikkihimassa\/wp-json\/wp\/v2\/pages\/3\/revisions\/1486"}],"wp:attachment":[{"href":"https:\/\/blogs.uef.fi\/kaikkihimassa\/wp-json\/wp\/v2\/media?parent=3"}],"curies":[{"name":"wp","href":"https:\/\/api.w.org\/{rel}","templated":true}]}}