{"id":234,"date":"2024-04-22T12:15:32","date_gmt":"2024-04-22T12:15:32","guid":{"rendered":"https:\/\/blogs.uef.fi\/jatkoilla\/?page_id=234"},"modified":"2024-05-13T05:51:47","modified_gmt":"2024-05-13T03:51:47","slug":"tietoa-blogista-about-the-blog","status":"publish","type":"page","link":"https:\/\/blogs.uef.fi\/jatkoilla\/tietoa-blogista-about-the-blog\/","title":{"rendered":"Tietoa blogista"},"content":{"rendered":"\n<p>Tervetuloa jatkoille!<\/p>\n\n\n\n<p>Jatkoilla -blogissa syvennyt\u00e4\u00e4n JATKOT (Jatkuva oppiminen ty\u00f6el\u00e4m\u00e4ss\u00e4) -tutkimusryhm\u00e4n tutkimusaiheisiin &#8211; ty\u00f6ss\u00e4 oppimisen, luovuuden ja hyvinvoinnin kiehtoviin ilmi\u00f6ihin. P\u00e4ivit\u00e4mme ryhm\u00e4n kuulumisia, jaamme osatutkimusten tuloksia sek\u00e4 kurkistamme tutkijoiden arkeen. Blogi sukeltaa ty\u00f6el\u00e4m\u00e4- ja aikuiskasvatustieteellisen tutkimuksen maailmaan: Miten ty\u00f6ss\u00e4 oppiminen ilmenee eri organisaatioissa? Millainen rooli luovuudella on ty\u00f6ymp\u00e4rist\u00f6jen kehitt\u00e4misess\u00e4? Miten hyvinvointi vaikuttaa ty\u00f6suoritukseen ja organisaatioiden menestykseen? Millaisia menetelmill\u00e4 oppimista ty\u00f6ss\u00e4 tutkitaan?<\/p>\n","protected":false},"excerpt":{"rendered":"<p>Tervetuloa jatkoille! Jatkoilla -blogissa syvennyt\u00e4\u00e4n JATKOT (Jatkuva oppiminen ty\u00f6el\u00e4m\u00e4ss\u00e4) -tutkimusryhm\u00e4n tutkimusaiheisiin &#8211; ty\u00f6ss\u00e4 oppimisen, luovuuden ja hyvinvoinnin kiehtoviin ilmi\u00f6ihin. P\u00e4ivit\u00e4mme ryhm\u00e4n kuulumisia, jaamme osatutkimusten tuloksia sek\u00e4 kurkistamme tutkijoiden arkeen. Blogi sukeltaa ty\u00f6el\u00e4m\u00e4- ja aikuiskasvatustieteellisen tutkimuksen maailmaan: Miten ty\u00f6ss\u00e4 oppiminen ilmenee eri organisaatioissa? Millainen rooli luovuudella on ty\u00f6ymp\u00e4rist\u00f6jen kehitt\u00e4misess\u00e4? Miten hyvinvointi vaikuttaa ty\u00f6suoritukseen ja organisaatioiden menestykseen? [&hellip;]<\/p>\n","protected":false},"author":1,"featured_media":0,"parent":0,"menu_order":0,"comment_status":"closed","ping_status":"closed","template":"","meta":{"_acf_changed":false,"footnotes":""},"class_list":["post-234","page","type-page","status-publish","hentry"],"acf":[],"yoast_head":"<!-- This site is optimized with the Yoast SEO plugin v27.1.1 - https:\/\/yoast.com\/product\/yoast-seo-wordpress\/ -->\n<title>Tietoa blogista - Jatkoilla \/ After work<\/title>\n<meta name=\"description\" content=\"Jatkoilla blogi syventyy jatkuva oppiminen ty\u00f6el\u00e4m\u00e4ss\u00e4 (JATKOT) tutkimusryhm\u00e4n toimintaan ja tuloksiin\" \/>\n<meta name=\"robots\" content=\"index, follow, max-snippet:-1, max-image-preview:large, max-video-preview:-1\" \/>\n<link rel=\"canonical\" href=\"https:\/\/blogs.uef.fi\/jatkoilla\/tietoa-blogista-about-the-blog\/\" \/>\n<meta property=\"og:locale\" content=\"fi_FI\" \/>\n<meta property=\"og:type\" content=\"article\" \/>\n<meta property=\"og:title\" content=\"Tietoa blogista - Jatkoilla \/ After work\" \/>\n<meta property=\"og:description\" content=\"Jatkoilla blogi syventyy jatkuva oppiminen ty\u00f6el\u00e4m\u00e4ss\u00e4 (JATKOT) tutkimusryhm\u00e4n toimintaan ja tuloksiin\" \/>\n<meta property=\"og:url\" content=\"https:\/\/blogs.uef.fi\/jatkoilla\/tietoa-blogista-about-the-blog\/\" \/>\n<meta property=\"og:site_name\" content=\"Jatkoilla \/ After work\" \/>\n<meta property=\"article:modified_time\" content=\"2024-05-13T03:51:47+00:00\" \/>\n<meta name=\"twitter:card\" content=\"summary_large_image\" \/>\n<meta name=\"twitter:label1\" content=\"Arvioitu lukuaika\" \/>\n\t<meta name=\"twitter:data1\" content=\"1 minuutti\" \/>\n<script type=\"application\/ld+json\" class=\"yoast-schema-graph\">{\"@context\":\"https:\/\/schema.org\",\"@graph\":[{\"@type\":\"WebPage\",\"@id\":\"https:\/\/blogs.uef.fi\/jatkoilla\/tietoa-blogista-about-the-blog\/\",\"url\":\"https:\/\/blogs.uef.fi\/jatkoilla\/tietoa-blogista-about-the-blog\/\",\"name\":\"Tietoa blogista - Jatkoilla \/ After work\",\"isPartOf\":{\"@id\":\"https:\/\/blogs.uef.fi\/jatkoilla\/#website\"},\"datePublished\":\"2024-04-22T12:15:32+00:00\",\"dateModified\":\"2024-05-13T03:51:47+00:00\",\"description\":\"Jatkoilla blogi syventyy jatkuva oppiminen ty\u00f6el\u00e4m\u00e4ss\u00e4 (JATKOT) tutkimusryhm\u00e4n toimintaan ja tuloksiin\",\"breadcrumb\":{\"@id\":\"https:\/\/blogs.uef.fi\/jatkoilla\/tietoa-blogista-about-the-blog\/#breadcrumb\"},\"inLanguage\":\"fi\",\"potentialAction\":[{\"@type\":\"ReadAction\",\"target\":[\"https:\/\/blogs.uef.fi\/jatkoilla\/tietoa-blogista-about-the-blog\/\"]}]},{\"@type\":\"BreadcrumbList\",\"@id\":\"https:\/\/blogs.uef.fi\/jatkoilla\/tietoa-blogista-about-the-blog\/#breadcrumb\",\"itemListElement\":[{\"@type\":\"ListItem\",\"position\":1,\"name\":\"Home\",\"item\":\"https:\/\/blogs.uef.fi\/jatkoilla\/\"},{\"@type\":\"ListItem\",\"position\":2,\"name\":\"Tietoa blogista\"}]},{\"@type\":\"WebSite\",\"@id\":\"https:\/\/blogs.uef.fi\/jatkoilla\/#website\",\"url\":\"https:\/\/blogs.uef.fi\/jatkoilla\/\",\"name\":\"Jatkoilla \/ After work\",\"description\":\"\",\"potentialAction\":[{\"@type\":\"SearchAction\",\"target\":{\"@type\":\"EntryPoint\",\"urlTemplate\":\"https:\/\/blogs.uef.fi\/jatkoilla\/?s={search_term_string}\"},\"query-input\":{\"@type\":\"PropertyValueSpecification\",\"valueRequired\":true,\"valueName\":\"search_term_string\"}}],\"inLanguage\":\"fi\"}]}<\/script>\n<!-- \/ Yoast SEO plugin. -->","yoast_head_json":{"title":"Tietoa blogista - Jatkoilla \/ After work","description":"Jatkoilla blogi syventyy jatkuva oppiminen ty\u00f6el\u00e4m\u00e4ss\u00e4 (JATKOT) tutkimusryhm\u00e4n toimintaan ja tuloksiin","robots":{"index":"index","follow":"follow","max-snippet":"max-snippet:-1","max-image-preview":"max-image-preview:large","max-video-preview":"max-video-preview:-1"},"canonical":"https:\/\/blogs.uef.fi\/jatkoilla\/tietoa-blogista-about-the-blog\/","og_locale":"fi_FI","og_type":"article","og_title":"Tietoa blogista - Jatkoilla \/ After work","og_description":"Jatkoilla blogi syventyy jatkuva oppiminen ty\u00f6el\u00e4m\u00e4ss\u00e4 (JATKOT) tutkimusryhm\u00e4n toimintaan ja tuloksiin","og_url":"https:\/\/blogs.uef.fi\/jatkoilla\/tietoa-blogista-about-the-blog\/","og_site_name":"Jatkoilla \/ After work","article_modified_time":"2024-05-13T03:51:47+00:00","twitter_card":"summary_large_image","twitter_misc":{"Arvioitu lukuaika":"1 minuutti"},"schema":{"@context":"https:\/\/schema.org","@graph":[{"@type":"WebPage","@id":"https:\/\/blogs.uef.fi\/jatkoilla\/tietoa-blogista-about-the-blog\/","url":"https:\/\/blogs.uef.fi\/jatkoilla\/tietoa-blogista-about-the-blog\/","name":"Tietoa blogista - Jatkoilla \/ After work","isPartOf":{"@id":"https:\/\/blogs.uef.fi\/jatkoilla\/#website"},"datePublished":"2024-04-22T12:15:32+00:00","dateModified":"2024-05-13T03:51:47+00:00","description":"Jatkoilla blogi syventyy jatkuva oppiminen ty\u00f6el\u00e4m\u00e4ss\u00e4 (JATKOT) tutkimusryhm\u00e4n toimintaan ja tuloksiin","breadcrumb":{"@id":"https:\/\/blogs.uef.fi\/jatkoilla\/tietoa-blogista-about-the-blog\/#breadcrumb"},"inLanguage":"fi","potentialAction":[{"@type":"ReadAction","target":["https:\/\/blogs.uef.fi\/jatkoilla\/tietoa-blogista-about-the-blog\/"]}]},{"@type":"BreadcrumbList","@id":"https:\/\/blogs.uef.fi\/jatkoilla\/tietoa-blogista-about-the-blog\/#breadcrumb","itemListElement":[{"@type":"ListItem","position":1,"name":"Home","item":"https:\/\/blogs.uef.fi\/jatkoilla\/"},{"@type":"ListItem","position":2,"name":"Tietoa blogista"}]},{"@type":"WebSite","@id":"https:\/\/blogs.uef.fi\/jatkoilla\/#website","url":"https:\/\/blogs.uef.fi\/jatkoilla\/","name":"Jatkoilla \/ After work","description":"","potentialAction":[{"@type":"SearchAction","target":{"@type":"EntryPoint","urlTemplate":"https:\/\/blogs.uef.fi\/jatkoilla\/?s={search_term_string}"},"query-input":{"@type":"PropertyValueSpecification","valueRequired":true,"valueName":"search_term_string"}}],"inLanguage":"fi"}]}},"_links":{"self":[{"href":"https:\/\/blogs.uef.fi\/jatkoilla\/wp-json\/wp\/v2\/pages\/234","targetHints":{"allow":["GET"]}}],"collection":[{"href":"https:\/\/blogs.uef.fi\/jatkoilla\/wp-json\/wp\/v2\/pages"}],"about":[{"href":"https:\/\/blogs.uef.fi\/jatkoilla\/wp-json\/wp\/v2\/types\/page"}],"author":[{"embeddable":true,"href":"https:\/\/blogs.uef.fi\/jatkoilla\/wp-json\/wp\/v2\/users\/1"}],"replies":[{"embeddable":true,"href":"https:\/\/blogs.uef.fi\/jatkoilla\/wp-json\/wp\/v2\/comments?post=234"}],"version-history":[{"count":2,"href":"https:\/\/blogs.uef.fi\/jatkoilla\/wp-json\/wp\/v2\/pages\/234\/revisions"}],"predecessor-version":[{"id":305,"href":"https:\/\/blogs.uef.fi\/jatkoilla\/wp-json\/wp\/v2\/pages\/234\/revisions\/305"}],"wp:attachment":[{"href":"https:\/\/blogs.uef.fi\/jatkoilla\/wp-json\/wp\/v2\/media?parent=234"}],"curies":[{"name":"wp","href":"https:\/\/api.w.org\/{rel}","templated":true}]}}