{"version":"1.0","provider_name":"HUGI - HUMANISTISEN OSASTON BLOGI","provider_url":"https:\/\/blogs.uef.fi\/hugi","title":"Tuulahduksia ty\u00f6el\u00e4m\u00e4st\u00e4 \u2013 vierailijana Ilkka Olkku - HUGI - HUMANISTISEN OSASTON BLOGI","type":"rich","width":600,"height":338,"html":"<blockquote class=\"wp-embedded-content\" data-secret=\"ZVyiRJB07B\"><a href=\"https:\/\/blogs.uef.fi\/hugi\/2026\/01\/07\/tuulahduksia-tyoelamasta-vierailijana-ilkka-olkku\/\">Tuulahduksia ty\u00f6el\u00e4m\u00e4st\u00e4 \u2013 vierailijana Ilkka Olkku<\/a><\/blockquote><iframe sandbox=\"allow-scripts\" security=\"restricted\" src=\"https:\/\/blogs.uef.fi\/hugi\/2026\/01\/07\/tuulahduksia-tyoelamasta-vierailijana-ilkka-olkku\/embed\/#?secret=ZVyiRJB07B\" width=\"600\" height=\"338\" title=\"&#8221;Tuulahduksia ty\u00f6el\u00e4m\u00e4st\u00e4 \u2013 vierailijana Ilkka Olkku&#8221; &#8212; HUGI - HUMANISTISEN OSASTON BLOGI\" data-secret=\"ZVyiRJB07B\" frameborder=\"0\" marginwidth=\"0\" marginheight=\"0\" scrolling=\"no\" class=\"wp-embedded-content\"><\/iframe><script type=\"text\/javascript\">\n\/* <![CDATA[ *\/\n\/*! This file is auto-generated *\/\n!function(d,l){\"use strict\";l.querySelector&&d.addEventListener&&\"undefined\"!=typeof URL&&(d.wp=d.wp||{},d.wp.receiveEmbedMessage||(d.wp.receiveEmbedMessage=function(e){var t=e.data;if((t||t.secret||t.message||t.value)&&!\/[^a-zA-Z0-9]\/.test(t.secret)){for(var s,r,n,a=l.querySelectorAll('iframe[data-secret=\"'+t.secret+'\"]'),o=l.querySelectorAll('blockquote[data-secret=\"'+t.secret+'\"]'),c=new RegExp(\"^https?:$\",\"i\"),i=0;i<o.length;i++)o[i].style.display=\"none\";for(i=0;i<a.length;i++)s=a[i],e.source===s.contentWindow&&(s.removeAttribute(\"style\"),\"height\"===t.message?(1e3<(r=parseInt(t.value,10))?r=1e3:~~r<200&&(r=200),s.height=r):\"link\"===t.message&&(r=new URL(s.getAttribute(\"src\")),n=new URL(t.value),c.test(n.protocol))&&n.host===r.host&&l.activeElement===s&&(d.top.location.href=t.value))}},d.addEventListener(\"message\",d.wp.receiveEmbedMessage,!1),l.addEventListener(\"DOMContentLoaded\",function(){for(var e,t,s=l.querySelectorAll(\"iframe.wp-embedded-content\"),r=0;r<s.length;r++)(t=(e=s[r]).getAttribute(\"data-secret\"))||(t=Math.random().toString(36).substring(2,12),e.src+=\"#?secret=\"+t,e.setAttribute(\"data-secret\",t)),e.contentWindow.postMessage({message:\"ready\",secret:t},\"*\")},!1)))}(window,document);\n\/\/# sourceURL=https:\/\/blogs.uef.fi\/hugi\/wp-includes\/js\/wp-embed.min.js\n\/* ]]> *\/\n<\/script>\n","description":"Lokakuussa 2025 It\u00e4-Suomen yliopistolla oli osana suomen kielen syvent\u00e4vien opintojen kurssia pienimuotoinen Tuulahduksia ty\u00f6el\u00e4m\u00e4st\u00e4 -tapahtuma, jossa Ilkka Olkku oli Teams-yhteyden v\u00e4lityksell\u00e4 yhten\u00e4 vierailijoista. Olkku ty\u00f6skentelee koordinaattorina kest\u00e4v\u00e4n kehityksen konsulttitoimisto Kaskasissa. H\u00e4nen ty\u00f6h\u00f6ns\u00e4 kuuluvat viestinn\u00e4n ja markkinoinnin teht\u00e4v\u00e4t erilaisissa asiakasprojekteissa. Olkku on valmistunut suomen kielen maisteriksi Turun yliopistosta kev\u00e4\u00e4ll\u00e4 2023. Sivuaineina Olkku on opiskellut monipuolisesti sosiaalitieteit\u00e4, [&hellip;]"}

Tuulahduksia työelämästä – vierailijana Ilkka Olkku - HUGI - HUMANISTISEN OSASTON BLOGI

<blockquote class="wp-embedded-content" data-secret="ZVyiRJB07B"><a href="https://blogs.uef.fi/hugi/2026/01/07/tuulahduksia-tyoelamasta-vierailijana-ilkka-olkku/">Tuulahduksia työelämästä – vierailijana Ilkka Olkku</a></blockquote><iframe sandbox="allow-scripts" security="restricted" src="https://blogs.uef.fi/hugi/2026/01/07/tuulahduksia-tyoelamasta-vierailijana-ilkka-olkku/embed/#?secret=ZVyiRJB07B" width="600" height="338" title="&#8221;Tuulahduksia työelämästä – vierailijana Ilkka Olkku&#8221; &#8212; HUGI - HUMANISTISEN OSASTON BLOGI" data-secret="ZVyiRJB07B" frameborder="0" marginwidth="0" marginheight="0" scrolling="no" class="wp-embedded-content"></iframe><script type="text/javascript">
/* <![CDATA[ */
/*! This file is auto-generated */
!function(d,l){"use strict";l.querySelector&&d.addEventListener&&"undefined"!=typeof URL&&(d.wp=d.wp||{},d.wp.receiveEmbedMessage||(d.wp.receiveEmbedMessage=function(e){var t=e.data;if((t||t.secret||t.message||t.value)&&!/[^a-zA-Z0-9]/.test(t.secret)){for(var s,r,n,a=l.querySelectorAll('iframe[data-secret="'+t.secret+'"]'),o=l.querySelectorAll('blockquote[data-secret="'+t.secret+'"]'),c=new RegExp("^https?:$","i"),i=0;i<o.length;i++)o[i].style.display="none";for(i=0;i<a.length;i++)s=a[i],e.source===s.contentWindow&&(s.removeAttribute("style"),"height"===t.message?(1e3<(r=parseInt(t.value,10))?r=1e3:~~r<200&&(r=200),s.height=r):"link"===t.message&&(r=new URL(s.getAttribute("src")),n=new URL(t.value),c.test(n.protocol))&&n.host===r.host&&l.activeElement===s&&(d.top.location.href=t.value))}},d.addEventListener("message",d.wp.receiveEmbedMessage,!1),l.addEventListener("DOMContentLoaded",function(){for(var e,t,s=l.querySelectorAll("iframe.wp-embedded-content"),r=0;r<s.length;r++)(t=(e=s[r]).getAttribute("data-secret"))||(t=Math.random().toString(36).substring(2,12),e.src+="#?secret="+t,e.setAttribute("data-secret",t)),e.contentWindow.postMessage({message:"ready",secret:t},"*")},!1)))}(window,document);
//# sourceURL=https://blogs.uef.fi/hugi/wp-includes/js/wp-embed.min.js
/* ]]> */
</script>

Lokakuussa 2025 Itä-Suomen yliopistolla oli osana suomen kielen syventävien opintojen kurssia pienimuotoinen Tuulahduksia työelämästä -tapahtuma, jossa Ilkka Olkku oli Teams-yhteyden välityksellä yhtenä vierailijoista. Olkku työskentelee koordinaattorina kestävän kehityksen konsulttitoimisto Kaskasissa. Hänen työhönsä kuuluvat viestinnän ja markkinoinnin tehtävät erilaisissa asiakasprojekteissa. Olkku on valmistunut suomen kielen maisteriksi Turun yliopistosta keväällä 2023. Sivuaineina Olkku on opiskellut monipuolisesti sosiaalitieteitä, [&hellip;]
