{"version":"1.0","provider_name":"HUGI - HUMANISTISEN OSASTON BLOGI","provider_url":"https:\/\/blogs.uef.fi\/hugi","title":"Ty\u00f6el\u00e4m\u00e4kahveilla Anu Vehvil\u00e4isen kanssa - HUGI - HUMANISTISEN OSASTON BLOGI","type":"rich","width":600,"height":338,"html":"<blockquote class=\"wp-embedded-content\" data-secret=\"z735SFcRrZ\"><a href=\"https:\/\/blogs.uef.fi\/hugi\/2025\/11\/20\/tyoelamakahveilla-anu-vehvilaisen-kanssa\/\">Ty\u00f6el\u00e4m\u00e4kahveilla Anu Vehvil\u00e4isen kanssa<\/a><\/blockquote><iframe sandbox=\"allow-scripts\" security=\"restricted\" src=\"https:\/\/blogs.uef.fi\/hugi\/2025\/11\/20\/tyoelamakahveilla-anu-vehvilaisen-kanssa\/embed\/#?secret=z735SFcRrZ\" width=\"600\" height=\"338\" title=\"&#8221;Ty\u00f6el\u00e4m\u00e4kahveilla Anu Vehvil\u00e4isen kanssa&#8221; &#8212; HUGI - HUMANISTISEN OSASTON BLOGI\" data-secret=\"z735SFcRrZ\" frameborder=\"0\" marginwidth=\"0\" marginheight=\"0\" scrolling=\"no\" class=\"wp-embedded-content\"><\/iframe><script type=\"text\/javascript\">\n\/* <![CDATA[ *\/\n\/*! This file is auto-generated *\/\n!function(d,l){\"use strict\";l.querySelector&&d.addEventListener&&\"undefined\"!=typeof URL&&(d.wp=d.wp||{},d.wp.receiveEmbedMessage||(d.wp.receiveEmbedMessage=function(e){var t=e.data;if((t||t.secret||t.message||t.value)&&!\/[^a-zA-Z0-9]\/.test(t.secret)){for(var s,r,n,a=l.querySelectorAll('iframe[data-secret=\"'+t.secret+'\"]'),o=l.querySelectorAll('blockquote[data-secret=\"'+t.secret+'\"]'),c=new RegExp(\"^https?:$\",\"i\"),i=0;i<o.length;i++)o[i].style.display=\"none\";for(i=0;i<a.length;i++)s=a[i],e.source===s.contentWindow&&(s.removeAttribute(\"style\"),\"height\"===t.message?(1e3<(r=parseInt(t.value,10))?r=1e3:~~r<200&&(r=200),s.height=r):\"link\"===t.message&&(r=new URL(s.getAttribute(\"src\")),n=new URL(t.value),c.test(n.protocol))&&n.host===r.host&&l.activeElement===s&&(d.top.location.href=t.value))}},d.addEventListener(\"message\",d.wp.receiveEmbedMessage,!1),l.addEventListener(\"DOMContentLoaded\",function(){for(var e,t,s=l.querySelectorAll(\"iframe.wp-embedded-content\"),r=0;r<s.length;r++)(t=(e=s[r]).getAttribute(\"data-secret\"))||(t=Math.random().toString(36).substring(2,12),e.src+=\"#?secret=\"+t,e.setAttribute(\"data-secret\",t)),e.contentWindow.postMessage({message:\"ready\",secret:t},\"*\")},!1)))}(window,document);\n\/\/# sourceURL=https:\/\/blogs.uef.fi\/hugi\/wp-includes\/js\/wp-embed.min.js\n\/* ]]> *\/\n<\/script>\n","description":"Syksyn toisilla ty\u00f6el\u00e4m\u00e4kahveilla urapolustaan oli kertomassa yliopistomme alumni Anu Vehvil\u00e4inen. Vehvil\u00e4inen ty\u00f6skentelee vaikuttamisen asiantuntijana, puhujana ja kulttuurin edist\u00e4j\u00e4n\u00e4. H\u00e4n on t\u00e4m\u00e4n lis\u00e4ksi entinen ministeri, kansanedustaja ja eduskunnan puhemies. Joensuun yliopistoon toi kiinnostus kulttuuriin ja Hassisen Koneeseen Anu Vehvil\u00e4inen kertoo ty\u00f6el\u00e4m\u00e4kahveilla monipuolisesta ja vaiherikkaasta urapolustaan. \u201dMik\u00e4\u00e4n ei ole mennyt urallani ihan niin kuin alkujaan ajattelin\u201d, Vehvil\u00e4inen [&hellip;]","thumbnail_url":"https:\/\/blogs.uef.fi\/hugi\/wp-content\/uploads\/sites\/22\/2025\/11\/Anu-Vehvilainen-tyoelamakahveilla2.jpg","thumbnail_width":982,"thumbnail_height":981}

Työelämäkahveilla Anu Vehviläisen kanssa - HUGI - HUMANISTISEN OSASTON BLOGI

<blockquote class="wp-embedded-content" data-secret="z735SFcRrZ"><a href="https://blogs.uef.fi/hugi/2025/11/20/tyoelamakahveilla-anu-vehvilaisen-kanssa/">Työelämäkahveilla Anu Vehviläisen kanssa</a></blockquote><iframe sandbox="allow-scripts" security="restricted" src="https://blogs.uef.fi/hugi/2025/11/20/tyoelamakahveilla-anu-vehvilaisen-kanssa/embed/#?secret=z735SFcRrZ" width="600" height="338" title="&#8221;Työelämäkahveilla Anu Vehviläisen kanssa&#8221; &#8212; HUGI - HUMANISTISEN OSASTON BLOGI" data-secret="z735SFcRrZ" frameborder="0" marginwidth="0" marginheight="0" scrolling="no" class="wp-embedded-content"></iframe><script type="text/javascript">
/* <![CDATA[ */
/*! This file is auto-generated */
!function(d,l){"use strict";l.querySelector&&d.addEventListener&&"undefined"!=typeof URL&&(d.wp=d.wp||{},d.wp.receiveEmbedMessage||(d.wp.receiveEmbedMessage=function(e){var t=e.data;if((t||t.secret||t.message||t.value)&&!/[^a-zA-Z0-9]/.test(t.secret)){for(var s,r,n,a=l.querySelectorAll('iframe[data-secret="'+t.secret+'"]'),o=l.querySelectorAll('blockquote[data-secret="'+t.secret+'"]'),c=new RegExp("^https?:$","i"),i=0;i<o.length;i++)o[i].style.display="none";for(i=0;i<a.length;i++)s=a[i],e.source===s.contentWindow&&(s.removeAttribute("style"),"height"===t.message?(1e3<(r=parseInt(t.value,10))?r=1e3:~~r<200&&(r=200),s.height=r):"link"===t.message&&(r=new URL(s.getAttribute("src")),n=new URL(t.value),c.test(n.protocol))&&n.host===r.host&&l.activeElement===s&&(d.top.location.href=t.value))}},d.addEventListener("message",d.wp.receiveEmbedMessage,!1),l.addEventListener("DOMContentLoaded",function(){for(var e,t,s=l.querySelectorAll("iframe.wp-embedded-content"),r=0;r<s.length;r++)(t=(e=s[r]).getAttribute("data-secret"))||(t=Math.random().toString(36).substring(2,12),e.src+="#?secret="+t,e.setAttribute("data-secret",t)),e.contentWindow.postMessage({message:"ready",secret:t},"*")},!1)))}(window,document);
//# sourceURL=https://blogs.uef.fi/hugi/wp-includes/js/wp-embed.min.js
/* ]]> */
</script>

Syksyn toisilla työelämäkahveilla urapolustaan oli kertomassa yliopistomme alumni Anu Vehviläinen. Vehviläinen työskentelee vaikuttamisen asiantuntijana, puhujana ja kulttuurin edistäjänä. Hän on tämän lisäksi entinen ministeri, kansanedustaja ja eduskunnan puhemies. Joensuun yliopistoon toi kiinnostus kulttuuriin ja Hassisen Koneeseen Anu Vehviläinen kertoo työelämäkahveilla monipuolisesta ja vaiherikkaasta urapolustaan. ”Mikään ei ole mennyt urallani ihan niin kuin alkujaan ajattelin”, Vehviläinen [&hellip;]
