{"version":"1.0","provider_name":"HUGI - HUMANISTISEN OSASTON BLOGI","provider_url":"https:\/\/blogs.uef.fi\/hugi","title":"Ruotsin kielt\u00e4 Pohjois-Karjalan museon kokoelmissa - HUGI - HUMANISTISEN OSASTON BLOGI","type":"rich","width":600,"height":338,"html":"<blockquote class=\"wp-embedded-content\" data-secret=\"WWjiG20zJj\"><a href=\"https:\/\/blogs.uef.fi\/hugi\/2025\/05\/14\/ruotsin-kielta-pohjois-karjalan-museon-kokoelmissa\/\">Ruotsin kielt\u00e4 Pohjois-Karjalan museon kokoelmissa<\/a><\/blockquote><iframe sandbox=\"allow-scripts\" security=\"restricted\" src=\"https:\/\/blogs.uef.fi\/hugi\/2025\/05\/14\/ruotsin-kielta-pohjois-karjalan-museon-kokoelmissa\/embed\/#?secret=WWjiG20zJj\" width=\"600\" height=\"338\" title=\"&#8221;Ruotsin kielt\u00e4 Pohjois-Karjalan museon kokoelmissa&#8221; &#8212; HUGI - HUMANISTISEN OSASTON BLOGI\" data-secret=\"WWjiG20zJj\" frameborder=\"0\" marginwidth=\"0\" marginheight=\"0\" scrolling=\"no\" class=\"wp-embedded-content\"><\/iframe><script type=\"text\/javascript\">\n\/* <![CDATA[ *\/\n\/*! This file is auto-generated *\/\n!function(d,l){\"use strict\";l.querySelector&&d.addEventListener&&\"undefined\"!=typeof URL&&(d.wp=d.wp||{},d.wp.receiveEmbedMessage||(d.wp.receiveEmbedMessage=function(e){var t=e.data;if((t||t.secret||t.message||t.value)&&!\/[^a-zA-Z0-9]\/.test(t.secret)){for(var s,r,n,a=l.querySelectorAll('iframe[data-secret=\"'+t.secret+'\"]'),o=l.querySelectorAll('blockquote[data-secret=\"'+t.secret+'\"]'),c=new RegExp(\"^https?:$\",\"i\"),i=0;i<o.length;i++)o[i].style.display=\"none\";for(i=0;i<a.length;i++)s=a[i],e.source===s.contentWindow&&(s.removeAttribute(\"style\"),\"height\"===t.message?(1e3<(r=parseInt(t.value,10))?r=1e3:~~r<200&&(r=200),s.height=r):\"link\"===t.message&&(r=new URL(s.getAttribute(\"src\")),n=new URL(t.value),c.test(n.protocol))&&n.host===r.host&&l.activeElement===s&&(d.top.location.href=t.value))}},d.addEventListener(\"message\",d.wp.receiveEmbedMessage,!1),l.addEventListener(\"DOMContentLoaded\",function(){for(var e,t,s=l.querySelectorAll(\"iframe.wp-embedded-content\"),r=0;r<s.length;r++)(t=(e=s[r]).getAttribute(\"data-secret\"))||(t=Math.random().toString(36).substring(2,12),e.src+=\"#?secret=\"+t,e.setAttribute(\"data-secret\",t)),e.contentWindow.postMessage({message:\"ready\",secret:t},\"*\")},!1)))}(window,document);\n\/\/# sourceURL=https:\/\/blogs.uef.fi\/hugi\/wp-includes\/js\/wp-embed.min.js\n\/* ]]> *\/\n<\/script>\n","description":"Kev\u00e4tlukukauden alussa alkanut Ty\u00f6el\u00e4m\u00e4projekti-opintojakso oli mielenkiintoinen kurkistus humanistien ty\u00f6el\u00e4m\u00e4mahdollisuuksiin. Opintojakso toteutettiin Pohjois-Karjalan museon ja ruotsin kielen oppiaineen yhteisty\u00f6n\u00e4, tarkoituksena keskitty\u00e4 museon kokoelmien ruotsinkieliseen aineistoon. Opintojakson vastuuopettajana toimi yliopistonlehtori Melina Bister, museon yhdyshenkil\u00f6n\u00e4 amanuenssi Terhi Rautiainen. J\u00e4nnitt\u00e4v\u00e4n kurssista teki se, ett\u00e4 emme tienneet ennen opintojakson alkua, millaista materiaalia tulisimme n\u00e4kem\u00e4\u00e4n ja itse tuottamaan. Loppuvaiheessa yll\u00e4tt\u00e4en esiin [&hellip;]","thumbnail_url":"https:\/\/blogs.uef.fi\/hugi\/wp-content\/uploads\/sites\/22\/2025\/05\/Hugi-vk-20-1.jpg","thumbnail_width":1377,"thumbnail_height":653}

Ruotsin kieltä Pohjois-Karjalan museon kokoelmissa - HUGI - HUMANISTISEN OSASTON BLOGI

<blockquote class="wp-embedded-content" data-secret="WWjiG20zJj"><a href="https://blogs.uef.fi/hugi/2025/05/14/ruotsin-kielta-pohjois-karjalan-museon-kokoelmissa/">Ruotsin kieltä Pohjois-Karjalan museon kokoelmissa</a></blockquote><iframe sandbox="allow-scripts" security="restricted" src="https://blogs.uef.fi/hugi/2025/05/14/ruotsin-kielta-pohjois-karjalan-museon-kokoelmissa/embed/#?secret=WWjiG20zJj" width="600" height="338" title="&#8221;Ruotsin kieltä Pohjois-Karjalan museon kokoelmissa&#8221; &#8212; HUGI - HUMANISTISEN OSASTON BLOGI" data-secret="WWjiG20zJj" frameborder="0" marginwidth="0" marginheight="0" scrolling="no" class="wp-embedded-content"></iframe><script type="text/javascript">
/* <![CDATA[ */
/*! This file is auto-generated */
!function(d,l){"use strict";l.querySelector&&d.addEventListener&&"undefined"!=typeof URL&&(d.wp=d.wp||{},d.wp.receiveEmbedMessage||(d.wp.receiveEmbedMessage=function(e){var t=e.data;if((t||t.secret||t.message||t.value)&&!/[^a-zA-Z0-9]/.test(t.secret)){for(var s,r,n,a=l.querySelectorAll('iframe[data-secret="'+t.secret+'"]'),o=l.querySelectorAll('blockquote[data-secret="'+t.secret+'"]'),c=new RegExp("^https?:$","i"),i=0;i<o.length;i++)o[i].style.display="none";for(i=0;i<a.length;i++)s=a[i],e.source===s.contentWindow&&(s.removeAttribute("style"),"height"===t.message?(1e3<(r=parseInt(t.value,10))?r=1e3:~~r<200&&(r=200),s.height=r):"link"===t.message&&(r=new URL(s.getAttribute("src")),n=new URL(t.value),c.test(n.protocol))&&n.host===r.host&&l.activeElement===s&&(d.top.location.href=t.value))}},d.addEventListener("message",d.wp.receiveEmbedMessage,!1),l.addEventListener("DOMContentLoaded",function(){for(var e,t,s=l.querySelectorAll("iframe.wp-embedded-content"),r=0;r<s.length;r++)(t=(e=s[r]).getAttribute("data-secret"))||(t=Math.random().toString(36).substring(2,12),e.src+="#?secret="+t,e.setAttribute("data-secret",t)),e.contentWindow.postMessage({message:"ready",secret:t},"*")},!1)))}(window,document);
//# sourceURL=https://blogs.uef.fi/hugi/wp-includes/js/wp-embed.min.js
/* ]]> */
</script>

Kevätlukukauden alussa alkanut Työelämäprojekti-opintojakso oli mielenkiintoinen kurkistus humanistien työelämämahdollisuuksiin. Opintojakso toteutettiin Pohjois-Karjalan museon ja ruotsin kielen oppiaineen yhteistyönä, tarkoituksena keskittyä museon kokoelmien ruotsinkieliseen aineistoon. Opintojakson vastuuopettajana toimi yliopistonlehtori Melina Bister, museon yhdyshenkilönä amanuenssi Terhi Rautiainen. Jännittävän kurssista teki se, että emme tienneet ennen opintojakson alkua, millaista materiaalia tulisimme näkemään ja itse tuottamaan. Loppuvaiheessa yllättäen esiin [&hellip;]
