{"version":"1.0","provider_name":"HUGI - HUMANISTISEN OSASTON BLOGI","provider_url":"https:\/\/blogs.uef.fi\/hugi","title":"Joensuussakin on rakennettu kielisiltaa Viroon - HUGI - HUMANISTISEN OSASTON BLOGI","type":"rich","width":600,"height":338,"html":"<blockquote class=\"wp-embedded-content\" data-secret=\"4043ovloLV\"><a href=\"https:\/\/blogs.uef.fi\/hugi\/2021\/10\/06\/joensuussakin-on-rakennettu-kielisiltaa-viroon\/\">Joensuussakin on rakennettu kielisiltaa Viroon<\/a><\/blockquote><iframe sandbox=\"allow-scripts\" security=\"restricted\" src=\"https:\/\/blogs.uef.fi\/hugi\/2021\/10\/06\/joensuussakin-on-rakennettu-kielisiltaa-viroon\/embed\/#?secret=4043ovloLV\" width=\"600\" height=\"338\" title=\"&#8221;Joensuussakin on rakennettu kielisiltaa Viroon&#8221; &#8212; HUGI - HUMANISTISEN OSASTON BLOGI\" data-secret=\"4043ovloLV\" frameborder=\"0\" marginwidth=\"0\" marginheight=\"0\" scrolling=\"no\" class=\"wp-embedded-content\"><\/iframe><script type=\"text\/javascript\">\n\/* <![CDATA[ *\/\n\/*! This file is auto-generated *\/\n!function(d,l){\"use strict\";l.querySelector&&d.addEventListener&&\"undefined\"!=typeof URL&&(d.wp=d.wp||{},d.wp.receiveEmbedMessage||(d.wp.receiveEmbedMessage=function(e){var t=e.data;if((t||t.secret||t.message||t.value)&&!\/[^a-zA-Z0-9]\/.test(t.secret)){for(var s,r,n,a=l.querySelectorAll('iframe[data-secret=\"'+t.secret+'\"]'),o=l.querySelectorAll('blockquote[data-secret=\"'+t.secret+'\"]'),c=new RegExp(\"^https?:$\",\"i\"),i=0;i<o.length;i++)o[i].style.display=\"none\";for(i=0;i<a.length;i++)s=a[i],e.source===s.contentWindow&&(s.removeAttribute(\"style\"),\"height\"===t.message?(1e3<(r=parseInt(t.value,10))?r=1e3:~~r<200&&(r=200),s.height=r):\"link\"===t.message&&(r=new URL(s.getAttribute(\"src\")),n=new URL(t.value),c.test(n.protocol))&&n.host===r.host&&l.activeElement===s&&(d.top.location.href=t.value))}},d.addEventListener(\"message\",d.wp.receiveEmbedMessage,!1),l.addEventListener(\"DOMContentLoaded\",function(){for(var e,t,s=l.querySelectorAll(\"iframe.wp-embedded-content\"),r=0;r<s.length;r++)(t=(e=s[r]).getAttribute(\"data-secret\"))||(t=Math.random().toString(36).substring(2,12),e.src+=\"#?secret=\"+t,e.setAttribute(\"data-secret\",t)),e.contentWindow.postMessage({message:\"ready\",secret:t},\"*\")},!1)))}(window,document);\n\/\/# sourceURL=https:\/\/blogs.uef.fi\/hugi\/wp-includes\/js\/wp-embed.min.js\n\/* ]]> *\/\n<\/script>\n","description":"Viime aikoina on sek\u00e4 Suomen ett\u00e4 Viron mediassa k\u00e4yty kiihke\u00e4\u00e4 keskustelua naapurimaan kielen oppimisen ja opettamisen tilanteesta. Suomenlahden kummallakin puolella on huolen aiheena l\u00e4hisukukielen opetuksen v\u00e4hent\u00e4minen varsinkin yliopistoissa. Ajatusten vaihto on osoittanut, ett\u00e4 keskustelijoiden tietoisuus naapurimaan kielenopetuksen tilanteesta ei v\u00e4ltt\u00e4m\u00e4tt\u00e4 ole aukotonta. Esimerkiksi mediassa ei ole mainittu viroa opettaneiden suomalaisten yliopistojen joukossa ollenkaan It\u00e4-Suomen yliopistoa, [&hellip;]"}

Viime aikoina on sekä Suomen että Viron mediassa käyty kiihkeää keskustelua naapurimaan kielen oppimisen ja opettamisen tilanteesta. Suomenlahden kummallakin puolella on huolen aiheena lähisukukielen opetuksen vähentäminen varsinkin yliopistoissa. Ajatusten vaihto on osoittanut, että keskustelijoiden tietoisuus naapurimaan kielenopetuksen tilanteesta ei välttämättä ole aukotonta. Esimerkiksi mediassa ei ole mainittu viroa opettaneiden suomalaisten yliopistojen joukossa ollenkaan Itä-Suomen yliopistoa, [&hellip;]
