{"id":1642,"date":"2023-10-06T13:03:11","date_gmt":"2023-10-06T10:03:11","guid":{"rendered":"https:\/\/blogs.uef.fi\/forest-issues\/?page_id=1642"},"modified":"2023-11-07T12:53:18","modified_gmt":"2023-11-07T10:53:18","slug":"tietoja-blogista","status":"publish","type":"page","link":"https:\/\/blogs.uef.fi\/forest-issues\/tietoja-blogista\/","title":{"rendered":"Tietoja blogista"},"content":{"rendered":"\n<p>Forest Issues -blogipalstalla julkaistaan kirjoituksia ajankohtaisista tai muuten vaan t\u00e4rkeist\u00e4 mets\u00e4aiheista. Kirjoitusten p\u00e4\u00e4paino on ollut metsien hiilensidonnassa ja jatkuvapeitteisess\u00e4 mets\u00e4taloudessa, mutta muitakin aiheita blogiteksteiss\u00e4 sivutaan.<\/p>\n\n\n\n<p>Kirjoituksissa esitetyt n\u00e4kemykset perustuvat useimmissa tapauksissa tutkimuksiin tai tutkimuksiin rinnastettaviin analyyseihin.<\/p>\n\n\n\n<p> <\/p>\n\n\n\n<p> <\/p>\n","protected":false},"excerpt":{"rendered":"<p>Forest Issues -blogipalstalla julkaistaan kirjoituksia ajankohtaisista tai muuten vaan t\u00e4rkeist\u00e4 mets\u00e4aiheista. Kirjoitusten p\u00e4\u00e4paino on ollut metsien hiilensidonnassa ja jatkuvapeitteisess\u00e4 mets\u00e4taloudessa, mutta muitakin aiheita blogiteksteiss\u00e4 sivutaan. Kirjoituksissa esitetyt n\u00e4kemykset perustuvat useimmissa tapauksissa tutkimuksiin tai tutkimuksiin rinnastettaviin analyyseihin.<\/p>\n","protected":false},"author":7,"featured_media":0,"parent":0,"menu_order":0,"comment_status":"closed","ping_status":"closed","template":"","meta":{"_acf_changed":false,"footnotes":""},"class_list":["post-1642","page","type-page","status-publish","hentry"],"acf":[],"yoast_head":"<!-- This site is optimized with the Yoast SEO plugin v27.1.1 - https:\/\/yoast.com\/product\/yoast-seo-wordpress\/ -->\n<title>Tietoja blogista - Forest Issues<\/title>\n<meta name=\"robots\" content=\"index, follow, max-snippet:-1, max-image-preview:large, max-video-preview:-1\" \/>\n<link rel=\"canonical\" href=\"https:\/\/blogs.uef.fi\/forest-issues\/tietoja-blogista\/\" \/>\n<meta property=\"og:locale\" content=\"en_US\" \/>\n<meta property=\"og:type\" content=\"article\" \/>\n<meta property=\"og:title\" content=\"Tietoja blogista - Forest Issues\" \/>\n<meta property=\"og:description\" content=\"Forest Issues -blogipalstalla julkaistaan kirjoituksia ajankohtaisista tai muuten vaan t\u00e4rkeist\u00e4 mets\u00e4aiheista. Kirjoitusten p\u00e4\u00e4paino on ollut metsien hiilensidonnassa ja jatkuvapeitteisess\u00e4 mets\u00e4taloudessa, mutta muitakin aiheita blogiteksteiss\u00e4 sivutaan. Kirjoituksissa esitetyt n\u00e4kemykset perustuvat useimmissa tapauksissa tutkimuksiin tai tutkimuksiin rinnastettaviin analyyseihin.\" \/>\n<meta property=\"og:url\" content=\"https:\/\/blogs.uef.fi\/forest-issues\/tietoja-blogista\/\" \/>\n<meta property=\"og:site_name\" content=\"Forest Issues\" \/>\n<meta property=\"article:modified_time\" content=\"2023-11-07T10:53:18+00:00\" \/>\n<meta name=\"twitter:card\" content=\"summary_large_image\" \/>\n<meta name=\"twitter:label1\" content=\"Est. reading time\" \/>\n\t<meta name=\"twitter:data1\" content=\"1 minute\" \/>\n<script type=\"application\/ld+json\" class=\"yoast-schema-graph\">{\"@context\":\"https:\/\/schema.org\",\"@graph\":[{\"@type\":\"WebPage\",\"@id\":\"https:\/\/blogs.uef.fi\/forest-issues\/tietoja-blogista\/\",\"url\":\"https:\/\/blogs.uef.fi\/forest-issues\/tietoja-blogista\/\",\"name\":\"Tietoja blogista - Forest Issues\",\"isPartOf\":{\"@id\":\"https:\/\/blogs.uef.fi\/forest-issues\/#website\"},\"datePublished\":\"2023-10-06T10:03:11+00:00\",\"dateModified\":\"2023-11-07T10:53:18+00:00\",\"breadcrumb\":{\"@id\":\"https:\/\/blogs.uef.fi\/forest-issues\/tietoja-blogista\/#breadcrumb\"},\"inLanguage\":\"en-US\",\"potentialAction\":[{\"@type\":\"ReadAction\",\"target\":[\"https:\/\/blogs.uef.fi\/forest-issues\/tietoja-blogista\/\"]}]},{\"@type\":\"BreadcrumbList\",\"@id\":\"https:\/\/blogs.uef.fi\/forest-issues\/tietoja-blogista\/#breadcrumb\",\"itemListElement\":[{\"@type\":\"ListItem\",\"position\":1,\"name\":\"Home\",\"item\":\"https:\/\/blogs.uef.fi\/forest-issues\/\"},{\"@type\":\"ListItem\",\"position\":2,\"name\":\"Tietoja blogista\"}]},{\"@type\":\"WebSite\",\"@id\":\"https:\/\/blogs.uef.fi\/forest-issues\/#website\",\"url\":\"https:\/\/blogs.uef.fi\/forest-issues\/\",\"name\":\"Forest Issues\",\"description\":\"\",\"potentialAction\":[{\"@type\":\"SearchAction\",\"target\":{\"@type\":\"EntryPoint\",\"urlTemplate\":\"https:\/\/blogs.uef.fi\/forest-issues\/?s={search_term_string}\"},\"query-input\":{\"@type\":\"PropertyValueSpecification\",\"valueRequired\":true,\"valueName\":\"search_term_string\"}}],\"inLanguage\":\"en-US\"}]}<\/script>\n<!-- \/ Yoast SEO plugin. -->","yoast_head_json":{"title":"Tietoja blogista - Forest Issues","robots":{"index":"index","follow":"follow","max-snippet":"max-snippet:-1","max-image-preview":"max-image-preview:large","max-video-preview":"max-video-preview:-1"},"canonical":"https:\/\/blogs.uef.fi\/forest-issues\/tietoja-blogista\/","og_locale":"en_US","og_type":"article","og_title":"Tietoja blogista - Forest Issues","og_description":"Forest Issues -blogipalstalla julkaistaan kirjoituksia ajankohtaisista tai muuten vaan t\u00e4rkeist\u00e4 mets\u00e4aiheista. Kirjoitusten p\u00e4\u00e4paino on ollut metsien hiilensidonnassa ja jatkuvapeitteisess\u00e4 mets\u00e4taloudessa, mutta muitakin aiheita blogiteksteiss\u00e4 sivutaan. Kirjoituksissa esitetyt n\u00e4kemykset perustuvat useimmissa tapauksissa tutkimuksiin tai tutkimuksiin rinnastettaviin analyyseihin.","og_url":"https:\/\/blogs.uef.fi\/forest-issues\/tietoja-blogista\/","og_site_name":"Forest Issues","article_modified_time":"2023-11-07T10:53:18+00:00","twitter_card":"summary_large_image","twitter_misc":{"Est. reading time":"1 minute"},"schema":{"@context":"https:\/\/schema.org","@graph":[{"@type":"WebPage","@id":"https:\/\/blogs.uef.fi\/forest-issues\/tietoja-blogista\/","url":"https:\/\/blogs.uef.fi\/forest-issues\/tietoja-blogista\/","name":"Tietoja blogista - Forest Issues","isPartOf":{"@id":"https:\/\/blogs.uef.fi\/forest-issues\/#website"},"datePublished":"2023-10-06T10:03:11+00:00","dateModified":"2023-11-07T10:53:18+00:00","breadcrumb":{"@id":"https:\/\/blogs.uef.fi\/forest-issues\/tietoja-blogista\/#breadcrumb"},"inLanguage":"en-US","potentialAction":[{"@type":"ReadAction","target":["https:\/\/blogs.uef.fi\/forest-issues\/tietoja-blogista\/"]}]},{"@type":"BreadcrumbList","@id":"https:\/\/blogs.uef.fi\/forest-issues\/tietoja-blogista\/#breadcrumb","itemListElement":[{"@type":"ListItem","position":1,"name":"Home","item":"https:\/\/blogs.uef.fi\/forest-issues\/"},{"@type":"ListItem","position":2,"name":"Tietoja blogista"}]},{"@type":"WebSite","@id":"https:\/\/blogs.uef.fi\/forest-issues\/#website","url":"https:\/\/blogs.uef.fi\/forest-issues\/","name":"Forest Issues","description":"","potentialAction":[{"@type":"SearchAction","target":{"@type":"EntryPoint","urlTemplate":"https:\/\/blogs.uef.fi\/forest-issues\/?s={search_term_string}"},"query-input":{"@type":"PropertyValueSpecification","valueRequired":true,"valueName":"search_term_string"}}],"inLanguage":"en-US"}]}},"_links":{"self":[{"href":"https:\/\/blogs.uef.fi\/forest-issues\/wp-json\/wp\/v2\/pages\/1642","targetHints":{"allow":["GET"]}}],"collection":[{"href":"https:\/\/blogs.uef.fi\/forest-issues\/wp-json\/wp\/v2\/pages"}],"about":[{"href":"https:\/\/blogs.uef.fi\/forest-issues\/wp-json\/wp\/v2\/types\/page"}],"author":[{"embeddable":true,"href":"https:\/\/blogs.uef.fi\/forest-issues\/wp-json\/wp\/v2\/users\/7"}],"replies":[{"embeddable":true,"href":"https:\/\/blogs.uef.fi\/forest-issues\/wp-json\/wp\/v2\/comments?post=1642"}],"version-history":[{"count":2,"href":"https:\/\/blogs.uef.fi\/forest-issues\/wp-json\/wp\/v2\/pages\/1642\/revisions"}],"predecessor-version":[{"id":1665,"href":"https:\/\/blogs.uef.fi\/forest-issues\/wp-json\/wp\/v2\/pages\/1642\/revisions\/1665"}],"wp:attachment":[{"href":"https:\/\/blogs.uef.fi\/forest-issues\/wp-json\/wp\/v2\/media?parent=1642"}],"curies":[{"name":"wp","href":"https:\/\/api.w.org\/{rel}","templated":true}]}}