{"id":1246,"date":"2024-01-29T09:37:34","date_gmt":"2024-01-29T07:37:34","guid":{"rendered":"https:\/\/blogs.uef.fi\/fclab-lukio\/?page_id=1246"},"modified":"2024-08-30T00:33:06","modified_gmt":"2024-08-29T21:33:06","slug":"tietoa-fclab-lukioiii-hankkeesta","status":"publish","type":"page","link":"https:\/\/blogs.uef.fi\/fclab-lukio\/tietoa-fclab-lukioiii-hankkeesta\/","title":{"rendered":"Tietoa FCLab.lukio III -hankkeesta"},"content":{"rendered":"\n<p>It\u00e4-Suomen yliopiston harjoittelukoulun Tulliportin lukion FCLab.lukio III -hanke jatkaa aiempia hankekausia painottaen erityisesti tutkimusperustaista kehitysty\u00f6t\u00e4 oppimisen edist\u00e4misess\u00e4 sek\u00e4 entist\u00e4kin laajempaa yhteisty\u00f6t\u00e4. <\/p>\n\n\n\n<ul class=\"wp-block-list\">\n<li><strong>Teknologiapohjaiset toimintamallit<\/strong>: Kehitet\u00e4\u00e4n oppiainekohtaisia toimintamalleja yhteisty\u00f6ss\u00e4.<\/li>\n<\/ul>\n\n\n\n<ul class=\"wp-block-list\">\n<li><strong>Immersiiviset oppimiskokemukset<\/strong>: Tarjotaan lukiolaisille immersiivisi\u00e4 oppimiskokemuksia modernien teknologioiden avulla, vahvistaen heid\u00e4n osallisuuttaan.\u00a0<\/li>\n<\/ul>\n\n\n\n<ul class=\"wp-block-list\">\n<li><strong>Monipuoliset oppimisymp\u00e4rist\u00f6t<\/strong>: Monipuolistetaan niin fyysisi\u00e4 kuin muitakin oppimisymp\u00e4rist\u00f6j\u00e4 VR-, AR- ja XR-teknologioiden avulla, ja luodaan toimintakulttuuria, jossa teko\u00e4ly ja avoin data ovat keskeisi\u00e4.\u00a0<\/li>\n<\/ul>\n\n\n\n<ul class=\"wp-block-list\">\n<li><strong>Verkostoituminen ja yhteisty\u00f6<\/strong>: Verkostoidutaan ty\u00f6el\u00e4m\u00e4n, korkea-asteen ja toisten lukioiden kanssa, ja vakiinnutetaan toimintamallit osaksi koulun toimintakulttuuria.\u00a0Edistet\u00e4\u00e4n ja ollaan aktiivisesti mukana kansallisessa FCLab.lukio-toimijoiden verkostossa.<\/li>\n<\/ul>\n","protected":false},"excerpt":{"rendered":"<p>It\u00e4-Suomen yliopiston harjoittelukoulun Tulliportin lukion FCLab.lukio III -hanke jatkaa aiempia hankekausia painottaen erityisesti tutkimusperustaista kehitysty\u00f6t\u00e4 oppimisen edist\u00e4misess\u00e4 sek\u00e4 entist\u00e4kin laajempaa yhteisty\u00f6t\u00e4.<\/p>\n","protected":false},"author":7,"featured_media":0,"parent":0,"menu_order":0,"comment_status":"closed","ping_status":"closed","template":"","meta":{"_acf_changed":false,"footnotes":""},"class_list":["post-1246","page","type-page","status-publish","hentry"],"acf":[],"yoast_head":"<!-- This site is optimized with the Yoast SEO plugin v27.1.1 - https:\/\/yoast.com\/product\/yoast-seo-wordpress\/ -->\n<title>Tietoa FCLab.lukio III -hankkeesta - FCLab lukio<\/title>\n<meta name=\"description\" content=\"Hankkeen tavoitteet ovat tutkimusperustainen kehitys ja laaja yhteisty\u00f6.\" \/>\n<meta name=\"robots\" content=\"index, follow, max-snippet:-1, max-image-preview:large, max-video-preview:-1\" \/>\n<link rel=\"canonical\" href=\"https:\/\/blogs.uef.fi\/fclab-lukio\/tietoa-fclab-lukioiii-hankkeesta\/\" \/>\n<meta property=\"og:locale\" content=\"fi_FI\" \/>\n<meta property=\"og:type\" content=\"article\" \/>\n<meta property=\"og:title\" content=\"Tietoa FCLab.lukio III -hankkeesta - FCLab lukio\" \/>\n<meta property=\"og:description\" content=\"Hankkeen tavoitteet ovat tutkimusperustainen kehitys ja laaja yhteisty\u00f6.\" \/>\n<meta property=\"og:url\" content=\"https:\/\/blogs.uef.fi\/fclab-lukio\/tietoa-fclab-lukioiii-hankkeesta\/\" \/>\n<meta property=\"og:site_name\" content=\"FCLab lukio\" \/>\n<meta property=\"article:modified_time\" content=\"2024-08-29T21:33:06+00:00\" \/>\n<meta name=\"twitter:card\" content=\"summary_large_image\" \/>\n<meta name=\"twitter:label1\" content=\"Arvioitu lukuaika\" \/>\n\t<meta name=\"twitter:data1\" content=\"1 minuutti\" \/>\n<script type=\"application\/ld+json\" class=\"yoast-schema-graph\">{\"@context\":\"https:\/\/schema.org\",\"@graph\":[{\"@type\":\"WebPage\",\"@id\":\"https:\/\/blogs.uef.fi\/fclab-lukio\/tietoa-fclab-lukioiii-hankkeesta\/\",\"url\":\"https:\/\/blogs.uef.fi\/fclab-lukio\/tietoa-fclab-lukioiii-hankkeesta\/\",\"name\":\"Tietoa FCLab.lukio III -hankkeesta - FCLab lukio\",\"isPartOf\":{\"@id\":\"https:\/\/blogs.uef.fi\/fclab-lukio\/#website\"},\"datePublished\":\"2024-01-29T07:37:34+00:00\",\"dateModified\":\"2024-08-29T21:33:06+00:00\",\"description\":\"Hankkeen tavoitteet ovat tutkimusperustainen kehitys ja laaja yhteisty\u00f6.\",\"breadcrumb\":{\"@id\":\"https:\/\/blogs.uef.fi\/fclab-lukio\/tietoa-fclab-lukioiii-hankkeesta\/#breadcrumb\"},\"inLanguage\":\"fi\",\"potentialAction\":[{\"@type\":\"ReadAction\",\"target\":[\"https:\/\/blogs.uef.fi\/fclab-lukio\/tietoa-fclab-lukioiii-hankkeesta\/\"]}]},{\"@type\":\"BreadcrumbList\",\"@id\":\"https:\/\/blogs.uef.fi\/fclab-lukio\/tietoa-fclab-lukioiii-hankkeesta\/#breadcrumb\",\"itemListElement\":[{\"@type\":\"ListItem\",\"position\":1,\"name\":\"Home\",\"item\":\"https:\/\/blogs.uef.fi\/fclab-lukio\/\"},{\"@type\":\"ListItem\",\"position\":2,\"name\":\"Tietoa FCLab.lukio III -hankkeesta\"}]},{\"@type\":\"WebSite\",\"@id\":\"https:\/\/blogs.uef.fi\/fclab-lukio\/#website\",\"url\":\"https:\/\/blogs.uef.fi\/fclab-lukio\/\",\"name\":\"FCLab lukio\",\"description\":\"\",\"potentialAction\":[{\"@type\":\"SearchAction\",\"target\":{\"@type\":\"EntryPoint\",\"urlTemplate\":\"https:\/\/blogs.uef.fi\/fclab-lukio\/?s={search_term_string}\"},\"query-input\":{\"@type\":\"PropertyValueSpecification\",\"valueRequired\":true,\"valueName\":\"search_term_string\"}}],\"inLanguage\":\"fi\"}]}<\/script>\n<!-- \/ Yoast SEO plugin. -->","yoast_head_json":{"title":"Tietoa FCLab.lukio III -hankkeesta - FCLab lukio","description":"Hankkeen tavoitteet ovat tutkimusperustainen kehitys ja laaja yhteisty\u00f6.","robots":{"index":"index","follow":"follow","max-snippet":"max-snippet:-1","max-image-preview":"max-image-preview:large","max-video-preview":"max-video-preview:-1"},"canonical":"https:\/\/blogs.uef.fi\/fclab-lukio\/tietoa-fclab-lukioiii-hankkeesta\/","og_locale":"fi_FI","og_type":"article","og_title":"Tietoa FCLab.lukio III -hankkeesta - FCLab lukio","og_description":"Hankkeen tavoitteet ovat tutkimusperustainen kehitys ja laaja yhteisty\u00f6.","og_url":"https:\/\/blogs.uef.fi\/fclab-lukio\/tietoa-fclab-lukioiii-hankkeesta\/","og_site_name":"FCLab lukio","article_modified_time":"2024-08-29T21:33:06+00:00","twitter_card":"summary_large_image","twitter_misc":{"Arvioitu lukuaika":"1 minuutti"},"schema":{"@context":"https:\/\/schema.org","@graph":[{"@type":"WebPage","@id":"https:\/\/blogs.uef.fi\/fclab-lukio\/tietoa-fclab-lukioiii-hankkeesta\/","url":"https:\/\/blogs.uef.fi\/fclab-lukio\/tietoa-fclab-lukioiii-hankkeesta\/","name":"Tietoa FCLab.lukio III -hankkeesta - FCLab lukio","isPartOf":{"@id":"https:\/\/blogs.uef.fi\/fclab-lukio\/#website"},"datePublished":"2024-01-29T07:37:34+00:00","dateModified":"2024-08-29T21:33:06+00:00","description":"Hankkeen tavoitteet ovat tutkimusperustainen kehitys ja laaja yhteisty\u00f6.","breadcrumb":{"@id":"https:\/\/blogs.uef.fi\/fclab-lukio\/tietoa-fclab-lukioiii-hankkeesta\/#breadcrumb"},"inLanguage":"fi","potentialAction":[{"@type":"ReadAction","target":["https:\/\/blogs.uef.fi\/fclab-lukio\/tietoa-fclab-lukioiii-hankkeesta\/"]}]},{"@type":"BreadcrumbList","@id":"https:\/\/blogs.uef.fi\/fclab-lukio\/tietoa-fclab-lukioiii-hankkeesta\/#breadcrumb","itemListElement":[{"@type":"ListItem","position":1,"name":"Home","item":"https:\/\/blogs.uef.fi\/fclab-lukio\/"},{"@type":"ListItem","position":2,"name":"Tietoa FCLab.lukio III -hankkeesta"}]},{"@type":"WebSite","@id":"https:\/\/blogs.uef.fi\/fclab-lukio\/#website","url":"https:\/\/blogs.uef.fi\/fclab-lukio\/","name":"FCLab lukio","description":"","potentialAction":[{"@type":"SearchAction","target":{"@type":"EntryPoint","urlTemplate":"https:\/\/blogs.uef.fi\/fclab-lukio\/?s={search_term_string}"},"query-input":{"@type":"PropertyValueSpecification","valueRequired":true,"valueName":"search_term_string"}}],"inLanguage":"fi"}]}},"_links":{"self":[{"href":"https:\/\/blogs.uef.fi\/fclab-lukio\/wp-json\/wp\/v2\/pages\/1246","targetHints":{"allow":["GET"]}}],"collection":[{"href":"https:\/\/blogs.uef.fi\/fclab-lukio\/wp-json\/wp\/v2\/pages"}],"about":[{"href":"https:\/\/blogs.uef.fi\/fclab-lukio\/wp-json\/wp\/v2\/types\/page"}],"author":[{"embeddable":true,"href":"https:\/\/blogs.uef.fi\/fclab-lukio\/wp-json\/wp\/v2\/users\/7"}],"replies":[{"embeddable":true,"href":"https:\/\/blogs.uef.fi\/fclab-lukio\/wp-json\/wp\/v2\/comments?post=1246"}],"version-history":[{"count":1,"href":"https:\/\/blogs.uef.fi\/fclab-lukio\/wp-json\/wp\/v2\/pages\/1246\/revisions"}],"predecessor-version":[{"id":1501,"href":"https:\/\/blogs.uef.fi\/fclab-lukio\/wp-json\/wp\/v2\/pages\/1246\/revisions\/1501"}],"wp:attachment":[{"href":"https:\/\/blogs.uef.fi\/fclab-lukio\/wp-json\/wp\/v2\/media?parent=1246"}],"curies":[{"name":"wp","href":"https:\/\/api.w.org\/{rel}","templated":true}]}}