{"id":1780,"date":"2024-01-23T10:38:13","date_gmt":"2024-01-23T07:38:13","guid":{"rendered":"https:\/\/blogs.uef.fi\/cudis\/?page_id=1780"},"modified":"2024-01-23T10:38:16","modified_gmt":"2024-01-23T07:38:16","slug":"cudis-assignment-instructions-fin-en","status":"publish","type":"page","link":"https:\/\/blogs.uef.fi\/cudis\/cudis-assignment-instructions-fin-en\/","title":{"rendered":"CUDIS Assignment Instructions FIN\/EN"},"content":{"rendered":"\n<h3 class=\"wp-block-heading\"><strong>Koulutus: Yritysten digiteknologia- ja kansainv\u00e4lisyysosaaminen<\/strong><\/h3>\n\n\n\n<p><strong>Opintosuorituksen ohjeet korkeakouluopiskelijoille<\/strong><\/p>\n\n\n\n<p>Koulutusta voi hy\u00f6dynt\u00e4\u00e4 osaamisportfoliossa ty\u00f6el\u00e4m\u00e4tapahtumana. Koulutuksen kaikkiin tilaisuuksiin osallistumisesta on mahdollista saada 2 op oppimisp\u00e4iv\u00e4kirjaa vastaan.<\/p>\n\n\n\n<p>Humanistisen alojen opiskelijat voivat sis\u00e4llytt\u00e4\u00e4 opintosuorituksen esimerkiksi opintojaksoon Ty\u00f6el\u00e4m\u00e4\u00e4n suuntaavat opinnot 1\u201310 op tai muihin ty\u00f6el\u00e4m\u00e4opintoihin. Tietojenk\u00e4sittelytieteen opiskelijat voivat sis\u00e4llytt\u00e4\u00e4 suorituksen vapaavalintaisiin opintoihin. Suorituksen sis\u00e4llytt\u00e4misest\u00e4 ty\u00f6el\u00e4m\u00e4opintoihin tai vapaavalintaisiin opintoihin on <strong>sovittava etuk\u00e4teen kyseisen opintojakson vastuuopettajan kanssa<\/strong>.<\/p>\n\n\n\n<p>Oppimisp\u00e4iv\u00e4kirja:<\/p>\n\n\n\n<ul class=\"wp-block-list\">\n<li>Oppimisp\u00e4iv\u00e4kirja yhteens\u00e4 noin 8\u201310 sivua. Jokaisesta koulutuksen tapaamisesta (4 x 4 h) kirjoitetaan noin 2 sivua kokoavaa pohdintaa opintop\u00e4iv\u00e4kirjan muodossa.<\/li>\n<\/ul>\n\n\n\n<h3 class=\"wp-block-heading\" id=\"digital-and-international-competences-training-for-enterprises\"><strong>Training:\u00a0Digital and international competences of enterprises<\/strong><\/h3>\n\n\n\n<p>You can select individual training events to include in your portfolio\/CV etc. By attending all training events and writing a learning diary, you can earn 2 ECTS credits. 1) Humanities students can include the credits for example in\u00a0Work Experience 1\u201310 ECTS studies\/course 2) Computing students can include the credits in Optional and minor subject studies.\u00a0<strong>Discuss credit incorporation with the respective course instructors.<\/strong><\/p>\n\n\n\n<p><strong>Learning diary: <\/strong><\/p>\n\n\n\n<ul class=\"wp-block-list\">\n<li>Learning diary (8\u201310) where you reflect on the themes of the training sessions. You must attend all meetings and write 2 pages about each.  <\/li>\n<\/ul>\n","protected":false},"excerpt":{"rendered":"<p>Koulutus: Yritysten digiteknologia- ja kansainv\u00e4lisyysosaaminen Opintosuorituksen ohjeet korkeakouluopiskelijoille Koulutusta voi hy\u00f6dynt\u00e4\u00e4 osaamisportfoliossa ty\u00f6el\u00e4m\u00e4tapahtumana. Koulutuksen kaikkiin tilaisuuksiin osallistumisesta on mahdollista saada 2 op oppimisp\u00e4iv\u00e4kirjaa vastaan. Humanistisen alojen opiskelijat voivat sis\u00e4llytt\u00e4\u00e4 opintosuorituksen esimerkiksi opintojaksoon Ty\u00f6el\u00e4m\u00e4\u00e4n suuntaavat opinnot 1\u201310 op tai muihin ty\u00f6el\u00e4m\u00e4opintoihin. Tietojenk\u00e4sittelytieteen opiskelijat voivat sis\u00e4llytt\u00e4\u00e4 suorituksen vapaavalintaisiin opintoihin. Suorituksen sis\u00e4llytt\u00e4misest\u00e4 ty\u00f6el\u00e4m\u00e4opintoihin tai vapaavalintaisiin opintoihin on sovittava [&hellip;]<\/p>\n","protected":false},"author":619,"featured_media":0,"parent":0,"menu_order":0,"comment_status":"closed","ping_status":"closed","template":"","meta":{"_acf_changed":false,"footnotes":""},"class_list":["post-1780","page","type-page","status-publish","hentry"],"acf":[],"yoast_head":"<!-- This site is optimized with the Yoast SEO plugin v27.3 - https:\/\/yoast.com\/product\/yoast-seo-wordpress\/ -->\n<title>CUDIS Assignment Instructions FIN\/EN - CUDIS - Cultural Knowledge and Digital Skills in Globalising Working Life<\/title>\n<meta name=\"robots\" content=\"index, follow, max-snippet:-1, max-image-preview:large, max-video-preview:-1\" \/>\n<link rel=\"canonical\" href=\"https:\/\/blogs.uef.fi\/cudis\/cudis-assignment-instructions-fin-en\/\" \/>\n<meta property=\"og:locale\" content=\"en_US\" \/>\n<meta property=\"og:type\" content=\"article\" \/>\n<meta property=\"og:title\" content=\"CUDIS Assignment Instructions FIN\/EN - CUDIS - Cultural Knowledge and Digital Skills in Globalising Working Life\" \/>\n<meta property=\"og:description\" content=\"Koulutus: Yritysten digiteknologia- ja kansainv\u00e4lisyysosaaminen Opintosuorituksen ohjeet korkeakouluopiskelijoille Koulutusta voi hy\u00f6dynt\u00e4\u00e4 osaamisportfoliossa ty\u00f6el\u00e4m\u00e4tapahtumana. Koulutuksen kaikkiin tilaisuuksiin osallistumisesta on mahdollista saada 2 op oppimisp\u00e4iv\u00e4kirjaa vastaan. Humanistisen alojen opiskelijat voivat sis\u00e4llytt\u00e4\u00e4 opintosuorituksen esimerkiksi opintojaksoon Ty\u00f6el\u00e4m\u00e4\u00e4n suuntaavat opinnot 1\u201310 op tai muihin ty\u00f6el\u00e4m\u00e4opintoihin. Tietojenk\u00e4sittelytieteen opiskelijat voivat sis\u00e4llytt\u00e4\u00e4 suorituksen vapaavalintaisiin opintoihin. Suorituksen sis\u00e4llytt\u00e4misest\u00e4 ty\u00f6el\u00e4m\u00e4opintoihin tai vapaavalintaisiin opintoihin on sovittava [&hellip;]\" \/>\n<meta property=\"og:url\" content=\"https:\/\/blogs.uef.fi\/cudis\/cudis-assignment-instructions-fin-en\/\" \/>\n<meta property=\"og:site_name\" content=\"CUDIS - Cultural Knowledge and Digital Skills in Globalising Working Life\" \/>\n<meta property=\"article:modified_time\" content=\"2024-01-23T07:38:16+00:00\" \/>\n<meta name=\"twitter:card\" content=\"summary_large_image\" \/>\n<meta name=\"twitter:label1\" content=\"Est. reading time\" \/>\n\t<meta name=\"twitter:data1\" content=\"1 minute\" \/>\n<script type=\"application\/ld+json\" class=\"yoast-schema-graph\">{\"@context\":\"https:\\\/\\\/schema.org\",\"@graph\":[{\"@type\":\"WebPage\",\"@id\":\"https:\\\/\\\/blogs.uef.fi\\\/cudis\\\/cudis-assignment-instructions-fin-en\\\/\",\"url\":\"https:\\\/\\\/blogs.uef.fi\\\/cudis\\\/cudis-assignment-instructions-fin-en\\\/\",\"name\":\"CUDIS Assignment Instructions FIN\\\/EN - CUDIS - Cultural Knowledge and Digital Skills in Globalising Working Life\",\"isPartOf\":{\"@id\":\"https:\\\/\\\/blogs.uef.fi\\\/cudis\\\/#website\"},\"datePublished\":\"2024-01-23T07:38:13+00:00\",\"dateModified\":\"2024-01-23T07:38:16+00:00\",\"breadcrumb\":{\"@id\":\"https:\\\/\\\/blogs.uef.fi\\\/cudis\\\/cudis-assignment-instructions-fin-en\\\/#breadcrumb\"},\"inLanguage\":\"en-US\",\"potentialAction\":[{\"@type\":\"ReadAction\",\"target\":[\"https:\\\/\\\/blogs.uef.fi\\\/cudis\\\/cudis-assignment-instructions-fin-en\\\/\"]}]},{\"@type\":\"BreadcrumbList\",\"@id\":\"https:\\\/\\\/blogs.uef.fi\\\/cudis\\\/cudis-assignment-instructions-fin-en\\\/#breadcrumb\",\"itemListElement\":[{\"@type\":\"ListItem\",\"position\":1,\"name\":\"Home\",\"item\":\"https:\\\/\\\/blogs.uef.fi\\\/cudis\\\/\"},{\"@type\":\"ListItem\",\"position\":2,\"name\":\"CUDIS Assignment Instructions FIN\\\/EN\"}]},{\"@type\":\"WebSite\",\"@id\":\"https:\\\/\\\/blogs.uef.fi\\\/cudis\\\/#website\",\"url\":\"https:\\\/\\\/blogs.uef.fi\\\/cudis\\\/\",\"name\":\"CUDIS - Cultural Knowledge and Digital Skills in Globalising Working Life\",\"description\":\"\",\"potentialAction\":[{\"@type\":\"SearchAction\",\"target\":{\"@type\":\"EntryPoint\",\"urlTemplate\":\"https:\\\/\\\/blogs.uef.fi\\\/cudis\\\/?s={search_term_string}\"},\"query-input\":{\"@type\":\"PropertyValueSpecification\",\"valueRequired\":true,\"valueName\":\"search_term_string\"}}],\"inLanguage\":\"en-US\"}]}<\/script>\n<!-- \/ Yoast SEO plugin. -->","yoast_head_json":{"title":"CUDIS Assignment Instructions FIN\/EN - CUDIS - Cultural Knowledge and Digital Skills in Globalising Working Life","robots":{"index":"index","follow":"follow","max-snippet":"max-snippet:-1","max-image-preview":"max-image-preview:large","max-video-preview":"max-video-preview:-1"},"canonical":"https:\/\/blogs.uef.fi\/cudis\/cudis-assignment-instructions-fin-en\/","og_locale":"en_US","og_type":"article","og_title":"CUDIS Assignment Instructions FIN\/EN - CUDIS - Cultural Knowledge and Digital Skills in Globalising Working Life","og_description":"Koulutus: Yritysten digiteknologia- ja kansainv\u00e4lisyysosaaminen Opintosuorituksen ohjeet korkeakouluopiskelijoille Koulutusta voi hy\u00f6dynt\u00e4\u00e4 osaamisportfoliossa ty\u00f6el\u00e4m\u00e4tapahtumana. Koulutuksen kaikkiin tilaisuuksiin osallistumisesta on mahdollista saada 2 op oppimisp\u00e4iv\u00e4kirjaa vastaan. Humanistisen alojen opiskelijat voivat sis\u00e4llytt\u00e4\u00e4 opintosuorituksen esimerkiksi opintojaksoon Ty\u00f6el\u00e4m\u00e4\u00e4n suuntaavat opinnot 1\u201310 op tai muihin ty\u00f6el\u00e4m\u00e4opintoihin. Tietojenk\u00e4sittelytieteen opiskelijat voivat sis\u00e4llytt\u00e4\u00e4 suorituksen vapaavalintaisiin opintoihin. Suorituksen sis\u00e4llytt\u00e4misest\u00e4 ty\u00f6el\u00e4m\u00e4opintoihin tai vapaavalintaisiin opintoihin on sovittava [&hellip;]","og_url":"https:\/\/blogs.uef.fi\/cudis\/cudis-assignment-instructions-fin-en\/","og_site_name":"CUDIS - Cultural Knowledge and Digital Skills in Globalising Working Life","article_modified_time":"2024-01-23T07:38:16+00:00","twitter_card":"summary_large_image","twitter_misc":{"Est. reading time":"1 minute"},"schema":{"@context":"https:\/\/schema.org","@graph":[{"@type":"WebPage","@id":"https:\/\/blogs.uef.fi\/cudis\/cudis-assignment-instructions-fin-en\/","url":"https:\/\/blogs.uef.fi\/cudis\/cudis-assignment-instructions-fin-en\/","name":"CUDIS Assignment Instructions FIN\/EN - CUDIS - Cultural Knowledge and Digital Skills in Globalising Working Life","isPartOf":{"@id":"https:\/\/blogs.uef.fi\/cudis\/#website"},"datePublished":"2024-01-23T07:38:13+00:00","dateModified":"2024-01-23T07:38:16+00:00","breadcrumb":{"@id":"https:\/\/blogs.uef.fi\/cudis\/cudis-assignment-instructions-fin-en\/#breadcrumb"},"inLanguage":"en-US","potentialAction":[{"@type":"ReadAction","target":["https:\/\/blogs.uef.fi\/cudis\/cudis-assignment-instructions-fin-en\/"]}]},{"@type":"BreadcrumbList","@id":"https:\/\/blogs.uef.fi\/cudis\/cudis-assignment-instructions-fin-en\/#breadcrumb","itemListElement":[{"@type":"ListItem","position":1,"name":"Home","item":"https:\/\/blogs.uef.fi\/cudis\/"},{"@type":"ListItem","position":2,"name":"CUDIS Assignment Instructions FIN\/EN"}]},{"@type":"WebSite","@id":"https:\/\/blogs.uef.fi\/cudis\/#website","url":"https:\/\/blogs.uef.fi\/cudis\/","name":"CUDIS - Cultural Knowledge and Digital Skills in Globalising Working Life","description":"","potentialAction":[{"@type":"SearchAction","target":{"@type":"EntryPoint","urlTemplate":"https:\/\/blogs.uef.fi\/cudis\/?s={search_term_string}"},"query-input":{"@type":"PropertyValueSpecification","valueRequired":true,"valueName":"search_term_string"}}],"inLanguage":"en-US"}]}},"_links":{"self":[{"href":"https:\/\/blogs.uef.fi\/cudis\/wp-json\/wp\/v2\/pages\/1780","targetHints":{"allow":["GET"]}}],"collection":[{"href":"https:\/\/blogs.uef.fi\/cudis\/wp-json\/wp\/v2\/pages"}],"about":[{"href":"https:\/\/blogs.uef.fi\/cudis\/wp-json\/wp\/v2\/types\/page"}],"author":[{"embeddable":true,"href":"https:\/\/blogs.uef.fi\/cudis\/wp-json\/wp\/v2\/users\/619"}],"replies":[{"embeddable":true,"href":"https:\/\/blogs.uef.fi\/cudis\/wp-json\/wp\/v2\/comments?post=1780"}],"version-history":[{"count":1,"href":"https:\/\/blogs.uef.fi\/cudis\/wp-json\/wp\/v2\/pages\/1780\/revisions"}],"predecessor-version":[{"id":1801,"href":"https:\/\/blogs.uef.fi\/cudis\/wp-json\/wp\/v2\/pages\/1780\/revisions\/1801"}],"wp:attachment":[{"href":"https:\/\/blogs.uef.fi\/cudis\/wp-json\/wp\/v2\/media?parent=1780"}],"curies":[{"name":"wp","href":"https:\/\/api.w.org\/{rel}","templated":true}]}}