{"id":3,"date":"2018-09-06T04:40:53","date_gmt":"2018-09-06T04:40:53","guid":{"rendered":"https:\/\/blogs.uef.fi\/21skillsreteachedu\/?page_id=2"},"modified":"2024-01-16T13:49:36","modified_gmt":"2024-01-16T11:49:36","slug":"sample-page","status":"publish","type":"page","link":"https:\/\/blogs.uef.fi\/21skillsreteachedu\/","title":{"rendered":"21. VUOSISADAN TAIDOT, MONILUKUTAITO JA KATSOMUSAINEIDEN OPETTAJANKOULUTUKSEN KEHITT\u00c4MINEN"},"content":{"rendered":"\n<p>Opettajankoulutuksen kehitt\u00e4minen on yksi l\u00e4ht\u00f6kohta siihen, ett\u00e4 opettajat pystyv\u00e4t tarjoamaan kouluissa laadukasta opetusta. Opetus- ja kulttuuriministeri\u00f6 jakaa vuosittain avustuksia opettajankoulutuksen kehitt\u00e4mishankkeisiin. T\u00e4n\u00e4 vuonna hanke &#8221;21. vuosisadan taidot, monilukutaito ja katsomusaineiden opettajankoulutuksen kehitt\u00e4minen&#8221; on yksi OKM:n kehitt\u00e4mishankkeista.<\/p>\n\n\n\n<figure class=\"wp-block-image\"><img loading=\"lazy\" decoding=\"async\" width=\"193\" height=\"300\" src=\"https:\/\/blogs.uef.fi\/21skillsreteachedu\/wp-content\/uploads\/sites\/77\/2018\/10\/DSC8492-1-193x300.jpg\" alt=\"Teologian opintojen kurssikirjallisuutta\" class=\"wp-image-389\" srcset=\"https:\/\/blogs.uef.fi\/21skillsreteachedu\/wp-content\/uploads\/sites\/77\/2018\/10\/DSC8492-1-193x300.jpg 193w, https:\/\/blogs.uef.fi\/21skillsreteachedu\/wp-content\/uploads\/sites\/77\/2018\/10\/DSC8492-1-244x380.jpg 244w, https:\/\/blogs.uef.fi\/21skillsreteachedu\/wp-content\/uploads\/sites\/77\/2018\/10\/DSC8492-1.jpg 400w\" sizes=\"auto, (max-width: 193px) 100vw, 193px\" \/><\/figure>\n\n\n\n<figure class=\"wp-block-image\"><img loading=\"lazy\" decoding=\"async\" width=\"300\" height=\"189\" src=\"https:\/\/blogs.uef.fi\/21skillsreteachedu\/wp-content\/uploads\/sites\/77\/2018\/10\/DSC8496-1-300x189.jpg\" alt=\"Teologian opintojen kurssikirjallisuutta\" class=\"wp-image-393\" srcset=\"https:\/\/blogs.uef.fi\/21skillsreteachedu\/wp-content\/uploads\/sites\/77\/2018\/10\/DSC8496-1-300x189.jpg 300w, https:\/\/blogs.uef.fi\/21skillsreteachedu\/wp-content\/uploads\/sites\/77\/2018\/10\/DSC8496-1-605x380.jpg 605w, https:\/\/blogs.uef.fi\/21skillsreteachedu\/wp-content\/uploads\/sites\/77\/2018\/10\/DSC8496-1.jpg 630w\" sizes=\"auto, (max-width: 300px) 100vw, 300px\" \/><\/figure>\n\n\n\n<p>Katsomusaineiden opettajankoulutuksen pedagogisia opintoja on kehitetty ilmi\u00f6perustaisen tutkivan oppimisen suuntaan. Aineeenopettajan p\u00e4\u00e4aineopintoja on kuitenkin l\u00e4ht\u00f6kohtaisesti suunniteltu palvelemaan enemm\u00e4n substanssiasiantuntijuutta kuin aineenopettajan teht\u00e4vi\u00e4.&nbsp; T\u00e4ll\u00e4 hetkell\u00e4 aineenopettajakoulutuksesta 4\/5 tapahtuu muualla kuin pedagogisissa opinnoissa.<\/p>\n\n\n\n<figure class=\"wp-block-image\"><img loading=\"lazy\" decoding=\"async\" width=\"300\" height=\"158\" src=\"https:\/\/blogs.uef.fi\/21skillsreteachedu\/wp-content\/uploads\/sites\/77\/2018\/09\/DSC5530ko-300x158.jpg\" alt=\"Opetus teologian osastolla\" class=\"wp-image-349\" srcset=\"https:\/\/blogs.uef.fi\/21skillsreteachedu\/wp-content\/uploads\/sites\/77\/2018\/09\/DSC5530ko-300x158.jpg 300w, https:\/\/blogs.uef.fi\/21skillsreteachedu\/wp-content\/uploads\/sites\/77\/2018\/09\/DSC5530ko-768x404.jpg 768w, https:\/\/blogs.uef.fi\/21skillsreteachedu\/wp-content\/uploads\/sites\/77\/2018\/09\/DSC5530ko-1024x539.jpg 1024w, https:\/\/blogs.uef.fi\/21skillsreteachedu\/wp-content\/uploads\/sites\/77\/2018\/09\/DSC5530ko-723x380.jpg 723w\" sizes=\"auto, (max-width: 300px) 100vw, 300px\" \/><\/figure>\n\n\n\n<p>Katsomusaineiden opettajien uskontoja ja katsomuksia koskevan osaamisen vaatimukset kuitenkin korostuvat yhteiskunnan moninaistuessa. Katsomusaineiden opettajilta vaaditaan esimerkiksi katsomusdialogin ohjaamisen taitoja sek\u00e4 katsomuksellista lukutaitoa osana monilukutaitoa.<\/p>\n\n\n\n<p>Katsomusaineiden opettajankoulutuksen kokonaisuutta ja siten ainelaitosten tarjoamaa opetusta on tarpeen arvioida ja kehitt\u00e4\u00e4 monen tahon yhteisty\u00f6n\u00e4, huomioiden erityisesti kent\u00e4n n\u00e4k\u00f6kulmia. T\u00e4m\u00e4 kehitt\u00e4mishanke pyrkii tutkimusperustaisesti juuri siihen.<\/p>\n\n\n\n<figure class=\"wp-block-image\"><img loading=\"lazy\" decoding=\"async\" width=\"300\" height=\"190\" src=\"https:\/\/blogs.uef.fi\/21skillsreteachedu\/wp-content\/uploads\/sites\/77\/2018\/09\/DSC5518ko-300x190.jpg\" alt=\"Opetus teologian osastolla\" class=\"wp-image-351\" srcset=\"https:\/\/blogs.uef.fi\/21skillsreteachedu\/wp-content\/uploads\/sites\/77\/2018\/09\/DSC5518ko-300x190.jpg 300w, https:\/\/blogs.uef.fi\/21skillsreteachedu\/wp-content\/uploads\/sites\/77\/2018\/09\/DSC5518ko-768x488.jpg 768w, https:\/\/blogs.uef.fi\/21skillsreteachedu\/wp-content\/uploads\/sites\/77\/2018\/09\/DSC5518ko-1024x650.jpg 1024w, https:\/\/blogs.uef.fi\/21skillsreteachedu\/wp-content\/uploads\/sites\/77\/2018\/09\/DSC5518ko-599x380.jpg 599w\" sizes=\"auto, (max-width: 300px) 100vw, 300px\" \/><\/figure>\n","protected":false},"excerpt":{"rendered":"<p>Opettajankoulutuksen kehitt\u00e4minen on yksi l\u00e4ht\u00f6kohta siihen, ett\u00e4 opettajat pystyv\u00e4t tarjoamaan kouluissa laadukasta opetusta. Opetus- ja kulttuuriministeri\u00f6 jakaa vuosittain avustuksia opettajankoulutuksen kehitt\u00e4mishankkeisiin. T\u00e4n\u00e4 vuonna hanke &#8221;21. vuosisadan taidot, monilukutaito ja katsomusaineiden opettajankoulutuksen kehitt\u00e4minen&#8221; on yksi OKM:n kehitt\u00e4mishankkeista. Katsomusaineiden opettajankoulutuksen pedagogisia opintoja on kehitetty ilmi\u00f6perustaisen tutkivan oppimisen suuntaan. Aineeenopettajan p\u00e4\u00e4aineopintoja on kuitenkin l\u00e4ht\u00f6kohtaisesti suunniteltu palvelemaan enemm\u00e4n substanssiasiantuntijuutta [&hellip;]<\/p>\n","protected":false},"author":5,"featured_media":0,"parent":0,"menu_order":0,"comment_status":"closed","ping_status":"open","template":"","meta":{"_acf_changed":false,"footnotes":""},"class_list":["post-3","page","type-page","status-publish","hentry"],"acf":[],"yoast_head":"<!-- This site is optimized with the Yoast SEO plugin v27.3 - https:\/\/yoast.com\/product\/yoast-seo-wordpress\/ -->\n<title>21. VUOSISADAN TAIDOT, MONILUKUTAITO JA KATSOMUSAINEIDEN OPETTAJANKOULUTUKSEN KEHITT\u00c4MINEN - 21.vuosisadan taidot, monilukutaito ja katsomusaineiden opettajankoulutuksen kehitt\u00e4minen<\/title>\n<meta name=\"robots\" content=\"index, follow, max-snippet:-1, max-image-preview:large, max-video-preview:-1\" \/>\n<link rel=\"canonical\" href=\"https:\/\/blogs.uef.fi\/21skillsreteachedu\/\" \/>\n<meta property=\"og:locale\" content=\"fi_FI\" \/>\n<meta property=\"og:type\" content=\"article\" \/>\n<meta property=\"og:title\" content=\"21. VUOSISADAN TAIDOT, MONILUKUTAITO JA KATSOMUSAINEIDEN OPETTAJANKOULUTUKSEN KEHITT\u00c4MINEN - 21.vuosisadan taidot, monilukutaito ja katsomusaineiden opettajankoulutuksen kehitt\u00e4minen\" \/>\n<meta property=\"og:description\" content=\"Opettajankoulutuksen kehitt\u00e4minen on yksi l\u00e4ht\u00f6kohta siihen, ett\u00e4 opettajat pystyv\u00e4t tarjoamaan kouluissa laadukasta opetusta. Opetus- ja kulttuuriministeri\u00f6 jakaa vuosittain avustuksia opettajankoulutuksen kehitt\u00e4mishankkeisiin. T\u00e4n\u00e4 vuonna hanke &#8221;21. vuosisadan taidot, monilukutaito ja katsomusaineiden opettajankoulutuksen kehitt\u00e4minen&#8221; on yksi OKM:n kehitt\u00e4mishankkeista. Katsomusaineiden opettajankoulutuksen pedagogisia opintoja on kehitetty ilmi\u00f6perustaisen tutkivan oppimisen suuntaan. Aineeenopettajan p\u00e4\u00e4aineopintoja on kuitenkin l\u00e4ht\u00f6kohtaisesti suunniteltu palvelemaan enemm\u00e4n substanssiasiantuntijuutta [&hellip;]\" \/>\n<meta property=\"og:url\" content=\"https:\/\/blogs.uef.fi\/21skillsreteachedu\/\" \/>\n<meta property=\"og:site_name\" content=\"21.vuosisadan taidot, monilukutaito ja katsomusaineiden opettajankoulutuksen kehitt\u00e4minen\" \/>\n<meta property=\"article:modified_time\" content=\"2024-01-16T11:49:36+00:00\" \/>\n<meta property=\"og:image\" content=\"https:\/\/blogs.uef.fi\/21skillsreteachedu\/wp-content\/uploads\/sites\/77\/2018\/10\/DSC8492-1-193x300.jpg\" \/>\n<meta name=\"twitter:card\" content=\"summary_large_image\" \/>\n<meta name=\"twitter:label1\" content=\"Arvioitu lukuaika\" \/>\n\t<meta name=\"twitter:data1\" content=\"2 minuuttia\" \/>\n<script type=\"application\/ld+json\" class=\"yoast-schema-graph\">{\"@context\":\"https:\\\/\\\/schema.org\",\"@graph\":[{\"@type\":\"WebPage\",\"@id\":\"https:\\\/\\\/blogs.uef.fi\\\/21skillsreteachedu\\\/\",\"url\":\"https:\\\/\\\/blogs.uef.fi\\\/21skillsreteachedu\\\/\",\"name\":\"21. VUOSISADAN TAIDOT, MONILUKUTAITO JA KATSOMUSAINEIDEN OPETTAJANKOULUTUKSEN KEHITT\u00c4MINEN - 21.vuosisadan taidot, monilukutaito ja katsomusaineiden opettajankoulutuksen kehitt\u00e4minen\",\"isPartOf\":{\"@id\":\"https:\\\/\\\/blogs.uef.fi\\\/21skillsreteachedu\\\/#website\"},\"primaryImageOfPage\":{\"@id\":\"https:\\\/\\\/blogs.uef.fi\\\/21skillsreteachedu\\\/#primaryimage\"},\"image\":{\"@id\":\"https:\\\/\\\/blogs.uef.fi\\\/21skillsreteachedu\\\/#primaryimage\"},\"thumbnailUrl\":\"https:\\\/\\\/blogs.uef.fi\\\/21skillsreteachedu\\\/wp-content\\\/uploads\\\/sites\\\/77\\\/2018\\\/10\\\/DSC8492-1-193x300.jpg\",\"datePublished\":\"2018-09-06T04:40:53+00:00\",\"dateModified\":\"2024-01-16T11:49:36+00:00\",\"breadcrumb\":{\"@id\":\"https:\\\/\\\/blogs.uef.fi\\\/21skillsreteachedu\\\/#breadcrumb\"},\"inLanguage\":\"fi\",\"potentialAction\":[{\"@type\":\"ReadAction\",\"target\":[\"https:\\\/\\\/blogs.uef.fi\\\/21skillsreteachedu\\\/\"]}]},{\"@type\":\"ImageObject\",\"inLanguage\":\"fi\",\"@id\":\"https:\\\/\\\/blogs.uef.fi\\\/21skillsreteachedu\\\/#primaryimage\",\"url\":\"https:\\\/\\\/blogs.uef.fi\\\/21skillsreteachedu\\\/wp-content\\\/uploads\\\/sites\\\/77\\\/2018\\\/10\\\/DSC8492-1.jpg\",\"contentUrl\":\"https:\\\/\\\/blogs.uef.fi\\\/21skillsreteachedu\\\/wp-content\\\/uploads\\\/sites\\\/77\\\/2018\\\/10\\\/DSC8492-1.jpg\",\"width\":400,\"height\":623},{\"@type\":\"BreadcrumbList\",\"@id\":\"https:\\\/\\\/blogs.uef.fi\\\/21skillsreteachedu\\\/#breadcrumb\",\"itemListElement\":[{\"@type\":\"ListItem\",\"position\":1,\"name\":\"Home\",\"item\":\"https:\\\/\\\/blogs.uef.fi\\\/21skillsreteachedu\\\/\"},{\"@type\":\"ListItem\",\"position\":2,\"name\":\"21. VUOSISADAN TAIDOT, MONILUKUTAITO JA KATSOMUSAINEIDEN OPETTAJANKOULUTUKSEN KEHITT\u00c4MINEN\"}]},{\"@type\":\"WebSite\",\"@id\":\"https:\\\/\\\/blogs.uef.fi\\\/21skillsreteachedu\\\/#website\",\"url\":\"https:\\\/\\\/blogs.uef.fi\\\/21skillsreteachedu\\\/\",\"name\":\"21.vuosisadan taidot, monilukutaito ja katsomusaineiden opettajankoulutuksen kehitt\u00e4minen\",\"description\":\"\",\"potentialAction\":[{\"@type\":\"SearchAction\",\"target\":{\"@type\":\"EntryPoint\",\"urlTemplate\":\"https:\\\/\\\/blogs.uef.fi\\\/21skillsreteachedu\\\/?s={search_term_string}\"},\"query-input\":{\"@type\":\"PropertyValueSpecification\",\"valueRequired\":true,\"valueName\":\"search_term_string\"}}],\"inLanguage\":\"fi\"}]}<\/script>\n<!-- \/ Yoast SEO plugin. -->","yoast_head_json":{"title":"21. VUOSISADAN TAIDOT, MONILUKUTAITO JA KATSOMUSAINEIDEN OPETTAJANKOULUTUKSEN KEHITT\u00c4MINEN - 21.vuosisadan taidot, monilukutaito ja katsomusaineiden opettajankoulutuksen kehitt\u00e4minen","robots":{"index":"index","follow":"follow","max-snippet":"max-snippet:-1","max-image-preview":"max-image-preview:large","max-video-preview":"max-video-preview:-1"},"canonical":"https:\/\/blogs.uef.fi\/21skillsreteachedu\/","og_locale":"fi_FI","og_type":"article","og_title":"21. VUOSISADAN TAIDOT, MONILUKUTAITO JA KATSOMUSAINEIDEN OPETTAJANKOULUTUKSEN KEHITT\u00c4MINEN - 21.vuosisadan taidot, monilukutaito ja katsomusaineiden opettajankoulutuksen kehitt\u00e4minen","og_description":"Opettajankoulutuksen kehitt\u00e4minen on yksi l\u00e4ht\u00f6kohta siihen, ett\u00e4 opettajat pystyv\u00e4t tarjoamaan kouluissa laadukasta opetusta. Opetus- ja kulttuuriministeri\u00f6 jakaa vuosittain avustuksia opettajankoulutuksen kehitt\u00e4mishankkeisiin. T\u00e4n\u00e4 vuonna hanke &#8221;21. vuosisadan taidot, monilukutaito ja katsomusaineiden opettajankoulutuksen kehitt\u00e4minen&#8221; on yksi OKM:n kehitt\u00e4mishankkeista. Katsomusaineiden opettajankoulutuksen pedagogisia opintoja on kehitetty ilmi\u00f6perustaisen tutkivan oppimisen suuntaan. Aineeenopettajan p\u00e4\u00e4aineopintoja on kuitenkin l\u00e4ht\u00f6kohtaisesti suunniteltu palvelemaan enemm\u00e4n substanssiasiantuntijuutta [&hellip;]","og_url":"https:\/\/blogs.uef.fi\/21skillsreteachedu\/","og_site_name":"21.vuosisadan taidot, monilukutaito ja katsomusaineiden opettajankoulutuksen kehitt\u00e4minen","article_modified_time":"2024-01-16T11:49:36+00:00","og_image":[{"url":"https:\/\/blogs.uef.fi\/21skillsreteachedu\/wp-content\/uploads\/sites\/77\/2018\/10\/DSC8492-1-193x300.jpg","type":"","width":"","height":""}],"twitter_card":"summary_large_image","twitter_misc":{"Arvioitu lukuaika":"2 minuuttia"},"schema":{"@context":"https:\/\/schema.org","@graph":[{"@type":"WebPage","@id":"https:\/\/blogs.uef.fi\/21skillsreteachedu\/","url":"https:\/\/blogs.uef.fi\/21skillsreteachedu\/","name":"21. VUOSISADAN TAIDOT, MONILUKUTAITO JA KATSOMUSAINEIDEN OPETTAJANKOULUTUKSEN KEHITT\u00c4MINEN - 21.vuosisadan taidot, monilukutaito ja katsomusaineiden opettajankoulutuksen kehitt\u00e4minen","isPartOf":{"@id":"https:\/\/blogs.uef.fi\/21skillsreteachedu\/#website"},"primaryImageOfPage":{"@id":"https:\/\/blogs.uef.fi\/21skillsreteachedu\/#primaryimage"},"image":{"@id":"https:\/\/blogs.uef.fi\/21skillsreteachedu\/#primaryimage"},"thumbnailUrl":"https:\/\/blogs.uef.fi\/21skillsreteachedu\/wp-content\/uploads\/sites\/77\/2018\/10\/DSC8492-1-193x300.jpg","datePublished":"2018-09-06T04:40:53+00:00","dateModified":"2024-01-16T11:49:36+00:00","breadcrumb":{"@id":"https:\/\/blogs.uef.fi\/21skillsreteachedu\/#breadcrumb"},"inLanguage":"fi","potentialAction":[{"@type":"ReadAction","target":["https:\/\/blogs.uef.fi\/21skillsreteachedu\/"]}]},{"@type":"ImageObject","inLanguage":"fi","@id":"https:\/\/blogs.uef.fi\/21skillsreteachedu\/#primaryimage","url":"https:\/\/blogs.uef.fi\/21skillsreteachedu\/wp-content\/uploads\/sites\/77\/2018\/10\/DSC8492-1.jpg","contentUrl":"https:\/\/blogs.uef.fi\/21skillsreteachedu\/wp-content\/uploads\/sites\/77\/2018\/10\/DSC8492-1.jpg","width":400,"height":623},{"@type":"BreadcrumbList","@id":"https:\/\/blogs.uef.fi\/21skillsreteachedu\/#breadcrumb","itemListElement":[{"@type":"ListItem","position":1,"name":"Home","item":"https:\/\/blogs.uef.fi\/21skillsreteachedu\/"},{"@type":"ListItem","position":2,"name":"21. VUOSISADAN TAIDOT, MONILUKUTAITO JA KATSOMUSAINEIDEN OPETTAJANKOULUTUKSEN KEHITT\u00c4MINEN"}]},{"@type":"WebSite","@id":"https:\/\/blogs.uef.fi\/21skillsreteachedu\/#website","url":"https:\/\/blogs.uef.fi\/21skillsreteachedu\/","name":"21.vuosisadan taidot, monilukutaito ja katsomusaineiden opettajankoulutuksen kehitt\u00e4minen","description":"","potentialAction":[{"@type":"SearchAction","target":{"@type":"EntryPoint","urlTemplate":"https:\/\/blogs.uef.fi\/21skillsreteachedu\/?s={search_term_string}"},"query-input":{"@type":"PropertyValueSpecification","valueRequired":true,"valueName":"search_term_string"}}],"inLanguage":"fi"}]}},"_links":{"self":[{"href":"https:\/\/blogs.uef.fi\/21skillsreteachedu\/wp-json\/wp\/v2\/pages\/3","targetHints":{"allow":["GET"]}}],"collection":[{"href":"https:\/\/blogs.uef.fi\/21skillsreteachedu\/wp-json\/wp\/v2\/pages"}],"about":[{"href":"https:\/\/blogs.uef.fi\/21skillsreteachedu\/wp-json\/wp\/v2\/types\/page"}],"author":[{"embeddable":true,"href":"https:\/\/blogs.uef.fi\/21skillsreteachedu\/wp-json\/wp\/v2\/users\/5"}],"replies":[{"embeddable":true,"href":"https:\/\/blogs.uef.fi\/21skillsreteachedu\/wp-json\/wp\/v2\/comments?post=3"}],"version-history":[{"count":2,"href":"https:\/\/blogs.uef.fi\/21skillsreteachedu\/wp-json\/wp\/v2\/pages\/3\/revisions"}],"predecessor-version":[{"id":808,"href":"https:\/\/blogs.uef.fi\/21skillsreteachedu\/wp-json\/wp\/v2\/pages\/3\/revisions\/808"}],"wp:attachment":[{"href":"https:\/\/blogs.uef.fi\/21skillsreteachedu\/wp-json\/wp\/v2\/media?parent=3"}],"curies":[{"name":"wp","href":"https:\/\/api.w.org\/{rel}","templated":true}]}}